?
Current File : /home/epicuczi/access-logs/kantongsehat.com.epiccomeback.xyz-ssl_log
17.241.227.235 - - [06/Jul/2026:08:19:38 -0400] "GET /robots.txt HTTP/1.1" 200 127 "-" "Mozilla/5.0 (Macintosh; Intel Mac OS X 10_15_7) AppleWebKit/605.1.15 (KHTML, like Gecko) Version/17.4 Safari/605.1.15 (Applebot/0.1; +http://www.apple.com/go/applebot)"
17.241.227.235 - - [06/Jul/2026:08:19:39 -0400] "GET /comments/feed/ HTTP/1.1" 200 448 "-" "Mozilla/5.0 (Macintosh; Intel Mac OS X 10_15_7) AppleWebKit/605.1.15 (KHTML, like Gecko) Version/17.4 Safari/605.1.15 (Applebot/0.1; +http://www.apple.com/go/applebot)"
167.99.0.238 - - [06/Jul/2026:08:20:54 -0400] "GET / HTTP/1.1" 200 26066 "-" "Mozilla/5.0 (X11; Linux x86_64) AppleWebKit/537.36 (KHTML, like Gecko) Chrome/142.0.0.0 Safari/537.36"
167.99.0.238 - - [06/Jul/2026:08:20:57 -0400] "GET /wp-content/uploads/2023/11/icon-rupiahtoto.png HTTP/1.1" 200 677 "https://kantongsehat.com/" "Mozilla/5.0 (X11; Linux x86_64) AppleWebKit/537.36 (KHTML, like Gecko) Chrome/142.0.0.0 Safari/537.36"
66.29.146.209 - - [06/Jul/2026:08:43:45 -0400] "POST /wp-cron.php?doing_wp_cron=1783341825.7092199325561523437500 HTTP/1.1" 200 0 "-" "WordPress/7.0; https://kantongsehat.com"
85.208.96.193 - - [06/Jul/2026:08:43:44 -0400] "GET /robots.txt HTTP/1.1" 200 127 "-" "Mozilla/5.0 (compatible; SemrushBot/7~bl; +http://www.semrush.com/bot.html)"
85.208.96.210 - - [06/Jul/2026:08:43:47 -0400] "GET /tag/prediksi-togel-andorra/ HTTP/1.1" 200 21007 "-" "Mozilla/5.0 (compatible; SemrushBot/7~bl; +http://www.semrush.com/bot.html)"
51.75.236.133 - - [06/Jul/2026:08:48:21 -0400] "GET /tag/dukun-togel/feed/ HTTP/1.1" 304 0 "-" "Mozilla/5.0 (compatible; AhrefsBot/7.0; +http://ahrefs.com/robot/)"
216.244.66.243 - - [06/Jul/2026:08:51:33 -0400] "GET /robots.txt HTTP/1.1" 200 174 "-" "Mozilla/5.0 (compatible; DotBot/1.2; +https://opensiteexplorer.org/dotbot; help@moz.com)"
185.191.171.15 - - [06/Jul/2026:08:55:11 -0400] "GET /tag/prediksi-jitu-mujarab-singapore-2022/ HTTP/1.1" 200 20029 "-" "Mozilla/5.0 (compatible; SemrushBot/7~bl; +http://www.semrush.com/bot.html)"
216.244.66.243 - - [06/Jul/2026:09:00:54 -0400] "GET /tag/amanah/ HTTP/1.1" 200 164467 "-" "Mozilla/5.0 (compatible; DotBot/1.2; +https://opensiteexplorer.org/dotbot; help@moz.com)"
106.52.49.148 - - [06/Jul/2026:09:01:08 -0400] "GET / HTTP/1.1" 200 26066 "http://kantongsehat.com" "Mozilla/5.0 (iPhone; CPU iPhone OS 13_2_3 like Mac OS X) AppleWebKit/605.1.15 (KHTML, like Gecko) Version/13.0.3 Mobile/15E148 Safari/604.1"
176.31.139.31 - - [06/Jul/2026:09:08:21 -0400] "GET /tag/angka-bocoran-colok-jitu-singapore/feed/ HTTP/1.1" 304 0 "-" "Mozilla/5.0 (compatible; AhrefsBot/7.0; +http://ahrefs.com/robot/)"
104.244.79.40 - admin [06/Jul/2026:09:09:00 -0400] "GET /wp-json/wp/v2/users/me HTTP/1.1" 401 96 "-" "Mozilla/5.0 (Windows NT 10.0) AppleWebKit/537.36 (KHTML, like Gecko) Chrome/133.0.0.0 Safari/537.36"
85.208.96.193 - - [06/Jul/2026:09:11:06 -0400] "GET /tag/situs-toto-online-terpercaya-2022/ HTTP/1.1" 200 24673 "-" "Mozilla/5.0 (compatible; SemrushBot/7~bl; +http://www.semrush.com/bot.html)"
85.208.96.201 - - [06/Jul/2026:09:19:33 -0400] "GET /tag/situs-toto-online-terpercaya-2022/page/4/ HTTP/1.1" 200 24679 "-" "Mozilla/5.0 (compatible; SemrushBot/7~bl; +http://www.semrush.com/bot.html)"
66.29.146.209 - - [06/Jul/2026:09:25:05 -0400] "POST /wp-cron.php?doing_wp_cron=1783344305.3847260475158691406250 HTTP/1.1" 200 0 "-" "WordPress/7.0; https://kantongsehat.com"
185.191.171.13 - - [06/Jul/2026:09:25:04 -0400] "GET /tag/angka-togel-andorra-pasti-tembus-besok/ HTTP/1.1" 200 20955 "-" "Mozilla/5.0 (compatible; SemrushBot/7~bl; +http://www.semrush.com/bot.html)"
185.191.171.14 - - [06/Jul/2026:09:35:31 -0400] "GET /tag/master-prediksi-taiwan-malam-ini/ HTTP/1.1" 200 19656 "-" "Mozilla/5.0 (compatible; SemrushBot/7~bl; +http://www.semrush.com/bot.html)"
185.191.171.8 - - [06/Jul/2026:09:39:51 -0400] "GET /tag/situs-prediksi-togel-carolina-day/ HTTP/1.1" 200 21106 "-" "Mozilla/5.0 (compatible; SemrushBot/7~bl; +http://www.semrush.com/bot.html)"
216.244.66.243 - - [06/Jul/2026:09:41:15 -0400] "GET /robots.txt HTTP/1.1" 200 174 "-" "Mozilla/5.0 (compatible; DotBot/1.2; +https://opensiteexplorer.org/dotbot; help@moz.com)"
85.208.96.206 - - [06/Jul/2026:09:43:54 -0400] "GET /robots.txt HTTP/1.1" 200 127 "-" "Mozilla/5.0 (compatible; SemrushBot/7~bl; +http://www.semrush.com/bot.html)"
185.191.171.17 - - [06/Jul/2026:09:43:55 -0400] "GET /tag/prediksi-togel-carolina-day/ HTTP/1.1" 200 21077 "-" "Mozilla/5.0 (compatible; SemrushBot/7~bl; +http://www.semrush.com/bot.html)"
216.244.66.243 - - [06/Jul/2026:09:49:45 -0400] "GET /tag/perhitungan-hadiah-togel/ HTTP/1.1" 200 163194 "-" "Mozilla/5.0 (compatible; DotBot/1.2; +https://opensiteexplorer.org/dotbot; help@moz.com)"
216.244.66.243 - - [06/Jul/2026:09:53:46 -0400] "GET /tag/angka-bocoran-togel-carolina-day/ HTTP/1.1" 200 138026 "-" "Mozilla/5.0 (compatible; DotBot/1.2; +https://opensiteexplorer.org/dotbot; help@moz.com)"
216.244.66.243 - - [06/Jul/2026:09:53:54 -0400] "GET /tag/angka-prediksi-colok-naga-toto-macau/ HTTP/1.1" 200 137487 "-" "Mozilla/5.0 (compatible; DotBot/1.2; +https://opensiteexplorer.org/dotbot; help@moz.com)"
216.244.66.243 - - [06/Jul/2026:09:53:58 -0400] "GET /tag/angka-prediksi-togel-andorra-2021/ HTTP/1.1" 200 136064 "-" "Mozilla/5.0 (compatible; DotBot/1.2; +https://opensiteexplorer.org/dotbot; help@moz.com)"
216.244.66.243 - - [06/Jul/2026:09:54:03 -0400] "GET /tag/angka-prediksi-togel-dubai-2022/ HTTP/1.1" 200 135826 "-" "Mozilla/5.0 (compatible; DotBot/1.2; +https://opensiteexplorer.org/dotbot; help@moz.com)"
216.244.66.243 - - [06/Jul/2026:09:54:06 -0400] "GET /tag/prediksi-angka-andorra-hari-ini/ HTTP/1.1" 200 136026 "-" "Mozilla/5.0 (compatible; DotBot/1.2; +https://opensiteexplorer.org/dotbot; help@moz.com)"
216.244.66.243 - - [06/Jul/2026:09:54:09 -0400] "GET /tag/prediksi-togel-online-brunei/ HTTP/1.1" 200 135632 "-" "Mozilla/5.0 (compatible; DotBot/1.2; +https://opensiteexplorer.org/dotbot; help@moz.com)"
216.244.66.243 - - [06/Jul/2026:09:54:22 -0400] "GET /tag/prediksi-sydney-2d-jitu-malam-ini/ HTTP/1.1" 200 121228 "-" "Mozilla/5.0 (compatible; DotBot/1.2; +https://opensiteexplorer.org/dotbot; help@moz.com)"
216.244.66.243 - - [06/Jul/2026:09:55:23 -0400] "GET /tag/angka-prediksi-colok-jitu/page/2/ HTTP/1.1" 200 164135 "-" "Mozilla/5.0 (compatible; DotBot/1.2; +https://opensiteexplorer.org/dotbot; help@moz.com)"
216.244.66.243 - - [06/Jul/2026:09:55:52 -0400] "GET /tag/prediksi-jitu-mujarab-2022/feed/ HTTP/1.1" 200 140199 "-" "Mozilla/5.0 (compatible; DotBot/1.2; +https://opensiteexplorer.org/dotbot; help@moz.com)"
85.208.96.200 - - [06/Jul/2026:09:59:54 -0400] "GET /tag/prediksi-jitu-amanah-2021/page/2/ HTTP/1.1" 200 21175 "-" "Mozilla/5.0 (compatible; SemrushBot/7~bl; +http://www.semrush.com/bot.html)"
185.191.171.10 - - [06/Jul/2026:10:05:44 -0400] "GET /hitungan-angka-prediksi-togel-california-senin-04-desember-2023/ HTTP/1.1" 200 22673 "-" "Mozilla/5.0 (compatible; SemrushBot/7~bl; +http://www.semrush.com/bot.html)"
43.134.15.174 - - [06/Jul/2026:10:14:18 -0400] "GET / HTTP/1.1" 200 26066 "http://kantongsehat.com" "Mozilla/5.0 (iPhone; CPU iPhone OS 13_2_3 like Mac OS X) AppleWebKit/605.1.15 (KHTML, like Gecko) Version/13.0.3 Mobile/15E148 Safari/604.1"
66.29.146.209 - - [06/Jul/2026:10:28:54 -0400] "POST /wp-cron.php?doing_wp_cron=1783348134.6394639015197753906250 HTTP/1.1" 200 0 "-" "WordPress/7.0; https://kantongsehat.com"
85.208.96.203 - - [06/Jul/2026:10:28:53 -0400] "GET /tag/situs-togel-terbesar/page/4/ HTTP/1.1" 200 24614 "-" "Mozilla/5.0 (compatible; SemrushBot/7~bl; +http://www.semrush.com/bot.html)"
216.244.66.243 - - [06/Jul/2026:10:30:50 -0400] "GET /robots.txt HTTP/1.1" 200 174 "-" "Mozilla/5.0 (compatible; DotBot/1.2; +https://opensiteexplorer.org/dotbot; help@moz.com)"
216.244.66.243 - - [06/Jul/2026:10:39:40 -0400] "GET /tag/prediksi-jitu-amanah-2023/ HTTP/1.1" 200 159182 "-" "Mozilla/5.0 (compatible; DotBot/1.2; +https://opensiteexplorer.org/dotbot; help@moz.com)"
216.244.66.243 - - [06/Jul/2026:10:41:55 -0400] "GET /tag/angka-bocoran-colok-naga-china/ HTTP/1.1" 200 134680 "-" "Mozilla/5.0 (compatible; DotBot/1.2; +https://opensiteexplorer.org/dotbot; help@moz.com)"
216.244.66.243 - - [06/Jul/2026:10:42:19 -0400] "GET /tag/angka-prediksi-togel-brunei-2022/ HTTP/1.1" 200 135708 "-" "Mozilla/5.0 (compatible; DotBot/1.2; +https://opensiteexplorer.org/dotbot; help@moz.com)"
216.244.66.243 - - [06/Jul/2026:10:42:23 -0400] "GET /tag/angka-prediksi-togel-india-2023/ HTTP/1.1" 200 126291 "-" "Mozilla/5.0 (compatible; DotBot/1.2; +https://opensiteexplorer.org/dotbot; help@moz.com)"
216.244.66.243 - - [06/Jul/2026:10:42:26 -0400] "GET /tag/prediktor-togel-andorra-jitu/ HTTP/1.1" 200 135969 "-" "Mozilla/5.0 (compatible; DotBot/1.2; +https://opensiteexplorer.org/dotbot; help@moz.com)"
216.244.66.243 - - [06/Jul/2026:10:42:40 -0400] "GET /tag/angka-prediksi-colok-bebas-2d/page/4/ HTTP/1.1" 200 164424 "-" "Mozilla/5.0 (compatible; DotBot/1.2; +https://opensiteexplorer.org/dotbot; help@moz.com)"
51.75.236.152 - - [06/Jul/2026:10:43:37 -0400] "GET /tag/angka-bocoran-colok-naga-andorra/feed/ HTTP/1.1" 304 0 "-" "Mozilla/5.0 (compatible; AhrefsBot/7.0; +http://ahrefs.com/robot/)"
216.244.66.243 - - [06/Jul/2026:10:43:38 -0400] "GET /tag/angka-prediksi-togel-taiwan/ HTTP/1.1" 200 108228 "-" "Mozilla/5.0 (compatible; DotBot/1.2; +https://opensiteexplorer.org/dotbot; help@moz.com)"
216.244.66.243 - - [06/Jul/2026:10:43:40 -0400] "GET /tag/racikan-angka-terbaik-2022/page/2/ HTTP/1.1" 200 163989 "-" "Mozilla/5.0 (compatible; DotBot/1.2; +https://opensiteexplorer.org/dotbot; help@moz.com)"
216.244.66.243 - - [06/Jul/2026:10:43:43 -0400] "GET /tag/situs-toto-online-terpercaya-2022/page/3/ HTTP/1.1" 200 165365 "-" "Mozilla/5.0 (compatible; DotBot/1.2; +https://opensiteexplorer.org/dotbot; help@moz.com)"
185.191.171.11 - - [06/Jul/2026:11:05:19 -0400] "GET /robots.txt HTTP/1.1" 200 127 "-" "Mozilla/5.0 (compatible; SemrushBot/7~bl; +http://www.semrush.com/bot.html)"
85.208.96.198 - - [06/Jul/2026:11:05:21 -0400] "GET /tag/angka-prediksi-togel-hongkong-2022/ HTTP/1.1" 200 20959 "-" "Mozilla/5.0 (compatible; SemrushBot/7~bl; +http://www.semrush.com/bot.html)"
43.130.57.76 - - [06/Jul/2026:11:08:20 -0400] "GET / HTTP/1.1" 301 0 "http://www.kantongsehat.com" "Mozilla/5.0 (iPhone; CPU iPhone OS 13_2_3 like Mac OS X) AppleWebKit/605.1.15 (KHTML, like Gecko) Version/13.0.3 Mobile/15E148 Safari/604.1"
43.130.57.76 - - [06/Jul/2026:11:08:21 -0400] "GET / HTTP/1.1" 200 26066 "https://www.kantongsehat.com/" "Mozilla/5.0 (iPhone; CPU iPhone OS 13_2_3 like Mac OS X) AppleWebKit/605.1.15 (KHTML, like Gecko) Version/13.0.3 Mobile/15E148 Safari/604.1"
85.208.96.207 - - [06/Jul/2026:11:10:22 -0400] "GET /tag/prediktor-togel-andorra-jitu/ HTTP/1.1" 200 20881 "-" "Mozilla/5.0 (compatible; SemrushBot/7~bl; +http://www.semrush.com/bot.html)"
4.236.158.50 - - [06/Jul/2026:11:11:39 -0400] "GET /wp/wp-login.php HTTP/1.1" 404 16475 "-" "Mozilla/5.0 (Windows NT 10.0; Win64; x64) AppleWebKit/537.36 (KHTML, like Gecko) Chrome/120.0.0.0 Safari/537.36 Edg/120.0.0.0"
4.236.158.50 - - [06/Jul/2026:11:11:39 -0400] "POST /wp/wp-login.php HTTP/1.1" 404 16469 "https://kantongsehat.com/wp/wp-login.php" "Mozilla/5.0 (Macintosh; Intel Mac OS X 10_15_7) AppleWebKit/605.1.15 (KHTML, like Gecko) Version/17.1 Safari/605.1.15"
216.244.66.243 - - [06/Jul/2026:11:19:52 -0400] "GET /robots.txt HTTP/1.1" 200 174 "-" "Mozilla/5.0 (compatible; DotBot/1.2; +https://opensiteexplorer.org/dotbot; help@moz.com)"
66.29.146.209 - - [06/Jul/2026:11:23:23 -0400] "POST /wp-cron.php?doing_wp_cron=1783351403.5006771087646484375000 HTTP/1.1" 200 0 "-" "WordPress/7.0; https://kantongsehat.com"
85.208.96.196 - - [06/Jul/2026:11:23:22 -0400] "GET /hitungan-angka-prediksi-togel-cambodia-jumat-08-desember-2023/ HTTP/1.1" 200 22628 "-" "Mozilla/5.0 (compatible; SemrushBot/7~bl; +http://www.semrush.com/bot.html)"
216.244.66.243 - - [06/Jul/2026:11:28:10 -0400] "GET /tag/perhitungan-togel-4-angka/ HTTP/1.1" 200 163219 "-" "Mozilla/5.0 (compatible; DotBot/1.2; +https://opensiteexplorer.org/dotbot; help@moz.com)"
185.191.171.5 - - [06/Jul/2026:11:31:57 -0400] "GET /tag/situs-prediksi-togel-amanah/page/2/ HTTP/1.1" 200 24521 "-" "Mozilla/5.0 (compatible; SemrushBot/7~bl; +http://www.semrush.com/bot.html)"
216.244.66.243 - - [06/Jul/2026:11:31:59 -0400] "GET /tag/angka-prediksi-colok-jitu-california/ HTTP/1.1" 200 133904 "-" "Mozilla/5.0 (compatible; DotBot/1.2; +https://opensiteexplorer.org/dotbot; help@moz.com)"
216.244.66.243 - - [06/Jul/2026:11:32:05 -0400] "GET /tag/prediksi-togel-online-dubai/ HTTP/1.1" 200 135750 "-" "Mozilla/5.0 (compatible; DotBot/1.2; +https://opensiteexplorer.org/dotbot; help@moz.com)"
216.244.66.243 - - [06/Jul/2026:11:32:12 -0400] "GET /tag/prediksi-toto-macau-akurat/ HTTP/1.1" 200 137297 "-" "Mozilla/5.0 (compatible; DotBot/1.2; +https://opensiteexplorer.org/dotbot; help@moz.com)"
216.244.66.243 - - [06/Jul/2026:11:32:36 -0400] "GET /tag/daftar-agen-togel-terpercaya-bonus-melimpah/page/8/ HTTP/1.1" 200 163759 "-" "Mozilla/5.0 (compatible; DotBot/1.2; +https://opensiteexplorer.org/dotbot; help@moz.com)"
216.244.66.243 - - [06/Jul/2026:11:33:39 -0400] "GET /tag/prediksi-jitu-amanah-taiwan-2022/ HTTP/1.1" 200 108323 "-" "Mozilla/5.0 (compatible; DotBot/1.2; +https://opensiteexplorer.org/dotbot; help@moz.com)"
37.59.204.145 - - [06/Jul/2026:11:36:44 -0400] "GET /tag/keluaran-dubai-malam-ini-live-tercepat/feed/ HTTP/1.1" 304 0 "-" "Mozilla/5.0 (compatible; AhrefsBot/7.0; +http://ahrefs.com/robot/)"
85.208.96.205 - - [06/Jul/2026:12:02:12 -0400] "GET /tag/angka-bocoran-togel-jaipur/ HTTP/1.1" 200 20300 "-" "Mozilla/5.0 (compatible; SemrushBot/7~bl; +http://www.semrush.com/bot.html)"
54.37.118.71 - - [06/Jul/2026:12:04:28 -0400] "GET /hitungan-angka-prediksi-togel-jaipur-kamis-07-desember-2023/ HTTP/1.1" 200 21194 "-" "Mozilla/5.0 (compatible; AhrefsBot/7.0; +http://ahrefs.com/robot/)"
216.244.66.243 - - [06/Jul/2026:12:09:38 -0400] "GET /robots.txt HTTP/1.1" 200 174 "-" "Mozilla/5.0 (compatible; DotBot/1.2; +https://opensiteexplorer.org/dotbot; help@moz.com)"
216.244.66.243 - - [06/Jul/2026:12:18:47 -0400] "GET /hitungan-angka-prediksi-togel-hongkong-sabtu-02-desember-2023/ HTTP/1.1" 200 134372 "-" "Mozilla/5.0 (compatible; DotBot/1.2; +https://opensiteexplorer.org/dotbot; help@moz.com)"
216.244.66.243 - - [06/Jul/2026:12:18:53 -0400] "GET /tag/prediksi-jitu-amanah-2022/ HTTP/1.1" 200 164554 "-" "Mozilla/5.0 (compatible; DotBot/1.2; +https://opensiteexplorer.org/dotbot; help@moz.com)"
216.244.66.243 - - [06/Jul/2026:12:20:18 -0400] "GET /tag/prediksi-jitu-mujarab-2021/ HTTP/1.1" 200 165377 "-" "Mozilla/5.0 (compatible; DotBot/1.2; +https://opensiteexplorer.org/dotbot; help@moz.com)"
66.29.146.209 - - [06/Jul/2026:12:21:36 -0400] "POST /wp-cron.php?doing_wp_cron=1783354896.9313600063323974609375 HTTP/1.1" 200 0 "-" "WordPress/7.0; https://kantongsehat.com"
216.244.66.243 - - [06/Jul/2026:12:21:36 -0400] "GET /tag/angka-bocoran-china-terlengkap-amanah/ HTTP/1.1" 200 134813 "-" "Mozilla/5.0 (compatible; DotBot/1.2; +https://opensiteexplorer.org/dotbot; help@moz.com)"
216.244.66.243 - - [06/Jul/2026:12:21:40 -0400] "GET /tag/angka-prediksi-togel-china/ HTTP/1.1" 200 134604 "-" "Mozilla/5.0 (compatible; DotBot/1.2; +https://opensiteexplorer.org/dotbot; help@moz.com)"
216.244.66.243 - - [06/Jul/2026:12:21:58 -0400] "GET /author/admin/page/4/ HTTP/1.1" 200 164424 "-" "Mozilla/5.0 (compatible; DotBot/1.2; +https://opensiteexplorer.org/dotbot; help@moz.com)"
216.244.66.243 - - [06/Jul/2026:12:22:01 -0400] "GET /tag/angka-bocoran-2d-andorra/ HTTP/1.1" 200 135893 "-" "Mozilla/5.0 (compatible; DotBot/1.2; +https://opensiteexplorer.org/dotbot; help@moz.com)"
216.244.66.243 - - [06/Jul/2026:12:22:03 -0400] "GET /tag/angka-bocoran-4d-california/ HTTP/1.1" 200 133733 "-" "Mozilla/5.0 (compatible; DotBot/1.2; +https://opensiteexplorer.org/dotbot; help@moz.com)"
216.244.66.243 - - [06/Jul/2026:12:22:06 -0400] "GET /tag/angka-bocoran-colok-bebas-2d-jaipur/ HTTP/1.1" 200 126460 "-" "Mozilla/5.0 (compatible; DotBot/1.2; +https://opensiteexplorer.org/dotbot; help@moz.com)"
216.244.66.243 - - [06/Jul/2026:12:22:10 -0400] "GET /tag/angka-prediksi-colok-bebas-2d-dubai/ HTTP/1.1" 200 135902 "-" "Mozilla/5.0 (compatible; DotBot/1.2; +https://opensiteexplorer.org/dotbot; help@moz.com)"
216.244.66.243 - - [06/Jul/2026:12:22:14 -0400] "GET /tag/cara-dapat-angka-togel-jitu-jaipur/ HTTP/1.1" 200 126441 "-" "Mozilla/5.0 (compatible; DotBot/1.2; +https://opensiteexplorer.org/dotbot; help@moz.com)"
216.244.66.243 - - [06/Jul/2026:12:22:18 -0400] "GET /tag/prediktor-togel-dubai-jitu/ HTTP/1.1" 200 135731 "-" "Mozilla/5.0 (compatible; DotBot/1.2; +https://opensiteexplorer.org/dotbot; help@moz.com)"
216.244.66.243 - - [06/Jul/2026:12:22:28 -0400] "GET /tag/angka-prediksi-colok-naga/page/8/ HTTP/1.1" 200 163291 "-" "Mozilla/5.0 (compatible; DotBot/1.2; +https://opensiteexplorer.org/dotbot; help@moz.com)"
216.244.66.243 - - [06/Jul/2026:12:23:35 -0400] "GET /tag/angka-bocoran-colok-bebas-taiwan/ HTTP/1.1" 200 108323 "-" "Mozilla/5.0 (compatible; DotBot/1.2; +https://opensiteexplorer.org/dotbot; help@moz.com)"
216.244.66.243 - - [06/Jul/2026:12:23:38 -0400] "GET /tag/angka-bocoran-colok-bebas-thailand/ HTTP/1.1" 200 107727 "-" "Mozilla/5.0 (compatible; DotBot/1.2; +https://opensiteexplorer.org/dotbot; help@moz.com)"
85.208.96.195 - - [06/Jul/2026:12:25:49 -0400] "GET /robots.txt HTTP/1.1" 200 127 "-" "Mozilla/5.0 (compatible; SemrushBot/7~bl; +http://www.semrush.com/bot.html)"
85.208.96.202 - - [06/Jul/2026:12:25:50 -0400] "GET /tag/angka-prediksi-terlengkap-amanah/page/5/ HTTP/1.1" 200 24630 "-" "Mozilla/5.0 (compatible; SemrushBot/7~bl; +http://www.semrush.com/bot.html)"
94.23.188.195 - - [06/Jul/2026:12:30:39 -0400] "GET /hitungan-angka-prediksi-togel-cambodia-rabu-06-desember-2023/ HTTP/1.1" 200 21739 "-" "Mozilla/5.0 (compatible; AhrefsBot/7.0; +http://ahrefs.com/robot/)"
103.221.220.62 - - [06/Jul/2026:12:31:02 -0400] "GET /backend/.env HTTP/1.1" 403 1242 "-" "Mozilla/5.0 (Macintosh; Intel Mac OS X 10_15_7) AppleWebKit/537.36 (KHTML, like Gecko) Chrome/91.0.4472.124 Safari/537.36"
103.221.220.62 - - [06/Jul/2026:12:31:02 -0400] "GET /api/.env HTTP/1.1" 403 1242 "-" "Mozilla/5.0 (Macintosh; Intel Mac OS X 10_15_7) AppleWebKit/537.36 (KHTML, like Gecko) Chrome/91.0.4472.124 Safari/537.36"
103.221.220.62 - - [06/Jul/2026:12:31:02 -0400] "GET /core/.env HTTP/1.1" 403 1242 "-" "Mozilla/5.0 (Macintosh; Intel Mac OS X 10_15_7) AppleWebKit/537.36 (KHTML, like Gecko) Chrome/91.0.4472.124 Safari/537.36"
103.221.220.62 - - [06/Jul/2026:12:31:02 -0400] "GET /member/.env HTTP/1.1" 403 1242 "-" "Mozilla/5.0 (Macintosh; Intel Mac OS X 10_15_7) AppleWebKit/537.36 (KHTML, like Gecko) Chrome/91.0.4472.124 Safari/537.36"
103.221.220.62 - - [06/Jul/2026:12:31:02 -0400] "GET /app/.env HTTP/1.1" 403 1242 "-" "Mozilla/5.0 (Macintosh; Intel Mac OS X 10_15_7) AppleWebKit/537.36 (KHTML, like Gecko) Chrome/91.0.4472.124 Safari/537.36"
103.221.220.62 - - [06/Jul/2026:12:31:02 -0400] "GET /admin/.env HTTP/1.1" 403 1242 "-" "Mozilla/5.0 (Macintosh; Intel Mac OS X 10_15_7) AppleWebKit/537.36 (KHTML, like Gecko) Chrome/91.0.4472.124 Safari/537.36"
103.221.220.62 - - [06/Jul/2026:12:31:02 -0400] "GET /new/.env HTTP/1.1" 403 1242 "-" "Mozilla/5.0 (Macintosh; Intel Mac OS X 10_15_7) AppleWebKit/537.36 (KHTML, like Gecko) Chrome/91.0.4472.124 Safari/537.36"
103.221.220.62 - - [06/Jul/2026:12:31:02 -0400] "GET /.env HTTP/1.1" 403 1242 "-" "Mozilla/5.0 (Macintosh; Intel Mac OS X 10_15_7) AppleWebKit/537.36 (KHTML, like Gecko) Chrome/91.0.4472.124 Safari/537.36"
103.221.220.62 - - [06/Jul/2026:12:31:03 -0400] "GET /bank/.env HTTP/1.1" 403 1242 "-" "Mozilla/5.0 (Macintosh; Intel Mac OS X 10_15_7) AppleWebKit/537.36 (KHTML, like Gecko) Chrome/91.0.4472.124 Safari/537.36"
51.75.236.154 - - [06/Jul/2026:12:31:12 -0400] "GET /wp-content/uploads/2023/11/rupiahtoto-gacor.gif HTTP/1.1" 200 1536138 "-" "Mozilla/5.0 (compatible; AhrefsBot/7.0; +http://ahrefs.com/robot/)"
94.23.188.223 - - [06/Jul/2026:12:31:15 -0400] "GET /wp-content/uploads/2023/11/prediksi-california-300x176.png HTTP/1.1" 200 39492 "-" "Mozilla/5.0 (compatible; AhrefsBot/7.0; +http://ahrefs.com/robot/)"
85.208.96.197 - - [06/Jul/2026:12:34:58 -0400] "GET /tag/angka-prediksi-terbaik/page/2/ HTTP/1.1" 200 24893 "-" "Mozilla/5.0 (compatible; SemrushBot/7~bl; +http://www.semrush.com/bot.html)"
185.191.171.18 - - [06/Jul/2026:12:56:10 -0400] "GET /tag/angka-prediksi-terbaik/page/7/ HTTP/1.1" 200 24547 "-" "Mozilla/5.0 (compatible; SemrushBot/7~bl; +http://www.semrush.com/bot.html)"
216.244.66.243 - - [06/Jul/2026:13:01:29 -0400] "GET /robots.txt HTTP/1.1" 200 174 "-" "Mozilla/5.0 (compatible; DotBot/1.2; +https://opensiteexplorer.org/dotbot; help@moz.com)"
216.244.66.243 - - [06/Jul/2026:13:09:47 -0400] "GET /tag/sumber-prediksi-amanah-pasaran-terlengkap/ HTTP/1.1" 200 165283 "-" "Mozilla/5.0 (compatible; DotBot/1.2; +https://opensiteexplorer.org/dotbot; help@moz.com)"
216.244.66.243 - - [06/Jul/2026:13:12:45 -0400] "GET /tag/angka-bocoran-2d-jaipur/ HTTP/1.1" 200 126232 "-" "Mozilla/5.0 (compatible; DotBot/1.2; +https://opensiteexplorer.org/dotbot; help@moz.com)"
185.191.171.2 - - [06/Jul/2026:13:18:57 -0400] "GET /tag/angka-prediksi-colok-bebas-2d-vegas/ HTTP/1.1" 200 19704 "-" "Mozilla/5.0 (compatible; SemrushBot/7~bl; +http://www.semrush.com/bot.html)"
66.29.146.209 - - [06/Jul/2026:13:31:04 -0400] "POST /wp-cron.php?doing_wp_cron=1783359064.7441959381103515625000 HTTP/1.1" 200 0 "-" "WordPress/7.0; https://kantongsehat.com"
64.89.161.160 - - [06/Jul/2026:13:31:03 -0400] "GET /admin/plugins/elfinder/php/connector.php HTTP/1.1" 404 88222 "-" "ALittle Client"
216.244.66.243 - - [06/Jul/2026:13:49:14 -0400] "GET /robots.txt HTTP/1.1" 200 174 "-" "Mozilla/5.0 (compatible; DotBot/1.2; +https://opensiteexplorer.org/dotbot; help@moz.com)"
185.191.171.6 - - [06/Jul/2026:13:51:49 -0400] "GET /robots.txt HTTP/1.1" 200 127 "-" "Mozilla/5.0 (compatible; SemrushBot/7~bl; +http://www.semrush.com/bot.html)"
85.208.96.204 - - [06/Jul/2026:13:51:50 -0400] "GET /tag/prediksi-jaipur-hari-ini-2023/ HTTP/1.1" 200 20239 "-" "Mozilla/5.0 (compatible; SemrushBot/7~bl; +http://www.semrush.com/bot.html)"
216.244.66.243 - - [06/Jul/2026:13:56:55 -0400] "GET /tag/angka-togel-pasti-tembus-hari-ini/ HTTP/1.1" 200 163419 "-" "Mozilla/5.0 (compatible; DotBot/1.2; +https://opensiteexplorer.org/dotbot; help@moz.com)"
216.244.66.243 - - [06/Jul/2026:14:00:06 -0400] "GET /tag/angka-bocoran-colok-bebas-2d-hongkong/ HTTP/1.1" 200 136675 "-" "Mozilla/5.0 (compatible; DotBot/1.2; +https://opensiteexplorer.org/dotbot; help@moz.com)"
85.208.96.196 - - [06/Jul/2026:14:00:12 -0400] "GET /tag/prediksi-singapore-akurat/ HTTP/1.1" 200 20024 "-" "Mozilla/5.0 (compatible; SemrushBot/7~bl; +http://www.semrush.com/bot.html)"
216.244.66.243 - - [06/Jul/2026:14:00:13 -0400] "GET /tag/angka-togel-jaipur-pasti-tembus-besok/ HTTP/1.1" 200 126498 "-" "Mozilla/5.0 (compatible; DotBot/1.2; +https://opensiteexplorer.org/dotbot; help@moz.com)"
216.244.66.243 - - [06/Jul/2026:14:00:19 -0400] "GET /tag/cara-menang-togel-toto-macau/ HTTP/1.1" 200 137335 "-" "Mozilla/5.0 (compatible; DotBot/1.2; +https://opensiteexplorer.org/dotbot; help@moz.com)"
216.244.66.243 - - [06/Jul/2026:14:01:27 -0400] "GET /tag/angka-bocoran-2d-morocco/ HTTP/1.1" 200 107437 "-" "Mozilla/5.0 (compatible; DotBot/1.2; +https://opensiteexplorer.org/dotbot; help@moz.com)"
216.244.66.243 - - [06/Jul/2026:14:01:31 -0400] "GET /tag/angka-bocoran-togel-taiwan/ HTTP/1.1" 200 108209 "-" "Mozilla/5.0 (compatible; DotBot/1.2; +https://opensiteexplorer.org/dotbot; help@moz.com)"
216.244.66.243 - - [06/Jul/2026:14:01:34 -0400] "GET /tag/angka-prediksi-togel-taiwan-2022/ HTTP/1.1" 200 108323 "-" "Mozilla/5.0 (compatible; DotBot/1.2; +https://opensiteexplorer.org/dotbot; help@moz.com)"
185.191.171.6 - - [06/Jul/2026:14:04:36 -0400] "GET /tag/angka-prediksi-colok-bebas-2d-brunei/ HTTP/1.1" 200 21016 "-" "Mozilla/5.0 (compatible; SemrushBot/7~bl; +http://www.semrush.com/bot.html)"
85.208.96.198 - - [06/Jul/2026:14:12:56 -0400] "GET /tag/angka-bocoran-togel-amanah/page/7/ HTTP/1.1" 200 24617 "-" "Mozilla/5.0 (compatible; SemrushBot/7~bl; +http://www.semrush.com/bot.html)"
66.29.146.209 - - [06/Jul/2026:14:23:15 -0400] "POST /wp-cron.php?doing_wp_cron=1783362195.4126319885253906250000 HTTP/1.1" 200 0 "-" "WordPress/7.0; https://kantongsehat.com"
85.208.96.212 - - [06/Jul/2026:14:23:13 -0400] "GET /tag/cara-dapat-angka-togel-jitu/page/5/ HTTP/1.1" 200 24397 "-" "Mozilla/5.0 (compatible; SemrushBot/7~bl; +http://www.semrush.com/bot.html)"
43.159.35.188 - - [06/Jul/2026:14:34:18 -0400] "GET / HTTP/1.1" 200 26066 "http://kantongsehat.com" "Mozilla/5.0 (iPhone; CPU iPhone OS 13_2_3 like Mac OS X) AppleWebKit/605.1.15 (KHTML, like Gecko) Version/13.0.3 Mobile/15E148 Safari/604.1"
216.244.66.243 - - [06/Jul/2026:14:37:59 -0400] "GET /robots.txt HTTP/1.1" 200 174 "-" "Mozilla/5.0 (compatible; DotBot/1.2; +https://opensiteexplorer.org/dotbot; help@moz.com)"
2.58.56.173 - - [06/Jul/2026:14:47:31 -0400] "GET /wp-content/themes/seotheme/db.php?u HTTP/1.1" 404 88222 "www.google.com" "Mozlila/5.0 (Linux; Android 7.0; SM-G892A Bulid/NRD90M; wv) AppleWebKit/537.36 (KHTML, like Gecko) Version/4.0 Chrome/60.0.3112.107 Moblie Safari/537.36"
2.58.56.173 - - [06/Jul/2026:14:47:31 -0400] "GET /wp-content/plugins/fix/up.php HTTP/1.1" 404 88222 "-" "Mozilla/5.0 (Windows NT 10.0; Win64; x64) AppleWebKit/537.36 (KHTML, like Gecko) Chrome/85.0.4183.102 Safari/537.36"
2.58.56.173 - - [06/Jul/2026:14:47:31 -0400] "POST /wp-plain.php HTTP/1.1" 404 88222 "www.google.com" "Mozilla/5.0 (Linux; Android 7.0; SM-G892A Bulid/NRD90M; wv) AppleWebKit/537.36 (KHTML, like Gecko) Version/4.0 Chrome/60.0.3112.107 Moblie Safari/537.36"
2.58.56.173 - - [06/Jul/2026:14:47:31 -0400] "GET / HTTP/1.1" 200 210148 "-" "Mozlila/5.0 (Linux; Android 7.0; SM-G892A Bulid/NRD90M; wv) AppleWebKit/537.36 (KHTML, like Gecko) Version/4.0 Chrome/60.0.3112.107 Moblie Safari/537.36"
2.58.56.173 - - [06/Jul/2026:14:47:33 -0400] "GET /wp-content/themes/seotheme/db.php?u HTTP/1.1" 404 88222 "www.google.com" "Mozlila/5.0 (Linux; Android 7.0; SM-G892A Bulid/NRD90M; wv) AppleWebKit/537.36 (KHTML, like Gecko) Version/4.0 Chrome/60.0.3112.107 Moblie Safari/537.36"
2.58.56.173 - - [06/Jul/2026:14:47:33 -0400] "GET /xkhswpsp.php?Fox=d3wL7 HTTP/1.1" 404 88222 "www.google.com" "Mozilla/5.0 (Linux; Android 7.0; SM-G892A Bulid/NRD90M; wv) AppleWebKit/537.36 (KHTML, like Gecko) Version/4.0 Chrome/60.0.3112.107 Moblie Safari/537.36"
2.58.56.173 - - [06/Jul/2026:14:47:33 -0400] "GET /wp-content/plugins/apikey/apikey.php?test=hello HTTP/1.1" 404 88222 "-" "Mozlila/5.0 (Linux; Android 7.0; SM-G892A Bulid/NRD90M; wv) AppleWebKit/537.36 (KHTML, like Gecko) Version/4.0 Chrome/60.0.3112.107 Moblie Safari/537.36"
2.58.56.173 - - [06/Jul/2026:14:47:34 -0400] "GET /plugins/content/apismtp/apismtp.php?test=hello HTTP/1.1" 404 88222 "-" "Mozlila/5.0 (Linux; Android 7.0; SM-G892A Bulid/NRD90M; wv) AppleWebKit/537.36 (KHTML, like Gecko) Version/4.0 Chrome/60.0.3112.107 Moblie Safari/537.36"
2.58.56.173 - - [06/Jul/2026:14:47:34 -0400] "GET /wp-content/plugins/apikey/apikey.php.suspected?test=hello HTTP/1.1" 404 88222 "-" "Mozlila/5.0 (Linux; Android 7.0; SM-G892A Bulid/NRD90M; wv) AppleWebKit/537.36 (KHTML, like Gecko) Version/4.0 Chrome/60.0.3112.107 Moblie Safari/537.36"
2.58.56.173 - - [06/Jul/2026:14:47:35 -0400] "GET /plugins/content/apismtp/apismtp.php.suspected?test=hello HTTP/1.1" 404 88222 "-" "Mozlila/5.0 (Linux; Android 7.0; SM-G892A Bulid/NRD90M; wv) AppleWebKit/537.36 (KHTML, like Gecko) Version/4.0 Chrome/60.0.3112.107 Moblie Safari/537.36"
216.244.66.243 - - [06/Jul/2026:14:49:20 -0400] "GET /tag/angka-bocoran-3d-brunei/ HTTP/1.1" 200 135537 "-" "Mozilla/5.0 (compatible; DotBot/1.2; +https://opensiteexplorer.org/dotbot; help@moz.com)"
216.244.66.243 - - [06/Jul/2026:14:49:26 -0400] "GET /tag/angka-prediksi-colok-bebas-2d-cambodia/ HTTP/1.1" 200 136314 "-" "Mozilla/5.0 (compatible; DotBot/1.2; +https://opensiteexplorer.org/dotbot; help@moz.com)"
47.128.35.184 - - [06/Jul/2026:14:53:47 -0400] "GET /robots.txt HTTP/1.1" 200 127 "-" "Mozilla/5.0 (Linux; Android 5.0) AppleWebKit/537.36 (KHTML, like Gecko) Mobile Safari/537.36 (compatible; Bytespider; spider-feedback@bytedance.com)"
47.128.35.190 - - [06/Jul/2026:14:54:10 -0400] "GET / HTTP/1.1" 200 19735 "-" "Mozilla/5.0 (Linux; Android 5.0) AppleWebKit/537.36 (KHTML, like Gecko) Mobile Safari/537.36 (compatible; Bytespider; spider-feedback@bytedance.com)"
47.128.35.190 - - [06/Jul/2026:14:54:11 -0400] "GET /wp-content/themes/chromenews/style.css?ver=7.0 HTTP/1.1" 200 53587 "https://kantongsehat.com/" "Mozilla/5.0 (Linux; Android 5.0) AppleWebKit/537.36 (KHTML, like Gecko) Mobile Safari/537.36 (compatible; Bytespider; spider-feedback@bytedance.com)"
47.128.35.190 - - [06/Jul/2026:14:54:11 -0400] "GET /wp-content/themes/chromenews/assets/icons/style.css?ver=7.0 HTTP/1.1" 200 1070 "https://kantongsehat.com/" "Mozilla/5.0 (Linux; Android 5.0) AppleWebKit/537.36 (KHTML, like Gecko) Mobile Safari/537.36 (compatible; Bytespider; spider-feedback@bytedance.com)"
47.128.35.190 - - [06/Jul/2026:14:54:11 -0400] "GET /wp-content/themes/chromenews/assets/slick/css/slick.min.css?ver=1.0.0 HTTP/1.1" 200 390 "https://kantongsehat.com/" "Mozilla/5.0 (Linux; Android 5.0) AppleWebKit/537.36 (KHTML, like Gecko) Mobile Safari/537.36 (compatible; Bytespider; spider-feedback@bytedance.com)"
47.128.35.190 - - [06/Jul/2026:14:54:11 -0400] "GET /wp-content/themes/chromenews/assets/bootstrap/css/bootstrap.min.css?ver=7.0 HTTP/1.1" 200 18226 "https://kantongsehat.com/" "Mozilla/5.0 (Linux; Android 5.0) AppleWebKit/537.36 (KHTML, like Gecko) Mobile Safari/537.36 (compatible; Bytespider; spider-feedback@bytedance.com)"
47.128.35.190 - - [06/Jul/2026:14:54:11 -0400] "GET /wp-content/themes/chromeblog/style.css?ver=1.0.0 HTTP/1.1" 200 1105 "https://kantongsehat.com/" "Mozilla/5.0 (Linux; Android 5.0) AppleWebKit/537.36 (KHTML, like Gecko) Mobile Safari/537.36 (compatible; Bytespider; spider-feedback@bytedance.com)"
47.128.35.190 - - [06/Jul/2026:14:54:11 -0400] "GET /wp-content/uploads/2023/11/rupiahtoto-gacor.gif HTTP/1.1" 206 500 "https://kantongsehat.com/" "Mozilla/5.0 (Linux; Android 5.0) AppleWebKit/537.36 (KHTML, like Gecko) Mobile Safari/537.36 (compatible; Bytespider; spider-feedback@bytedance.com)"
47.128.35.190 - - [06/Jul/2026:14:54:11 -0400] "GET /wp-content/uploads/2023/11/prediksi-china-150x150.png HTTP/1.1" 206 500 "https://kantongsehat.com/" "Mozilla/5.0 (Linux; Android 5.0) AppleWebKit/537.36 (KHTML, like Gecko) Mobile Safari/537.36 (compatible; Bytespider; spider-feedback@bytedance.com)"
47.128.35.190 - - [06/Jul/2026:14:54:11 -0400] "GET /wp-content/uploads/2023/11/prediksi-carolina-150x150.png HTTP/1.1" 206 500 "https://kantongsehat.com/" "Mozilla/5.0 (Linux; Android 5.0) AppleWebKit/537.36 (KHTML, like Gecko) Mobile Safari/537.36 (compatible; Bytespider; spider-feedback@bytedance.com)"
47.128.35.190 - - [06/Jul/2026:14:54:11 -0400] "GET /wp-content/uploads/2023/11/prediksi-cambodia-150x150.png HTTP/1.1" 206 500 "https://kantongsehat.com/" "Mozilla/5.0 (Linux; Android 5.0) AppleWebKit/537.36 (KHTML, like Gecko) Mobile Safari/537.36 (compatible; Bytespider; spider-feedback@bytedance.com)"
47.128.35.190 - - [06/Jul/2026:14:54:11 -0400] "GET /wp-content/uploads/2023/11/prediksi-california-150x150.png HTTP/1.1" 206 500 "https://kantongsehat.com/" "Mozilla/5.0 (Linux; Android 5.0) AppleWebKit/537.36 (KHTML, like Gecko) Mobile Safari/537.36 (compatible; Bytespider; spider-feedback@bytedance.com)"
47.128.35.190 - - [06/Jul/2026:14:54:11 -0400] "GET /wp-content/uploads/2023/11/prediksi-brunei-150x150.png HTTP/1.1" 206 500 "https://kantongsehat.com/" "Mozilla/5.0 (Linux; Android 5.0) AppleWebKit/537.36 (KHTML, like Gecko) Mobile Safari/537.36 (compatible; Bytespider; spider-feedback@bytedance.com)"
47.128.35.190 - - [06/Jul/2026:14:54:11 -0400] "GET /wp-content/uploads/2023/11/prediksi-china-300x176.png HTTP/1.1" 206 500 "https://kantongsehat.com/" "Mozilla/5.0 (Linux; Android 5.0) AppleWebKit/537.36 (KHTML, like Gecko) Mobile Safari/537.36 (compatible; Bytespider; spider-feedback@bytedance.com)"
47.128.35.190 - - [06/Jul/2026:14:54:11 -0400] "GET /wp-content/uploads/2023/11/prediksi-carolina.png HTTP/1.1" 206 500 "https://kantongsehat.com/" "Mozilla/5.0 (Linux; Android 5.0) AppleWebKit/537.36 (KHTML, like Gecko) Mobile Safari/537.36 (compatible; Bytespider; spider-feedback@bytedance.com)"
47.128.35.190 - - [06/Jul/2026:14:54:11 -0400] "GET /wp-content/uploads/2023/11/prediksi-china.png HTTP/1.1" 206 500 "https://kantongsehat.com/" "Mozilla/5.0 (Linux; Android 5.0) AppleWebKit/537.36 (KHTML, like Gecko) Mobile Safari/537.36 (compatible; Bytespider; spider-feedback@bytedance.com)"
47.128.35.190 - - [06/Jul/2026:14:54:12 -0400] "GET /wp-content/uploads/2023/11/banner-rp-wp.jpg HTTP/1.1" 206 500 "https://kantongsehat.com/" "Mozilla/5.0 (Linux; Android 5.0) AppleWebKit/537.36 (KHTML, like Gecko) Mobile Safari/537.36 (compatible; Bytespider; spider-feedback@bytedance.com)"
47.128.35.190 - - [06/Jul/2026:14:54:12 -0400] "GET /wp-content/uploads/2023/11/prediksi-cambodia.png HTTP/1.1" 206 500 "https://kantongsehat.com/" "Mozilla/5.0 (Linux; Android 5.0) AppleWebKit/537.36 (KHTML, like Gecko) Mobile Safari/537.36 (compatible; Bytespider; spider-feedback@bytedance.com)"
47.128.35.190 - - [06/Jul/2026:14:54:12 -0400] "GET /wp-content/uploads/2023/11/prediksi-cambodia-300x176.png HTTP/1.1" 206 500 "https://kantongsehat.com/" "Mozilla/5.0 (Linux; Android 5.0) AppleWebKit/537.36 (KHTML, like Gecko) Mobile Safari/537.36 (compatible; Bytespider; spider-feedback@bytedance.com)"
47.128.35.190 - - [06/Jul/2026:14:54:12 -0400] "GET /wp-content/uploads/2023/11/prediksi-california.png HTTP/1.1" 206 500 "https://kantongsehat.com/" "Mozilla/5.0 (Linux; Android 5.0) AppleWebKit/537.36 (KHTML, like Gecko) Mobile Safari/537.36 (compatible; Bytespider; spider-feedback@bytedance.com)"
47.128.35.190 - - [06/Jul/2026:14:54:12 -0400] "GET /wp-content/uploads/2023/11/prediksi-brunei.png HTTP/1.1" 206 500 "https://kantongsehat.com/" "Mozilla/5.0 (Linux; Android 5.0) AppleWebKit/537.36 (KHTML, like Gecko) Mobile Safari/537.36 (compatible; Bytespider; spider-feedback@bytedance.com)"
47.128.35.190 - - [06/Jul/2026:14:54:12 -0400] "GET /wp-content/uploads/2023/11/prediksi-carolina-300x176.png HTTP/1.1" 206 500 "https://kantongsehat.com/" "Mozilla/5.0 (Linux; Android 5.0) AppleWebKit/537.36 (KHTML, like Gecko) Mobile Safari/537.36 (compatible; Bytespider; spider-feedback@bytedance.com)"
47.128.35.190 - - [06/Jul/2026:14:54:12 -0400] "GET /wp-content/uploads/2023/11/prediksi-singapore-300x176.png HTTP/1.1" 206 500 "https://kantongsehat.com/" "Mozilla/5.0 (Linux; Android 5.0) AppleWebKit/537.36 (KHTML, like Gecko) Mobile Safari/537.36 (compatible; Bytespider; spider-feedback@bytedance.com)"
47.128.35.190 - - [06/Jul/2026:14:54:12 -0400] "GET /wp-content/uploads/2023/11/prediksi-brunei-300x176.png HTTP/1.1" 206 500 "https://kantongsehat.com/" "Mozilla/5.0 (Linux; Android 5.0) AppleWebKit/537.36 (KHTML, like Gecko) Mobile Safari/537.36 (compatible; Bytespider; spider-feedback@bytedance.com)"
47.128.35.190 - - [06/Jul/2026:14:54:12 -0400] "GET /wp-content/uploads/2023/11/prediksi-california-300x176.png HTTP/1.1" 206 500 "https://kantongsehat.com/" "Mozilla/5.0 (Linux; Android 5.0) AppleWebKit/537.36 (KHTML, like Gecko) Mobile Safari/537.36 (compatible; Bytespider; spider-feedback@bytedance.com)"
47.128.35.190 - - [06/Jul/2026:14:54:12 -0400] "GET /wp-content/uploads/2023/11/prediksi-andorra-300x176.png HTTP/1.1" 206 500 "https://kantongsehat.com/" "Mozilla/5.0 (Linux; Android 5.0) AppleWebKit/537.36 (KHTML, like Gecko) Mobile Safari/537.36 (compatible; Bytespider; spider-feedback@bytedance.com)"
47.128.35.190 - - [06/Jul/2026:14:54:12 -0400] "GET /wp-content/uploads/2023/11/prediksi-carolina-768x451.png HTTP/1.1" 206 500 "https://kantongsehat.com/" "Mozilla/5.0 (Linux; Android 5.0) AppleWebKit/537.36 (KHTML, like Gecko) Mobile Safari/537.36 (compatible; Bytespider; spider-feedback@bytedance.com)"
47.128.35.190 - - [06/Jul/2026:14:54:12 -0400] "GET /wp-content/uploads/2023/11/prediksi-china-768x451.png HTTP/1.1" 206 500 "https://kantongsehat.com/" "Mozilla/5.0 (Linux; Android 5.0) AppleWebKit/537.36 (KHTML, like Gecko) Mobile Safari/537.36 (compatible; Bytespider; spider-feedback@bytedance.com)"
47.128.35.190 - - [06/Jul/2026:14:54:12 -0400] "GET /wp-content/uploads/2023/11/prediksi-cambodia-768x451.png HTTP/1.1" 206 500 "https://kantongsehat.com/" "Mozilla/5.0 (Linux; Android 5.0) AppleWebKit/537.36 (KHTML, like Gecko) Mobile Safari/537.36 (compatible; Bytespider; spider-feedback@bytedance.com)"
47.128.35.190 - - [06/Jul/2026:14:54:12 -0400] "GET /wp-content/uploads/2023/11/prediksi-california-768x451.png HTTP/1.1" 206 500 "https://kantongsehat.com/" "Mozilla/5.0 (Linux; Android 5.0) AppleWebKit/537.36 (KHTML, like Gecko) Mobile Safari/537.36 (compatible; Bytespider; spider-feedback@bytedance.com)"
47.128.35.190 - - [06/Jul/2026:14:54:12 -0400] "GET /wp-content/uploads/2023/11/prediksi-brunei-768x451.png HTTP/1.1" 206 500 "https://kantongsehat.com/" "Mozilla/5.0 (Linux; Android 5.0) AppleWebKit/537.36 (KHTML, like Gecko) Mobile Safari/537.36 (compatible; Bytespider; spider-feedback@bytedance.com)"
47.128.35.190 - - [06/Jul/2026:14:54:12 -0400] "GET /wp-content/uploads/2023/11/prediksi-andorra-768x451.png HTTP/1.1" 206 500 "https://kantongsehat.com/" "Mozilla/5.0 (Linux; Android 5.0) AppleWebKit/537.36 (KHTML, like Gecko) Mobile Safari/537.36 (compatible; Bytespider; spider-feedback@bytedance.com)"
92.222.108.122 - - [06/Jul/2026:15:10:19 -0400] "GET /tag/angka-bocoran-colok-bebas-brunei/feed/ HTTP/1.1" 304 0 "-" "Mozilla/5.0 (compatible; AhrefsBot/7.0; +http://ahrefs.com/robot/)"
66.29.146.209 - - [06/Jul/2026:15:29:05 -0400] "POST /wp-cron.php?doing_wp_cron=1783366145.4281120300292968750000 HTTP/1.1" 200 0 "-" "WordPress/7.0; https://kantongsehat.com"
43.164.3.182 - - [06/Jul/2026:15:29:04 -0400] "GET / HTTP/1.1" 301 0 "http://www.kantongsehat.com" "Mozilla/5.0 (iPhone; CPU iPhone OS 13_2_3 like Mac OS X) AppleWebKit/605.1.15 (KHTML, like Gecko) Version/13.0.3 Mobile/15E148 Safari/604.1"
43.164.3.182 - - [06/Jul/2026:15:29:06 -0400] "GET / HTTP/1.1" 200 26066 "https://www.kantongsehat.com/" "Mozilla/5.0 (iPhone; CPU iPhone OS 13_2_3 like Mac OS X) AppleWebKit/605.1.15 (KHTML, like Gecko) Version/13.0.3 Mobile/15E148 Safari/604.1"
216.244.66.243 - - [06/Jul/2026:15:29:32 -0400] "GET /robots.txt HTTP/1.1" 200 174 "-" "Mozilla/5.0 (compatible; DotBot/1.2; +https://opensiteexplorer.org/dotbot; help@moz.com)"
216.244.66.243 - - [06/Jul/2026:15:40:03 -0400] "GET /hitungan-angka-prediksi-togel-cambodia-kamis-30-november-2023/ HTTP/1.1" 200 133972 "-" "Mozilla/5.0 (compatible; DotBot/1.2; +https://opensiteexplorer.org/dotbot; help@moz.com)"
216.244.66.243 - - [06/Jul/2026:15:47:59 -0400] "GET /tag/angka-bocoran-colok-naga-brunei/ HTTP/1.1" 200 135689 "-" "Mozilla/5.0 (compatible; DotBot/1.2; +https://opensiteexplorer.org/dotbot; help@moz.com)"
216.244.66.243 - - [06/Jul/2026:15:48:59 -0400] "GET /tag/master-prediksi-india-malam-ini/ HTTP/1.1" 200 126291 "-" "Mozilla/5.0 (compatible; DotBot/1.2; +https://opensiteexplorer.org/dotbot; help@moz.com)"
216.244.66.243 - - [06/Jul/2026:15:49:29 -0400] "GET /tag/prediksi-dubai-malam-ini-paling-jitu-4d-master/ HTTP/1.1" 200 136111 "-" "Mozilla/5.0 (compatible; DotBot/1.2; +https://opensiteexplorer.org/dotbot; help@moz.com)"
216.244.66.243 - - [06/Jul/2026:15:49:57 -0400] "GET /tag/angka-togel-pasti-tembus-hari-ini/page/8/ HTTP/1.1" 200 163499 "-" "Mozilla/5.0 (compatible; DotBot/1.2; +https://opensiteexplorer.org/dotbot; help@moz.com)"
216.244.66.243 - - [06/Jul/2026:15:50:25 -0400] "GET /tag/bandar-toto-gelap-terbaik-untuk-pemula/page/4/ HTTP/1.1" 200 164703 "-" "Mozilla/5.0 (compatible; DotBot/1.2; +https://opensiteexplorer.org/dotbot; help@moz.com)"
216.244.66.243 - - [06/Jul/2026:15:50:52 -0400] "GET /tag/prediksi-jitu-mujarab-vegas-2021/ HTTP/1.1" 200 108094 "-" "Mozilla/5.0 (compatible; DotBot/1.2; +https://opensiteexplorer.org/dotbot; help@moz.com)"
216.244.66.243 - - [06/Jul/2026:15:51:20 -0400] "GET /tag/prediksi-togel-online-morocco/ HTTP/1.1" 200 107532 "-" "Mozilla/5.0 (compatible; DotBot/1.2; +https://opensiteexplorer.org/dotbot; help@moz.com)"
85.208.96.197 - - [06/Jul/2026:16:07:41 -0400] "GET /robots.txt HTTP/1.1" 200 127 "-" "Mozilla/5.0 (compatible; SemrushBot/7~bl; +http://www.semrush.com/bot.html)"
185.191.171.11 - - [06/Jul/2026:16:07:43 -0400] "GET /tag/angka-prediksi-togel-china/ HTTP/1.1" 200 20956 "-" "Mozilla/5.0 (compatible; SemrushBot/7~bl; +http://www.semrush.com/bot.html)"
51.161.37.124 - - [06/Jul/2026:16:07:44 -0400] "GET /robots.txt HTTP/1.1" 200 110 "-" "Mozilla/5.0 (compatible; AhrefsBot/7.0; +http://ahrefs.com/robot/)"
94.23.188.221 - - [06/Jul/2026:16:07:46 -0400] "GET /hitungan-angka-prediksi-togel-singapore-kamis-07-desember-2023/ HTTP/1.1" 200 21694 "-" "Mozilla/5.0 (compatible; AhrefsBot/7.0; +http://ahrefs.com/robot/)"
85.208.96.212 - - [06/Jul/2026:16:10:53 -0400] "GET /tag/angka-prediksi-colok-naga-india/ HTTP/1.1" 200 20195 "-" "Mozilla/5.0 (compatible; SemrushBot/7~bl; +http://www.semrush.com/bot.html)"
216.244.66.243 - - [06/Jul/2026:16:20:09 -0400] "GET /robots.txt HTTP/1.1" 200 174 "-" "Mozilla/5.0 (compatible; DotBot/1.2; +https://opensiteexplorer.org/dotbot; help@moz.com)"
66.29.146.209 - - [06/Jul/2026:16:22:57 -0400] "POST /wp-cron.php?doing_wp_cron=1783369377.8261361122131347656250 HTTP/1.1" 200 0 "-" "WordPress/7.0; https://kantongsehat.com"
85.208.96.203 - - [06/Jul/2026:16:22:57 -0400] "GET /tag/angka-prediksi-taiwan-terlengkap-amanah/ HTTP/1.1" 200 19634 "-" "Mozilla/5.0 (compatible; SemrushBot/7~bl; +http://www.semrush.com/bot.html)"
216.244.66.243 - - [06/Jul/2026:16:38:57 -0400] "GET /tag/angka-bocoran-colok-bebas-toto-macau/ HTTP/1.1" 200 137487 "-" "Mozilla/5.0 (compatible; DotBot/1.2; +https://opensiteexplorer.org/dotbot; help@moz.com)"
216.244.66.243 - - [06/Jul/2026:16:39:03 -0400] "GET /tag/angka-kemenangan-togel-hongkong-besok/ HTTP/1.1" 200 136675 "-" "Mozilla/5.0 (compatible; DotBot/1.2; +https://opensiteexplorer.org/dotbot; help@moz.com)"
216.244.66.243 - - [06/Jul/2026:16:40:05 -0400] "GET /tag/rumus-jitu-togel-2022/page/2/ HTTP/1.1" 200 164125 "-" "Mozilla/5.0 (compatible; DotBot/1.2; +https://opensiteexplorer.org/dotbot; help@moz.com)"
216.244.66.243 - - [06/Jul/2026:16:40:33 -0400] "GET /tag/angka-bocoran-togel-thailand/ HTTP/1.1" 200 107613 "-" "Mozilla/5.0 (compatible; DotBot/1.2; +https://opensiteexplorer.org/dotbot; help@moz.com)"
216.244.66.243 - - [06/Jul/2026:16:40:39 -0400] "GET /tag/dukun-togel-2022/feed/ HTTP/1.1" 200 140149 "-" "Mozilla/5.0 (compatible; DotBot/1.2; +https://opensiteexplorer.org/dotbot; help@moz.com)"
216.244.66.243 - - [06/Jul/2026:16:40:44 -0400] "GET /tag/prediksi-taiwan-2d-jitu-malam-ini/ HTTP/1.1" 200 108342 "-" "Mozilla/5.0 (compatible; DotBot/1.2; +https://opensiteexplorer.org/dotbot; help@moz.com)"
216.244.66.243 - - [06/Jul/2026:16:41:19 -0400] "GET /tag/cara-dapat-angka-togel-jitu-taipei/ HTTP/1.1" 200 101166 "-" "Mozilla/5.0 (compatible; DotBot/1.2; +https://opensiteexplorer.org/dotbot; help@moz.com)"
185.191.171.3 - - [06/Jul/2026:17:03:17 -0400] "GET /tag/angka-bocoran-4d-andorra/ HTTP/1.1" 200 20990 "-" "Mozilla/5.0 (compatible; SemrushBot/7~bl; +http://www.semrush.com/bot.html)"
92.222.104.194 - - [06/Jul/2026:17:03:54 -0400] "GET /tag/prediktor-togel-california/feed/ HTTP/1.1" 304 0 "-" "Mozilla/5.0 (compatible; AhrefsBot/7.0; +http://ahrefs.com/robot/)"
142.93.147.104 - - [06/Jul/2026:17:07:27 -0400] "GET /blog-verify HTTP/1.1" 404 88222 "-" "Mozilla/5.0 (X11; Linux x86_64; rv:150.0) Gecko/20100101 Firefox/150.0"
216.244.66.243 - - [06/Jul/2026:17:10:21 -0400] "GET /robots.txt HTTP/1.1" 200 174 "-" "Mozilla/5.0 (compatible; DotBot/1.2; +https://opensiteexplorer.org/dotbot; help@moz.com)"
66.29.146.209 - - [06/Jul/2026:17:21:16 -0400] "POST /wp-cron.php?doing_wp_cron=1783372876.7517209053039550781250 HTTP/1.1" 200 0 "-" "WordPress/7.0; https://kantongsehat.com"
216.244.66.243 - - [06/Jul/2026:17:21:15 -0400] "GET /tag/angka-bocoran-4d/ HTTP/1.1" 200 162994 "-" "Mozilla/5.0 (compatible; DotBot/1.2; +https://opensiteexplorer.org/dotbot; help@moz.com)"
167.94.146.49 - - [06/Jul/2026:17:23:44 -0400] "GET / HTTP/1.1" 301 0 "-" "Mozilla/5.0 (compatible; CensysInspect/1.1; +https://about.censys.io/)"
167.94.146.49 - - [06/Jul/2026:17:23:46 -0400] "GET / HTTP/1.1" 200 26066 "-" "Mozilla/5.0 (compatible; CensysInspect/1.1; +https://about.censys.io/)"
167.94.146.49 - - [06/Jul/2026:17:23:47 -0400] "GET /wp-content/uploads/2023/11/icon-rupiahtoto.png HTTP/1.1" 200 677 "-" "Mozilla/5.0 (compatible; CensysInspect/1.1; +https://about.censys.io/)"
167.94.146.49 - - [06/Jul/2026:17:24:21 -0400] "GET /wp-json/?_fields=name,description,home,gmt_offset,timezone_string,namespaces HTTP/1.1" 200 315 "-" "Mozilla/5.0 (compatible; CensysInspect/1.1; +https://about.censys.io/)"
167.94.146.49 - - [06/Jul/2026:17:24:26 -0400] "GET / HTTP/1.1" 301 0 "-" "Mozilla/5.0 (compatible; CensysInspect/1.1; +https://about.censys.io/)"
216.244.66.243 - - [06/Jul/2026:17:27:19 -0400] "GET /author/admin/page/12/ HTTP/1.1" 200 157365 "-" "Mozilla/5.0 (compatible; DotBot/1.2; +https://opensiteexplorer.org/dotbot; help@moz.com)"
216.244.66.243 - - [06/Jul/2026:17:28:51 -0400] "GET /tag/angka-bocoran-4d-brunei/ HTTP/1.1" 200 135537 "-" "Mozilla/5.0 (compatible; DotBot/1.2; +https://opensiteexplorer.org/dotbot; help@moz.com)"
216.244.66.243 - - [06/Jul/2026:17:28:56 -0400] "GET /tag/angka-bocoran-colok-naga-carolina-day/ HTTP/1.1" 200 138121 "-" "Mozilla/5.0 (compatible; DotBot/1.2; +https://opensiteexplorer.org/dotbot; help@moz.com)"
216.244.66.243 - - [06/Jul/2026:17:28:59 -0400] "GET /tag/prediksi-andorra-2d-jitu-malam-ini/ HTTP/1.1" 200 136083 "-" "Mozilla/5.0 (compatible; DotBot/1.2; +https://opensiteexplorer.org/dotbot; help@moz.com)"
216.244.66.243 - - [06/Jul/2026:17:29:32 -0400] "GET /tag/angka-prediksi-terlengkap-amanah/page/8/ HTTP/1.1" 200 163473 "-" "Mozilla/5.0 (compatible; DotBot/1.2; +https://opensiteexplorer.org/dotbot; help@moz.com)"
216.244.66.243 - - [06/Jul/2026:17:29:34 -0400] "GET /tag/prediksi-india-malam-ini-paling-jitu-dan-akurat-2d/ HTTP/1.1" 200 126652 "-" "Mozilla/5.0 (compatible; DotBot/1.2; +https://opensiteexplorer.org/dotbot; help@moz.com)"
216.244.66.243 - - [06/Jul/2026:17:30:55 -0400] "GET /tag/angka-keluaran-top-pasaran-24jam-nonstop/page/2/ HTTP/1.1" 200 164570 "-" "Mozilla/5.0 (compatible; DotBot/1.2; +https://opensiteexplorer.org/dotbot; help@moz.com)"
216.244.66.243 - - [06/Jul/2026:17:30:57 -0400] "GET /tag/angka-prediksi-colok-bebas-vegas/ HTTP/1.1" 200 108094 "-" "Mozilla/5.0 (compatible; DotBot/1.2; +https://opensiteexplorer.org/dotbot; help@moz.com)"
92.222.104.213 - - [06/Jul/2026:18:08:41 -0400] "GET /sitemap_index.xml HTTP/1.1" 200 303 "-" "Mozilla/5.0 (compatible; AhrefsBot/7.0; +http://ahrefs.com/robot/)"
5.39.1.242 - - [06/Jul/2026:18:08:52 -0400] "GET /post-sitemap.xml HTTP/1.1" 200 2149 "-" "Mozilla/5.0 (compatible; AhrefsBot/7.0; +http://ahrefs.com/robot/)"
54.37.118.80 - - [06/Jul/2026:18:08:54 -0400] "GET /category-sitemap.xml HTTP/1.1" 200 582 "-" "Mozilla/5.0 (compatible; AhrefsBot/7.0; +http://ahrefs.com/robot/)"
5.39.1.240 - - [06/Jul/2026:18:08:56 -0400] "GET /post_tag-sitemap.xml HTTP/1.1" 200 5260 "-" "Mozilla/5.0 (compatible; AhrefsBot/7.0; +http://ahrefs.com/robot/)"
5.39.1.235 - - [06/Jul/2026:18:08:59 -0400] "GET /author-sitemap.xml HTTP/1.1" 200 341 "-" "Mozilla/5.0 (compatible; AhrefsBot/7.0; +http://ahrefs.com/robot/)"
52.20.51.46 - - [06/Jul/2026:18:17:07 -0400] "GET /robots.txt HTTP/1.1" 200 127 "-" "Mozilla/5.0 (Macintosh; Intel Mac OS X 10_10_1) AppleWebKit/600.2.5 (KHTML, like Gecko) Version/8.0.2 Safari/600.2.5 (Gort)"
66.29.146.209 - - [06/Jul/2026:18:23:14 -0400] "POST /wp-cron.php?doing_wp_cron=1783376594.4520559310913085937500 HTTP/1.1" 200 0 "-" "WordPress/7.0; https://kantongsehat.com"
85.208.96.193 - - [06/Jul/2026:18:23:13 -0400] "GET /robots.txt HTTP/1.1" 200 127 "-" "Mozilla/5.0 (compatible; SemrushBot/7~bl; +http://www.semrush.com/bot.html)"
85.208.96.210 - - [06/Jul/2026:18:23:15 -0400] "GET /tag/prediksi-angka-jaipur-hari-ini/ HTTP/1.1" 200 20237 "-" "Mozilla/5.0 (compatible; SemrushBot/7~bl; +http://www.semrush.com/bot.html)"
85.208.96.208 - - [06/Jul/2026:18:34:14 -0400] "GET /hitungan-angka-prediksi-togel-carolinaday-sabtu-02-desember-2023/ HTTP/1.1" 200 25959 "-" "Mozilla/5.0 (compatible; SemrushBot/7~bl; +http://www.semrush.com/bot.html)"
185.191.171.13 - - [06/Jul/2026:18:40:46 -0400] "GET /tag/tembus-angka-4d-pasti-dibayar-rupiah/page/5/ HTTP/1.1" 200 20198 "-" "Mozilla/5.0 (compatible; SemrushBot/7~bl; +http://www.semrush.com/bot.html)"
216.244.66.243 - - [06/Jul/2026:18:55:16 -0400] "GET /robots.txt HTTP/1.1" 200 174 "-" "Mozilla/5.0 (compatible; DotBot/1.2; +https://opensiteexplorer.org/dotbot; help@moz.com)"
216.244.66.243 - - [06/Jul/2026:19:06:21 -0400] "GET /category/prediksi-hongkong/ HTTP/1.1" 200 143999 "-" "Mozilla/5.0 (compatible; DotBot/1.2; +https://opensiteexplorer.org/dotbot; help@moz.com)"
216.244.66.243 - - [06/Jul/2026:19:07:10 -0400] "GET /hitungan-angka-prediksi-togel-taiwan-kamis-30-november-2023/ HTTP/1.1" 200 133498 "-" "Mozilla/5.0 (compatible; DotBot/1.2; +https://opensiteexplorer.org/dotbot; help@moz.com)"
