74.7.242.38 - - [06/Jul/2026:09:05:44 -0400] "GET /buy.php?item/087022215 HTTP/1.1" 200 20 "https://apkmodguru.com/buy.php?item/111000405" "Mozilla/5.0 AppleWebKit/537.36 (KHTML, like Gecko; compatible; GPTBot/1.4; +https://openai.com/gptbot)"
74.7.242.38 - - [06/Jul/2026:09:06:04 -0400] "GET /buy.php?item/111043067 HTTP/1.1" 200 19761 "https://apkmodguru.com/buy.php?item/111000407" "Mozilla/5.0 AppleWebKit/537.36 (KHTML, like Gecko; compatible; GPTBot/1.4; +https://openai.com/gptbot)"
74.7.242.38 - - [06/Jul/2026:09:06:04 -0400] "GET /buy.php?item/111042861 HTTP/1.1" 200 19910 "https://apkmodguru.com/buy.php?item/111000407" "Mozilla/5.0 AppleWebKit/537.36 (KHTML, like Gecko; compatible; GPTBot/1.4; +https://openai.com/gptbot)"
74.7.242.38 - - [06/Jul/2026:09:06:05 -0400] "GET /buy.php?item/130010216 HTTP/1.1" 200 20087 "https://apkmodguru.com/buy.php?item/111000405" "Mozilla/5.0 AppleWebKit/537.36 (KHTML, like Gecko; compatible; GPTBot/1.4; +https://openai.com/gptbot)"
74.7.242.38 - - [06/Jul/2026:09:06:06 -0400] "GET /buy.php?shopping/028029715 HTTP/1.1" 200 19862 "https://apkmodguru.com/buy.php?item/111023691" "Mozilla/5.0 AppleWebKit/537.36 (KHTML, like Gecko; compatible; GPTBot/1.4; +https://openai.com/gptbot)"
85.208.96.198 - - [06/Jul/2026:09:06:13 -0400] "GET /?items%2FO6855033252%2F HTTP/1.1" 200 0 "-" "Mozilla/5.0 (compatible; SemrushBot/7~bl; +http://www.semrush.com/bot.html)"
74.7.242.38 - - [06/Jul/2026:09:06:07 -0400] "GET /buy.php?item/111041809 HTTP/1.1" 200 20595 "https://apkmodguru.com/buy.php?item/111023691" "Mozilla/5.0 AppleWebKit/537.36 (KHTML, like Gecko; compatible; GPTBot/1.4; +https://openai.com/gptbot)"
74.7.242.38 - - [06/Jul/2026:09:06:15 -0400] "GET /buy.php?item/290006094 HTTP/1.1" 200 20140 "https://apkmodguru.com/buy.php?item/167039997" "Mozilla/5.0 AppleWebKit/537.36 (KHTML, like Gecko; compatible; GPTBot/1.4; +https://openai.com/gptbot)"
185.191.171.17 - - [06/Jul/2026:09:06:16 -0400] "GET /?items%2FO68550270347%2F HTTP/1.1" 200 0 "-" "Mozilla/5.0 (compatible; SemrushBot/7~bl; +http://www.semrush.com/bot.html)"
74.7.242.38 - - [06/Jul/2026:09:06:15 -0400] "GET /buy.php?item/190007270 HTTP/1.1" 200 19722 "https://apkmodguru.com/buy.php?item/073014333" "Mozilla/5.0 AppleWebKit/537.36 (KHTML, like Gecko; compatible; GPTBot/1.4; +https://openai.com/gptbot)"
74.7.242.38 - - [06/Jul/2026:09:06:16 -0400] "GET /buy.php?item/111027129 HTTP/1.1" 200 20323 "https://apkmodguru.com/buy.php?item/111040057" "Mozilla/5.0 AppleWebKit/537.36 (KHTML, like Gecko; compatible; GPTBot/1.4; +https://openai.com/gptbot)"
185.191.171.7 - - [06/Jul/2026:09:06:18 -0400] "GET /?items%2FO68550159279%2F HTTP/1.1" 200 0 "-" "Mozilla/5.0 (compatible; SemrushBot/7~bl; +http://www.semrush.com/bot.html)"
74.7.242.38 - - [06/Jul/2026:09:06:17 -0400] "GET /buy.php?item/111041591 HTTP/1.1" 200 20423 "https://apkmodguru.com/buy.php?item/111047837" "Mozilla/5.0 AppleWebKit/537.36 (KHTML, like Gecko; compatible; GPTBot/1.4; +https://openai.com/gptbot)"
74.7.242.38 - - [06/Jul/2026:09:06:18 -0400] "GET /buy.php?item/111048813 HTTP/1.1" 200 20751 "https://apkmodguru.com/buy.php?item/111041589" "Mozilla/5.0 AppleWebKit/537.36 (KHTML, like Gecko; compatible; GPTBot/1.4; +https://openai.com/gptbot)"
192.178.6.102 - - [06/Jul/2026:09:06:19 -0400] "GET /index.php?items/K875107294 HTTP/1.1" 200 19521 "-" "Mozilla/5.0 (Linux; Android 6.0.1; Nexus 5X Build/MMB29P) AppleWebKit/537.36 (KHTML, like Gecko) Chrome/150.0.7871.46 Mobile Safari/537.36 (compatible; Googlebot/2.1; +http://www.google.com/bot.html)"
74.7.242.38 - - [06/Jul/2026:09:06:19 -0400] "GET /buy.php?item/111048815 HTTP/1.1" 200 19811 "https://apkmodguru.com/buy.php?item/111041589" "Mozilla/5.0 AppleWebKit/537.36 (KHTML, like Gecko; compatible; GPTBot/1.4; +https://openai.com/gptbot)"
66.249.77.34 - - [06/Jul/2026:09:06:19 -0400] "GET /items/L354109516/ HTTP/1.1" 200 19581 "-" "Mozilla/5.0 (Linux; Android 6.0.1; Nexus 5X Build/MMB29P) AppleWebKit/537.36 (KHTML, like Gecko) Chrome/150.0.7871.46 Mobile Safari/537.36 (compatible; Googlebot/2.1; +http://www.google.com/bot.html)"
74.7.242.38 - - [06/Jul/2026:09:06:20 -0400] "GET /buy.php?m21924570628 HTTP/1.1" 200 20524 "https://apkmodguru.com/buy.php?item/111043067" "Mozilla/5.0 AppleWebKit/537.36 (KHTML, like Gecko; compatible; GPTBot/1.4; +https://openai.com/gptbot)"
185.191.171.7 - - [06/Jul/2026:09:06:21 -0400] "GET /?items%2FO87712168082%2F HTTP/1.1" 200 0 "-" "Mozilla/5.0 (compatible; SemrushBot/7~bl; +http://www.semrush.com/bot.html)"
74.7.242.38 - - [06/Jul/2026:09:06:21 -0400] "GET /buy.php?item/111027127 HTTP/1.1" 200 19695 "https://apkmodguru.com/buy.php?item/111040057" "Mozilla/5.0 AppleWebKit/537.36 (KHTML, like Gecko; compatible; GPTBot/1.4; +https://openai.com/gptbot)"
74.7.242.38 - - [06/Jul/2026:09:06:22 -0400] "GET /buy.php?item/111048811 HTTP/1.1" 200 20602 "https://apkmodguru.com/buy.php?item/111041589" "Mozilla/5.0 AppleWebKit/537.36 (KHTML, like Gecko; compatible; GPTBot/1.4; +https://openai.com/gptbot)"
85.208.96.211 - - [06/Jul/2026:09:06:34 -0400] "GET /?items%2FO87712169637%2F HTTP/1.1" 200 0 "-" "Mozilla/5.0 (compatible; SemrushBot/7~bl; +http://www.semrush.com/bot.html)"
192.178.6.102 - - [06/Jul/2026:09:06:46 -0400] "GET /items/A142781254/ HTTP/1.1" 200 19392 "-" "Mozilla/5.0 (Linux; Android 6.0.1; Nexus 5X Build/MMB29P) AppleWebKit/537.36 (KHTML, like Gecko) Chrome/150.0.7871.46 Mobile Safari/537.36 (compatible; Googlebot/2.1; +http://www.google.com/bot.html)"
74.7.242.38 - - [06/Jul/2026:09:06:30 -0400] "GET /buy.php?item/146044406 HTTP/1.1" 200 20 "https://apkmodguru.com/buy.php?item/111023691" "Mozilla/5.0 AppleWebKit/537.36 (KHTML, like Gecko; compatible; GPTBot/1.4; +https://openai.com/gptbot)"
74.7.242.38 - - [06/Jul/2026:09:06:50 -0400] "GET /buy.php?item/111036447 HTTP/1.1" 200 20410 "https://apkmodguru.com/buy.php?item/111047839" "Mozilla/5.0 AppleWebKit/537.36 (KHTML, like Gecko; compatible; GPTBot/1.4; +https://openai.com/gptbot)"
74.7.242.38 - - [06/Jul/2026:09:06:51 -0400] "GET /buy.php?item/111047843 HTTP/1.1" 200 19714 "https://apkmodguru.com/buy.php?item/111023693" "Mozilla/5.0 AppleWebKit/537.36 (KHTML, like Gecko; compatible; GPTBot/1.4; +https://openai.com/gptbot)"
74.7.242.38 - - [06/Jul/2026:09:06:51 -0400] "GET /buy.php?item/111037223 HTTP/1.1" 200 19454 "https://apkmodguru.com/buy.php?item/111047839" "Mozilla/5.0 AppleWebKit/537.36 (KHTML, like Gecko; compatible; GPTBot/1.4; +https://openai.com/gptbot)"
185.191.171.15 - - [06/Jul/2026:09:06:56 -0400] "GET /?items%2FO4239499342%2F HTTP/1.1" 200 0 "-" "Mozilla/5.0 (compatible; SemrushBot/7~bl; +http://www.semrush.com/bot.html)"
74.7.242.38 - - [06/Jul/2026:09:06:54 -0400] "GET /buy.php?item/111047841 HTTP/1.1" 200 19511 "https://apkmodguru.com/buy.php?item/111041809" "Mozilla/5.0 AppleWebKit/537.36 (KHTML, like Gecko; compatible; GPTBot/1.4; +https://openai.com/gptbot)"
74.7.242.38 - - [06/Jul/2026:09:06:57 -0400] "GET /buy.php?item/022033304 HTTP/1.1" 200 19499 "https://apkmodguru.com/buy.php?shopping/028029715" "Mozilla/5.0 AppleWebKit/537.36 (KHTML, like Gecko; compatible; GPTBot/1.4; +https://openai.com/gptbot)"
74.7.242.38 - - [06/Jul/2026:09:06:58 -0400] "GET /buy.php?item/111048833 HTTP/1.1" 200 20854 "https://apkmodguru.com/buy.php?item/111027129" "Mozilla/5.0 AppleWebKit/537.36 (KHTML, like Gecko; compatible; GPTBot/1.4; +https://openai.com/gptbot)"
74.7.242.38 - - [06/Jul/2026:09:06:58 -0400] "GET /buy.php?item/111042851 HTTP/1.1" 200 19709 "https://apkmodguru.com/buy.php?item/111048813" "Mozilla/5.0 AppleWebKit/537.36 (KHTML, like Gecko; compatible; GPTBot/1.4; +https://openai.com/gptbot)"
74.7.242.38 - - [06/Jul/2026:09:06:59 -0400] "GET /buy.php?item/052000752 HTTP/1.1" 200 20099 "https://apkmodguru.com/buy.php?m21924570628" "Mozilla/5.0 AppleWebKit/537.36 (KHTML, like Gecko; compatible; GPTBot/1.4; +https://openai.com/gptbot)"
74.7.242.38 - - [06/Jul/2026:09:07:00 -0400] "GET /buy.php?item/151045553 HTTP/1.1" 200 19539 "https://apkmodguru.com/buy.php?item/111027127" "Mozilla/5.0 AppleWebKit/537.36 (KHTML, like Gecko; compatible; GPTBot/1.4; +https://openai.com/gptbot)"
74.7.242.38 - - [06/Jul/2026:09:07:00 -0400] "GET /buy.php?item/111012069 HTTP/1.1" 200 19837 "https://apkmodguru.com/buy.php?item/111048811" "Mozilla/5.0 AppleWebKit/537.36 (KHTML, like Gecko; compatible; GPTBot/1.4; +https://openai.com/gptbot)"
74.7.242.38 - - [06/Jul/2026:09:07:01 -0400] "GET /buy.php?item/052000750 HTTP/1.1" 200 20037 "https://apkmodguru.com/buy.php?m21924570628" "Mozilla/5.0 AppleWebKit/537.36 (KHTML, like Gecko; compatible; GPTBot/1.4; +https://openai.com/gptbot)"
74.7.242.38 - - [06/Jul/2026:09:07:04 -0400] "GET /buy.php?item/183006009 HTTP/1.1" 200 20866 "https://apkmodguru.com/buy.php?item/111036447" "Mozilla/5.0 AppleWebKit/537.36 (KHTML, like Gecko; compatible; GPTBot/1.4; +https://openai.com/gptbot)"
74.7.242.38 - - [06/Jul/2026:09:07:07 -0400] "GET /buy.php?item/111015699 HTTP/1.1" 200 20219 "https://apkmodguru.com/buy.php?item/111036447" "Mozilla/5.0 AppleWebKit/537.36 (KHTML, like Gecko; compatible; GPTBot/1.4; +https://openai.com/gptbot)"
77.75.79.95 - - [06/Jul/2026:09:07:09 -0400] "GET /potluck-casino-review-quick-wins-and-highintensity/ HTTP/1.1" 200 0 "-" "Mozilla/5.0 (compatible; SeznamBot/4.0; +https://o-seznam.cz/napoveda/vyhledavani/en/seznambot-crawler/)"
185.191.171.2 - - [06/Jul/2026:09:07:09 -0400] "GET /?items%2FD55487108422%2F HTTP/1.1" 200 0 "-" "Mozilla/5.0 (compatible; SemrushBot/7~bl; +http://www.semrush.com/bot.html)"
74.7.242.38 - - [06/Jul/2026:09:07:08 -0400] "GET /buy.php?item/129044477 HTTP/1.1" 200 19635 "https://apkmodguru.com/buy.php?item/111047843" "Mozilla/5.0 AppleWebKit/537.36 (KHTML, like Gecko; compatible; GPTBot/1.4; +https://openai.com/gptbot)"
74.7.242.38 - - [06/Jul/2026:09:07:10 -0400] "GET /buy.php?item/111029835 HTTP/1.1" 200 20936 "https://apkmodguru.com/buy.php?item/111037223" "Mozilla/5.0 AppleWebKit/537.36 (KHTML, like Gecko; compatible; GPTBot/1.4; +https://openai.com/gptbot)"
74.7.242.38 - - [06/Jul/2026:09:07:10 -0400] "GET /buy.php?item/111042855 HTTP/1.1" 200 19843 "https://apkmodguru.com/buy.php?item/111048813" "Mozilla/5.0 AppleWebKit/537.36 (KHTML, like Gecko; compatible; GPTBot/1.4; +https://openai.com/gptbot)"
74.7.242.38 - - [06/Jul/2026:09:07:12 -0400] "GET /buy.php?item/111036225 HTTP/1.1" 200 19678 "https://apkmodguru.com/buy.php?item/111047839" "Mozilla/5.0 AppleWebKit/537.36 (KHTML, like Gecko; compatible; GPTBot/1.4; +https://openai.com/gptbot)"
74.7.242.38 - - [06/Jul/2026:09:07:15 -0400] "GET /buy.php?item/111036217 HTTP/1.1" 200 20789 "https://apkmodguru.com/buy.php?item/111048833" "Mozilla/5.0 AppleWebKit/537.36 (KHTML, like Gecko; compatible; GPTBot/1.4; +https://openai.com/gptbot)"
74.7.242.38 - - [06/Jul/2026:09:07:16 -0400] "GET /buy.php?shopping/233030974 HTTP/1.1" 200 19390 "https://apkmodguru.com/buy.php?item/052000752" "Mozilla/5.0 AppleWebKit/537.36 (KHTML, like Gecko; compatible; GPTBot/1.4; +https://openai.com/gptbot)"
74.7.242.38 - - [06/Jul/2026:09:07:17 -0400] "GET /buy.php?item/111033569 HTTP/1.1" 200 20169 "https://apkmodguru.com/buy.php?item/111027135" "Mozilla/5.0 AppleWebKit/537.36 (KHTML, like Gecko; compatible; GPTBot/1.4; +https://openai.com/gptbot)"
74.7.242.38 - - [06/Jul/2026:09:07:18 -0400] "GET /buy.php?item/111042853 HTTP/1.1" 200 19511 "https://apkmodguru.com/buy.php?item/111048813" "Mozilla/5.0 AppleWebKit/537.36 (KHTML, like Gecko; compatible; GPTBot/1.4; +https://openai.com/gptbot)"
74.7.242.38 - - [06/Jul/2026:09:07:19 -0400] "GET /buy.php?item/111047847 HTTP/1.1" 200 19963 "https://apkmodguru.com/buy.php?item/111023693" "Mozilla/5.0 AppleWebKit/537.36 (KHTML, like Gecko; compatible; GPTBot/1.4; +https://openai.com/gptbot)"
74.7.242.38 - - [06/Jul/2026:09:07:20 -0400] "GET /buy.php?item/144014402 HTTP/1.1" 200 19797 "https://apkmodguru.com/buy.php?item/183006009" "Mozilla/5.0 AppleWebKit/537.36 (KHTML, like Gecko; compatible; GPTBot/1.4; +https://openai.com/gptbot)"
74.7.242.38 - - [06/Jul/2026:09:07:21 -0400] "GET /buy.php?item/111036219 HTTP/1.1" 200 19636 "https://apkmodguru.com/buy.php?item/111048833" "Mozilla/5.0 AppleWebKit/537.36 (KHTML, like Gecko; compatible; GPTBot/1.4; +https://openai.com/gptbot)"
74.7.242.38 - - [06/Jul/2026:09:07:22 -0400] "GET /buy.php?item/076041444 HTTP/1.1" 200 19225 "https://apkmodguru.com/buy.php?item/129044477" "Mozilla/5.0 AppleWebKit/537.36 (KHTML, like Gecko; compatible; GPTBot/1.4; +https://openai.com/gptbot)"
74.7.242.38 - - [06/Jul/2026:09:07:23 -0400] "GET /buy.php?item/300029828 HTTP/1.1" 200 19664 "https://apkmodguru.com/buy.php?item/111048813" "Mozilla/5.0 AppleWebKit/537.36 (KHTML, like Gecko; compatible; GPTBot/1.4; +https://openai.com/gptbot)"
74.7.242.38 - - [06/Jul/2026:09:07:26 -0400] "GET /buy.php?item/111027075 HTTP/1.1" 200 19852 "https://apkmodguru.com/buy.php?item/111027127" "Mozilla/5.0 AppleWebKit/537.36 (KHTML, like Gecko; compatible; GPTBot/1.4; +https://openai.com/gptbot)"
74.7.242.38 - - [06/Jul/2026:09:07:30 -0400] "GET /buy.php?item/147038881 HTTP/1.1" 200 19862 "https://apkmodguru.com/buy.php?item/111036225" "Mozilla/5.0 AppleWebKit/537.36 (KHTML, like Gecko; compatible; GPTBot/1.4; +https://openai.com/gptbot)"
74.7.242.38 - - [06/Jul/2026:09:07:31 -0400] "GET /buy.php?item/068000644 HTTP/1.1" 200 20362 "https://apkmodguru.com/buy.php?item/111036217" "Mozilla/5.0 AppleWebKit/537.36 (KHTML, like Gecko; compatible; GPTBot/1.4; +https://openai.com/gptbot)"
74.7.242.38 - - [06/Jul/2026:09:07:32 -0400] "GET /buy.php?item/111034561 HTTP/1.1" 200 20092 "https://apkmodguru.com/buy.php?item/111029835" "Mozilla/5.0 AppleWebKit/537.36 (KHTML, like Gecko; compatible; GPTBot/1.4; +https://openai.com/gptbot)"
74.7.242.38 - - [06/Jul/2026:09:07:33 -0400] "GET /buy.php?item/111029827 HTTP/1.1" 200 20492 "https://apkmodguru.com/buy.php?item/111033569" "Mozilla/5.0 AppleWebKit/537.36 (KHTML, like Gecko; compatible; GPTBot/1.4; +https://openai.com/gptbot)"
74.7.242.38 - - [06/Jul/2026:09:07:33 -0400] "GET /buy.php?item/111042849 HTTP/1.1" 200 20137 "https://apkmodguru.com/buy.php?item/111042853" "Mozilla/5.0 AppleWebKit/537.36 (KHTML, like Gecko; compatible; GPTBot/1.4; +https://openai.com/gptbot)"
85.208.96.200 - - [06/Jul/2026:09:07:37 -0400] "GET /?items%2FT1998764362%2F HTTP/1.1" 200 0 "-" "Mozilla/5.0 (compatible; SemrushBot/7~bl; +http://www.semrush.com/bot.html)"
185.191.171.1 - - [06/Jul/2026:09:07:41 -0400] "GET /?items%2FM28274112667%2F HTTP/1.1" 200 0 "-" "Mozilla/5.0 (compatible; SemrushBot/7~bl; +http://www.semrush.com/bot.html)"
185.191.171.8 - - [06/Jul/2026:09:07:43 -0400] "GET /?items%2FT19987209986%2F HTTP/1.1" 200 0 "-" "Mozilla/5.0 (compatible; SemrushBot/7~bl; +http://www.semrush.com/bot.html)"
74.7.242.38 - - [06/Jul/2026:09:07:34 -0400] "GET /buy.php?item/111029829 HTTP/1.1" 200 20 "https://apkmodguru.com/buy.php?item/111033569" "Mozilla/5.0 AppleWebKit/537.36 (KHTML, like Gecko; compatible; GPTBot/1.4; +https://openai.com/gptbot)"
185.191.171.11 - - [06/Jul/2026:09:07:54 -0400] "GET /?items%2FG59858203768%2F HTTP/1.1" 200 0 "-" "Mozilla/5.0 (compatible; SemrushBot/7~bl; +http://www.semrush.com/bot.html)"
185.191.171.12 - - [06/Jul/2026:09:07:57 -0400] "GET /?items%2FG5985818033%2F HTTP/1.1" 200 0 "-" "Mozilla/5.0 (compatible; SemrushBot/7~bl; +http://www.semrush.com/bot.html)"
185.191.171.16 - - [06/Jul/2026:09:07:59 -0400] "GET /?items%2FO42394142686%2F HTTP/1.1" 200 0 "-" "Mozilla/5.0 (compatible; SemrushBot/7~bl; +http://www.semrush.com/bot.html)"
74.7.242.38 - - [06/Jul/2026:09:07:54 -0400] "GET /buy.php?item/234000754 HTTP/1.1" 200 19150 "https://apkmodguru.com/buy.php?item/144014402" "Mozilla/5.0 AppleWebKit/537.36 (KHTML, like Gecko; compatible; GPTBot/1.4; +https://openai.com/gptbot)"
74.7.242.38 - - [06/Jul/2026:09:08:00 -0400] "GET /buy.php?item/111005543 HTTP/1.1" 200 20823 "https://apkmodguru.com/buy.php?item/111047847" "Mozilla/5.0 AppleWebKit/537.36 (KHTML, like Gecko; compatible; GPTBot/1.4; +https://openai.com/gptbot)"
74.7.242.38 - - [06/Jul/2026:09:08:08 -0400] "GET /buy.php?item/076048880 HTTP/1.1" 200 19201 "https://apkmodguru.com/buy.php?item/076041444" "Mozilla/5.0 AppleWebKit/537.36 (KHTML, like Gecko; compatible; GPTBot/1.4; +https://openai.com/gptbot)"
74.7.242.38 - - [06/Jul/2026:09:08:09 -0400] "GET /buy.php?item/111023689 HTTP/1.1" 200 19386 "https://apkmodguru.com/buy.php?item/111036219" "Mozilla/5.0 AppleWebKit/537.36 (KHTML, like Gecko; compatible; GPTBot/1.4; +https://openai.com/gptbot)"
74.7.242.38 - - [06/Jul/2026:09:08:09 -0400] "GET /buy.php?item/111027125 HTTP/1.1" 200 19769 "https://apkmodguru.com/buy.php?item/111027075" "Mozilla/5.0 AppleWebKit/537.36 (KHTML, like Gecko; compatible; GPTBot/1.4; +https://openai.com/gptbot)"
74.7.242.38 - - [06/Jul/2026:09:08:10 -0400] "GET /buy.php?item/111029831 HTTP/1.1" 200 20758 "https://apkmodguru.com/buy.php?item/111033569" "Mozilla/5.0 AppleWebKit/537.36 (KHTML, like Gecko; compatible; GPTBot/1.4; +https://openai.com/gptbot)"
74.7.242.38 - - [06/Jul/2026:09:08:13 -0400] "GET /buy.php?item/111029833 HTTP/1.1" 200 19463 "https://apkmodguru.com/buy.php?item/111037223" "Mozilla/5.0 AppleWebKit/537.36 (KHTML, like Gecko; compatible; GPTBot/1.4; +https://openai.com/gptbot)"
74.7.242.38 - - [06/Jul/2026:09:08:14 -0400] "GET /buy.php?item/111046917 HTTP/1.1" 200 20250 "https://apkmodguru.com/buy.php?item/111034561" "Mozilla/5.0 AppleWebKit/537.36 (KHTML, like Gecko; compatible; GPTBot/1.4; +https://openai.com/gptbot)"
74.7.242.38 - - [06/Jul/2026:09:08:15 -0400] "GET /buy.php?item/111047845 HTTP/1.1" 200 20122 "https://apkmodguru.com/buy.php?item/111023693" "Mozilla/5.0 AppleWebKit/537.36 (KHTML, like Gecko; compatible; GPTBot/1.4; +https://openai.com/gptbot)"
74.7.242.38 - - [06/Jul/2026:09:08:16 -0400] "GET /buy.php?item/111004519 HTTP/1.1" 200 20868 "https://apkmodguru.com/buy.php?item/111042849" "Mozilla/5.0 AppleWebKit/537.36 (KHTML, like Gecko; compatible; GPTBot/1.4; +https://openai.com/gptbot)"
74.7.242.38 - - [06/Jul/2026:09:08:17 -0400] "GET /buy.php?item/111004521 HTTP/1.1" 200 19742 "https://apkmodguru.com/buy.php?item/111042849" "Mozilla/5.0 AppleWebKit/537.36 (KHTML, like Gecko; compatible; GPTBot/1.4; +https://openai.com/gptbot)"
74.7.242.38 - - [06/Jul/2026:09:08:17 -0400] "GET /buy.php?item/221023833 HTTP/1.1" 200 19777 "https://apkmodguru.com/buy.php?item/111047847" "Mozilla/5.0 AppleWebKit/537.36 (KHTML, like Gecko; compatible; GPTBot/1.4; +https://openai.com/gptbot)"
66.249.77.35 - - [06/Jul/2026:09:08:20 -0400] "GET /items/V901749123 HTTP/1.1" 200 19711 "-" "Mozilla/5.0 (Linux; Android 6.0.1; Nexus 5X Build/MMB29P) AppleWebKit/537.36 (KHTML, like Gecko) Chrome/150.0.7871.46 Mobile Safari/537.36 (compatible; Googlebot/2.1; +http://www.google.com/bot.html)"
74.7.242.38 - - [06/Jul/2026:09:08:20 -0400] "GET /buy.php?item/025013939 HTTP/1.1" 200 20205 "https://apkmodguru.com/buy.php?item/111005543" "Mozilla/5.0 AppleWebKit/537.36 (KHTML, like Gecko; compatible; GPTBot/1.4; +https://openai.com/gptbot)"
74.7.242.38 - - [06/Jul/2026:09:08:21 -0400] "GET /buy.php?item/022010740 HTTP/1.1" 200 19225 "https://apkmodguru.com/buy.php?item/022033304" "Mozilla/5.0 AppleWebKit/537.36 (KHTML, like Gecko; compatible; GPTBot/1.4; +https://openai.com/gptbot)"
74.7.242.38 - - [06/Jul/2026:09:08:21 -0400] "GET /buy.php?item/007034727 HTTP/1.1" 200 19303 "https://apkmodguru.com/buy.php?item/111042853" "Mozilla/5.0 AppleWebKit/537.36 (KHTML, like Gecko; compatible; GPTBot/1.4; +https://openai.com/gptbot)"
74.7.242.38 - - [06/Jul/2026:09:08:22 -0400] "GET /buy.php?item/107009031 HTTP/1.1" 200 19389 "https://apkmodguru.com/buy.php?m21924570628" "Mozilla/5.0 AppleWebKit/537.36 (KHTML, like Gecko; compatible; GPTBot/1.4; +https://openai.com/gptbot)"
74.7.242.38 - - [06/Jul/2026:09:08:23 -0400] "GET /buy.php?item/022010742 HTTP/1.1" 200 19779 "https://apkmodguru.com/buy.php?item/022033304" "Mozilla/5.0 AppleWebKit/537.36 (KHTML, like Gecko; compatible; GPTBot/1.4; +https://openai.com/gptbot)"
74.7.242.38 - - [06/Jul/2026:09:08:24 -0400] "GET /buy.php?item/111001479 HTTP/1.1" 200 20035 "https://apkmodguru.com/buy.php?item/111029833" "Mozilla/5.0 AppleWebKit/537.36 (KHTML, like Gecko; compatible; GPTBot/1.4; +https://openai.com/gptbot)"
74.7.242.38 - - [06/Jul/2026:09:08:25 -0400] "GET /buy.php?item/111027071 HTTP/1.1" 200 19697 "https://apkmodguru.com/buy.php?item/111046917" "Mozilla/5.0 AppleWebKit/537.36 (KHTML, like Gecko; compatible; GPTBot/1.4; +https://openai.com/gptbot)"
74.7.242.38 - - [06/Jul/2026:09:08:26 -0400] "GET /buy.php?item/111004517 HTTP/1.1" 200 20756 "https://apkmodguru.com/buy.php?item/111047845" "Mozilla/5.0 AppleWebKit/537.36 (KHTML, like Gecko; compatible; GPTBot/1.4; +https://openai.com/gptbot)"
74.7.242.38 - - [06/Jul/2026:09:08:26 -0400] "GET /buy.php?detail/11102369549536 HTTP/1.1" 200 20320 "https://apkmodguru.com/buy.php?item/111004519" "Mozilla/5.0 AppleWebKit/537.36 (KHTML, like Gecko; compatible; GPTBot/1.4; +https://openai.com/gptbot)"
74.7.242.38 - - [06/Jul/2026:09:08:27 -0400] "GET /buy.php?item/111023699 HTTP/1.1" 200 20014 "https://apkmodguru.com/buy.php?item/111004519" "Mozilla/5.0 AppleWebKit/537.36 (KHTML, like Gecko; compatible; GPTBot/1.4; +https://openai.com/gptbot)"
85.208.96.198 - - [06/Jul/2026:09:08:41 -0400] "GET /?items%2FF47455113353%2F HTTP/1.1" 200 0 "-" "Mozilla/5.0 (compatible; SemrushBot/7~bl; +http://www.semrush.com/bot.html)"
185.191.171.12 - - [06/Jul/2026:09:08:44 -0400] "GET /?items%2FT1998787677%2F HTTP/1.1" 200 0 "-" "Mozilla/5.0 (compatible; SemrushBot/7~bl; +http://www.semrush.com/bot.html)"
185.191.171.2 - - [06/Jul/2026:09:08:46 -0400] "GET /?items%2FD55487269131%2F HTTP/1.1" 200 0 "-" "Mozilla/5.0 (compatible; SemrushBot/7~bl; +http://www.semrush.com/bot.html)"
74.7.242.38 - - [06/Jul/2026:09:08:28 -0400] "GET /buy.php?item/111023697 HTTP/1.1" 200 20 "https://apkmodguru.com/buy.php?item/111004521" "Mozilla/5.0 AppleWebKit/537.36 (KHTML, like Gecko; compatible; GPTBot/1.4; +https://openai.com/gptbot)"
74.7.242.38 - - [06/Jul/2026:09:08:48 -0400] "GET /buy.php?item/028004870 HTTP/1.1" 200 19781 "https://apkmodguru.com/buy.php?item/111004521" "Mozilla/5.0 AppleWebKit/537.36 (KHTML, like Gecko; compatible; GPTBot/1.4; +https://openai.com/gptbot)"
74.7.242.38 - - [06/Jul/2026:09:08:50 -0400] "GET /buy.php?item/150003152 HTTP/1.1" 200 19707 "https://apkmodguru.com/buy.php?item/022010740" "Mozilla/5.0 AppleWebKit/537.36 (KHTML, like Gecko; compatible; GPTBot/1.4; +https://openai.com/gptbot)"
74.7.242.38 - - [06/Jul/2026:09:08:50 -0400] "GET /buy.php?item/027005085 HTTP/1.1" 200 19673 "https://apkmodguru.com/buy.php?item/230002458" "Mozilla/5.0 AppleWebKit/537.36 (KHTML, like Gecko; compatible; GPTBot/1.4; +https://openai.com/gptbot)"
66.249.77.33 - - [06/Jul/2026:09:08:56 -0400] "GET /items/N371898973 HTTP/1.1" 200 19035 "-" "Mozilla/5.0 (Linux; Android 6.0.1; Nexus 5X Build/MMB29P) AppleWebKit/537.36 (KHTML, like Gecko) Chrome/150.0.7871.46 Mobile Safari/537.36 (compatible; Googlebot/2.1; +http://www.google.com/bot.html)"
74.7.242.38 - - [06/Jul/2026:09:08:52 -0400] "GET /buy.php?item/107009033 HTTP/1.1" 200 19122 "https://apkmodguru.com/buy.php?item/107009031" "Mozilla/5.0 AppleWebKit/537.36 (KHTML, like Gecko; compatible; GPTBot/1.4; +https://openai.com/gptbot)"
74.7.242.38 - - [06/Jul/2026:09:09:00 -0400] "GET /buy.php?item/022018888 HTTP/1.1" 200 19241 "https://apkmodguru.com/buy.php?item/022010742" "Mozilla/5.0 AppleWebKit/537.36 (KHTML, like Gecko; compatible; GPTBot/1.4; +https://openai.com/gptbot)"
74.7.242.38 - - [06/Jul/2026:09:09:01 -0400] "GET /buy.php?item/060026704 HTTP/1.1" 200 20216 "https://apkmodguru.com/buy.php?item/111000405" "Mozilla/5.0 AppleWebKit/537.36 (KHTML, like Gecko; compatible; GPTBot/1.4; +https://openai.com/gptbot)"
66.249.77.35 - - [06/Jul/2026:09:09:05 -0400] "GET /m77394044550 HTTP/1.1" 200 18915 "-" "Mozilla/5.0 (Linux; Android 6.0.1; Nexus 5X Build/MMB29P) AppleWebKit/537.36 (KHTML, like Gecko) Chrome/150.0.7871.46 Mobile Safari/537.36 (compatible; Googlebot/2.1; +http://www.google.com/bot.html)"
74.7.242.38 - - [06/Jul/2026:09:09:04 -0400] "GET /buy.php?item/111031283 HTTP/1.1" 200 20488 "https://apkmodguru.com/buy.php?item/111027071" "Mozilla/5.0 AppleWebKit/537.36 (KHTML, like Gecko; compatible; GPTBot/1.4; +https://openai.com/gptbot)"
74.7.242.38 - - [06/Jul/2026:09:09:09 -0400] "GET /buy.php?item/111000403 HTTP/1.1" 200 20298 "https://apkmodguru.com/buy.php?item/111004517" "Mozilla/5.0 AppleWebKit/537.36 (KHTML, like Gecko; compatible; GPTBot/1.4; +https://openai.com/gptbot)"
74.7.242.38 - - [06/Jul/2026:09:09:11 -0400] "GET /buy.php?item/010036506 HTTP/1.1" 200 19012 "https://apkmodguru.com/buy.php?item/111041809" "Mozilla/5.0 AppleWebKit/537.36 (KHTML, like Gecko; compatible; GPTBot/1.4; +https://openai.com/gptbot)"
74.7.242.38 - - [06/Jul/2026:09:09:12 -0400] "GET /buy.php?item/111005013 HTTP/1.1" 200 20351 "https://apkmodguru.com/buy.php?item/111023699" "Mozilla/5.0 AppleWebKit/537.36 (KHTML, like Gecko; compatible; GPTBot/1.4; +https://openai.com/gptbot)"
74.7.242.38 - - [06/Jul/2026:09:09:12 -0400] "GET /buy.php?item/020046940 HTTP/1.1" 200 20946 "https://apkmodguru.com/buy.php?item/060000998" "Mozilla/5.0 AppleWebKit/537.36 (KHTML, like Gecko; compatible; GPTBot/1.4; +https://openai.com/gptbot)"
74.7.242.38 - - [06/Jul/2026:09:09:17 -0400] "GET /buy.php?item/028048888 HTTP/1.1" 200 19733 "https://apkmodguru.com/buy.php?item/028004870" "Mozilla/5.0 AppleWebKit/537.36 (KHTML, like Gecko; compatible; GPTBot/1.4; +https://openai.com/gptbot)"
85.208.96.210 - - [06/Jul/2026:09:09:21 -0400] "GET /?items%2FT19987126546%2F HTTP/1.1" 200 0 "-" "Mozilla/5.0 (compatible; SemrushBot/7~bl; +http://www.semrush.com/bot.html)"
74.7.242.38 - - [06/Jul/2026:09:09:18 -0400] "GET /buy.php?item/150003150 HTTP/1.1" 200 19802 "https://apkmodguru.com/buy.php?item/150003152" "Mozilla/5.0 AppleWebKit/537.36 (KHTML, like Gecko; compatible; GPTBot/1.4; +https://openai.com/gptbot)"
74.7.242.38 - - [06/Jul/2026:09:09:21 -0400] "GET /buy.php?item/231000335 HTTP/1.1" 200 18939 "https://apkmodguru.com/buy.php?item/027005085" "Mozilla/5.0 AppleWebKit/537.36 (KHTML, like Gecko; compatible; GPTBot/1.4; +https://openai.com/gptbot)"
74.7.242.38 - - [06/Jul/2026:09:09:24 -0400] "GET /buy.php?item/150003148 HTTP/1.1" 200 19120 "https://apkmodguru.com/buy.php?item/150003152" "Mozilla/5.0 AppleWebKit/537.36 (KHTML, like Gecko; compatible; GPTBot/1.4; +https://openai.com/gptbot)"
74.7.242.38 - - [06/Jul/2026:09:09:25 -0400] "GET /buy.php?item/028048890 HTTP/1.1" 200 19473 "https://apkmodguru.com/buy.php?item/028004870" "Mozilla/5.0 AppleWebKit/537.36 (KHTML, like Gecko; compatible; GPTBot/1.4; +https://openai.com/gptbot)"
74.7.242.38 - - [06/Jul/2026:09:09:25 -0400] "GET /buy.php?item/027005087 HTTP/1.1" 200 18993 "https://apkmodguru.com/buy.php?item/027005085" "Mozilla/5.0 AppleWebKit/537.36 (KHTML, like Gecko; compatible; GPTBot/1.4; +https://openai.com/gptbot)"
74.7.242.38 - - [06/Jul/2026:09:09:27 -0400] "GET /buy.php?item/001032027 HTTP/1.1" 200 19608 "https://apkmodguru.com/buy.php?item/001045575" "Mozilla/5.0 AppleWebKit/537.36 (KHTML, like Gecko; compatible; GPTBot/1.4; +https://openai.com/gptbot)"
74.7.242.38 - - [06/Jul/2026:09:09:28 -0400] "GET /buy.php?item/180010620 HTTP/1.1" 200 20047 "https://apkmodguru.com/buy.php?item/300029828" "Mozilla/5.0 AppleWebKit/537.36 (KHTML, like Gecko; compatible; GPTBot/1.4; +https://openai.com/gptbot)"
185.191.171.15 - - [06/Jul/2026:09:09:35 -0400] "GET /?items%2FJ98471104601%2F HTTP/1.1" 200 0 "-" "Mozilla/5.0 (compatible; SemrushBot/7~bl; +http://www.semrush.com/bot.html)"
74.7.242.38 - - [06/Jul/2026:09:09:28 -0400] "GET /buy.php?item/151045535 HTTP/1.1" 200 20 "https://apkmodguru.com/buy.php?item/151045553" "Mozilla/5.0 AppleWebKit/537.36 (KHTML, like Gecko; compatible; GPTBot/1.4; +https://openai.com/gptbot)"
74.7.242.38 - - [06/Jul/2026:09:09:48 -0400] "GET /buy.php?item/292035956 HTTP/1.1" 200 19565 "https://apkmodguru.com/buy.php?item/060026704" "Mozilla/5.0 AppleWebKit/537.36 (KHTML, like Gecko; compatible; GPTBot/1.4; +https://openai.com/gptbot)"
74.7.242.38 - - [06/Jul/2026:09:09:49 -0400] "GET /buy.php?item/250004110 HTTP/1.1" 200 19912 "https://apkmodguru.com/buy.php?item/020046940" "Mozilla/5.0 AppleWebKit/537.36 (KHTML, like Gecko; compatible; GPTBot/1.4; +https://openai.com/gptbot)"
74.7.242.38 - - [06/Jul/2026:09:09:49 -0400] "GET /buy.php?item/028031738 HTTP/1.1" 200 19755 "https://apkmodguru.com/buy.php?item/028048888" "Mozilla/5.0 AppleWebKit/537.36 (KHTML, like Gecko; compatible; GPTBot/1.4; +https://openai.com/gptbot)"
185.191.171.2 - - [06/Jul/2026:09:09:54 -0400] "GET /?items%2FG59858258508%2F HTTP/1.1" 200 0 "-" "Mozilla/5.0 (compatible; SemrushBot/7~bl; +http://www.semrush.com/bot.html)"
185.191.171.6 - - [06/Jul/2026:09:10:08 -0400] "GET /?items%2FM28274284802%2F HTTP/1.1" 200 0 "-" "Mozilla/5.0 (compatible; SemrushBot/7~bl; +http://www.semrush.com/bot.html)"
74.7.242.38 - - [06/Jul/2026:09:09:50 -0400] "GET /buy.php?item/111031983 HTTP/1.1" 200 20 "https://apkmodguru.com/buy.php?item/111031283" "Mozilla/5.0 AppleWebKit/537.36 (KHTML, like Gecko; compatible; GPTBot/1.4; +https://openai.com/gptbot)"
74.7.242.38 - - [06/Jul/2026:09:10:10 -0400] "GET /buy.php?item/111027133 HTTP/1.1" 200 20219 "https://apkmodguru.com/buy.php?item/111005013" "Mozilla/5.0 AppleWebKit/537.36 (KHTML, like Gecko; compatible; GPTBot/1.4; +https://openai.com/gptbot)"
74.7.242.38 - - [06/Jul/2026:09:10:12 -0400] "GET /buy.php?item/062020270 HTTP/1.1" 200 20406 "https://apkmodguru.com/buy.php?item/150003148" "Mozilla/5.0 AppleWebKit/537.36 (KHTML, like Gecko; compatible; GPTBot/1.4; +https://openai.com/gptbot)"
74.7.242.38 - - [06/Jul/2026:09:10:12 -0400] "GET /buy.php?item/010006458 HTTP/1.1" 200 19373 "https://apkmodguru.com/buy.php?item/010036506" "Mozilla/5.0 AppleWebKit/537.36 (KHTML, like Gecko; compatible; GPTBot/1.4; +https://openai.com/gptbot)"
74.7.242.38 - - [06/Jul/2026:09:10:15 -0400] "GET /buy.php?item/289033395 HTTP/1.1" 200 19504 "https://apkmodguru.com/buy.php?item/111000403" "Mozilla/5.0 AppleWebKit/537.36 (KHTML, like Gecko; compatible; GPTBot/1.4; +https://openai.com/gptbot)"
74.7.242.38 - - [06/Jul/2026:09:10:16 -0400] "GET /buy.php?item/060026708 HTTP/1.1" 200 20020 "https://apkmodguru.com/buy.php?item/060026704" "Mozilla/5.0 AppleWebKit/537.36 (KHTML, like Gecko; compatible; GPTBot/1.4; +https://openai.com/gptbot)"
74.7.242.38 - - [06/Jul/2026:09:10:17 -0400] "GET /buy.php?item/299023141 HTTP/1.1" 200 20038 "https://apkmodguru.com/buy.php?item/180010620" "Mozilla/5.0 AppleWebKit/537.36 (KHTML, like Gecko; compatible; GPTBot/1.4; +https://openai.com/gptbot)"
85.208.96.210 - - [06/Jul/2026:09:10:18 -0400] "GET /?items%2FT19987265207%2F HTTP/1.1" 200 0 "-" "Mozilla/5.0 (compatible; SemrushBot/7~bl; +http://www.semrush.com/bot.html)"
74.7.242.38 - - [06/Jul/2026:09:10:18 -0400] "GET /buy.php?item/028001588 HTTP/1.1" 200 19781 "https://apkmodguru.com/buy.php?item/028048890" "Mozilla/5.0 AppleWebKit/537.36 (KHTML, like Gecko; compatible; GPTBot/1.4; +https://openai.com/gptbot)"
74.7.242.38 - - [06/Jul/2026:09:10:18 -0400] "GET /buy.php?item/069010309 HTTP/1.1" 200 19071 "https://apkmodguru.com/buy.php?item/111048813" "Mozilla/5.0 AppleWebKit/537.36 (KHTML, like Gecko; compatible; GPTBot/1.4; +https://openai.com/gptbot)"
74.7.242.38 - - [06/Jul/2026:09:10:19 -0400] "GET /buy.php?item/080045820 HTTP/1.1" 200 20370 "https://apkmodguru.com/buy.php?item/080009992" "Mozilla/5.0 AppleWebKit/537.36 (KHTML, like Gecko; compatible; GPTBot/1.4; +https://openai.com/gptbot)"
74.7.242.38 - - [06/Jul/2026:09:10:21 -0400] "GET /buy.php?item/102000760 HTTP/1.1" 200 20449 "https://apkmodguru.com/buy.php?item/028031738" "Mozilla/5.0 AppleWebKit/537.36 (KHTML, like Gecko; compatible; GPTBot/1.4; +https://openai.com/gptbot)"
74.7.242.38 - - [06/Jul/2026:09:10:21 -0400] "GET /buy.php?item/066046554 HTTP/1.1" 200 19337 "https://apkmodguru.com/buy.php?item/111034561" "Mozilla/5.0 AppleWebKit/537.36 (KHTML, like Gecko; compatible; GPTBot/1.4; +https://openai.com/gptbot)"
74.7.242.38 - - [06/Jul/2026:09:10:22 -0400] "GET /buy.php?item/111048809 HTTP/1.1" 200 20058 "https://apkmodguru.com/buy.php?item/111027133" "Mozilla/5.0 AppleWebKit/537.36 (KHTML, like Gecko; compatible; GPTBot/1.4; +https://openai.com/gptbot)"
185.191.171.10 - - [06/Jul/2026:09:10:24 -0400] "GET /?items%2FO68550268538%2F HTTP/1.1" 200 0 "-" "Mozilla/5.0 (compatible; SemrushBot/7~bl; +http://www.semrush.com/bot.html)"
74.7.242.38 - - [06/Jul/2026:09:10:23 -0400] "GET /buy.php?item/111047849 HTTP/1.1" 200 19754 "https://apkmodguru.com/buy.php?item/111027133" "Mozilla/5.0 AppleWebKit/537.36 (KHTML, like Gecko; compatible; GPTBot/1.4; +https://openai.com/gptbot)"
74.7.242.38 - - [06/Jul/2026:09:10:24 -0400] "GET /buy.php?item/010006454 HTTP/1.1" 200 19443 "https://apkmodguru.com/buy.php?item/010006458" "Mozilla/5.0 AppleWebKit/537.36 (KHTML, like Gecko; compatible; GPTBot/1.4; +https://openai.com/gptbot)"
185.191.171.19 - - [06/Jul/2026:09:10:28 -0400] "GET /?items%2FG59858162938%2F HTTP/1.1" 200 0 "-" "Mozilla/5.0 (compatible; SemrushBot/7~bl; +http://www.semrush.com/bot.html)"
74.7.242.38 - - [06/Jul/2026:09:10:25 -0400] "GET /buy.php?item/289022225 HTTP/1.1" 200 19709 "https://apkmodguru.com/buy.php?item/289033395" "Mozilla/5.0 AppleWebKit/537.36 (KHTML, like Gecko; compatible; GPTBot/1.4; +https://openai.com/gptbot)"
74.7.242.38 - - [06/Jul/2026:09:10:29 -0400] "GET /buy.php?item/289022227 HTTP/1.1" 200 19470 "https://apkmodguru.com/buy.php?item/289033395" "Mozilla/5.0 AppleWebKit/537.36 (KHTML, like Gecko; compatible; GPTBot/1.4; +https://openai.com/gptbot)"
74.7.242.38 - - [06/Jul/2026:09:10:30 -0400] "GET /buy.php?item/289022223 HTTP/1.1" 200 19169 "https://apkmodguru.com/buy.php?item/289033395" "Mozilla/5.0 AppleWebKit/537.36 (KHTML, like Gecko; compatible; GPTBot/1.4; +https://openai.com/gptbot)"
74.7.242.38 - - [06/Jul/2026:09:10:31 -0400] "GET /buy.php?item/010006452 HTTP/1.1" 200 19238 "https://apkmodguru.com/buy.php?item/010006458" "Mozilla/5.0 AppleWebKit/537.36 (KHTML, like Gecko; compatible; GPTBot/1.4; +https://openai.com/gptbot)"
85.208.96.210 - - [06/Jul/2026:09:10:38 -0400] "GET /?items%2FO8771268551%2F HTTP/1.1" 200 0 "-" "Mozilla/5.0 (compatible; SemrushBot/7~bl; +http://www.semrush.com/bot.html)"
66.249.77.34 - - [06/Jul/2026:09:10:45 -0400] "GET /items/B792940631/ HTTP/1.1" 200 19449 "-" "Mozilla/5.0 (Linux; Android 6.0.1; Nexus 5X Build/MMB29P) AppleWebKit/537.36 (KHTML, like Gecko) Chrome/150.0.7871.46 Mobile Safari/537.36 (compatible; Googlebot/2.1; +http://www.google.com/bot.html)"
85.208.96.207 - - [06/Jul/2026:09:10:47 -0400] "GET /?items%2FF47455237387%2F HTTP/1.1" 200 0 "-" "Mozilla/5.0 (compatible; SemrushBot/7~bl; +http://www.semrush.com/bot.html)"
77.75.79.95 - - [06/Jul/2026:09:10:53 -0400] "GET /items/A134595529/ HTTP/1.1" 200 0 "-" "Mozilla/5.0 (compatible; SeznamBot/4.0; +https://o-seznam.cz/napoveda/vyhledavani/en/seznambot-crawler/)"
74.7.242.38 - - [06/Jul/2026:09:10:35 -0400] "GET /buy.php?shopping/069010312 HTTP/1.1" 200 20 "https://apkmodguru.com/buy.php?item/069010309" "Mozilla/5.0 AppleWebKit/537.36 (KHTML, like Gecko; compatible; GPTBot/1.4; +https://openai.com/gptbot)"
74.7.242.38 - - [06/Jul/2026:09:10:55 -0400] "GET /buy.php?item/080008674 HTTP/1.1" 200 20016 "https://apkmodguru.com/buy.php?item/080045820" "Mozilla/5.0 AppleWebKit/537.36 (KHTML, like Gecko; compatible; GPTBot/1.4; +https://openai.com/gptbot)"
85.208.96.210 - - [06/Jul/2026:09:11:02 -0400] "GET /?items%2FO6855036347%2F HTTP/1.1" 200 0 "-" "Mozilla/5.0 (compatible; SemrushBot/7~bl; +http://www.semrush.com/bot.html)"
74.7.242.38 - - [06/Jul/2026:09:10:56 -0400] "GET /buy.php?item/080007980 HTTP/1.1" 200 20413 "https://apkmodguru.com/buy.php?item/080045820" "Mozilla/5.0 AppleWebKit/537.36 (KHTML, like Gecko; compatible; GPTBot/1.4; +https://openai.com/gptbot)"
74.7.242.38 - - [06/Jul/2026:09:11:08 -0400] "GET /buy.php?item/140005144 HTTP/1.1" 200 20539 "https://apkmodguru.com/buy.php?item/080045820" "Mozilla/5.0 AppleWebKit/537.36 (KHTML, like Gecko; compatible; GPTBot/1.4; +https://openai.com/gptbot)"
74.7.242.38 - - [06/Jul/2026:09:11:08 -0400] "GET /buy.php?item/213000125 HTTP/1.1" 200 20225 "https://apkmodguru.com/buy.php?item/111048809" "Mozilla/5.0 AppleWebKit/537.36 (KHTML, like Gecko; compatible; GPTBot/1.4; +https://openai.com/gptbot)"
74.7.242.38 - - [06/Jul/2026:09:11:09 -0400] "GET /buy.php?item/111001485 HTTP/1.1" 200 20104 "https://apkmodguru.com/buy.php?item/111047849" "Mozilla/5.0 AppleWebKit/537.36 (KHTML, like Gecko; compatible; GPTBot/1.4; +https://openai.com/gptbot)"
74.7.242.38 - - [06/Jul/2026:09:11:10 -0400] "GET /buy.php?item/010006476 HTTP/1.1" 200 19796 "https://apkmodguru.com/buy.php?item/010006454" "Mozilla/5.0 AppleWebKit/537.36 (KHTML, like Gecko; compatible; GPTBot/1.4; +https://openai.com/gptbot)"
74.7.242.38 - - [06/Jul/2026:09:11:11 -0400] "GET /buy.php?shopping/054029483 HTTP/1.1" 200 19358 "https://apkmodguru.com/buy.php?item/289022225" "Mozilla/5.0 AppleWebKit/537.36 (KHTML, like Gecko; compatible; GPTBot/1.4; +https://openai.com/gptbot)"
74.7.242.38 - - [06/Jul/2026:09:11:12 -0400] "GET /buy.php?item/010006474 HTTP/1.1" 200 19295 "https://apkmodguru.com/buy.php?item/010006454" "Mozilla/5.0 AppleWebKit/537.36 (KHTML, like Gecko; compatible; GPTBot/1.4; +https://openai.com/gptbot)"
74.7.242.38 - - [06/Jul/2026:09:11:13 -0400] "GET /buy.php?item/111004515 HTTP/1.1" 200 19594 "https://apkmodguru.com/buy.php?item/111047849" "Mozilla/5.0 AppleWebKit/537.36 (KHTML, like Gecko; compatible; GPTBot/1.4; +https://openai.com/gptbot)"
85.208.96.212 - - [06/Jul/2026:09:11:17 -0400] "GET /?items%2FO68550248424%2F HTTP/1.1" 200 0 "-" "Mozilla/5.0 (compatible; SemrushBot/7~bl; +http://www.semrush.com/bot.html)"
74.7.242.38 - - [06/Jul/2026:09:11:14 -0400] "GET /buy.php?item/010006478 HTTP/1.1" 200 20520 "https://apkmodguru.com/buy.php?item/010006454" "Mozilla/5.0 AppleWebKit/537.36 (KHTML, like Gecko; compatible; GPTBot/1.4; +https://openai.com/gptbot)"
74.7.242.38 - - [06/Jul/2026:09:11:17 -0400] "GET /buy.php?item/277011751 HTTP/1.1" 200 20093 "https://apkmodguru.com/buy.php?item/066046554" "Mozilla/5.0 AppleWebKit/537.36 (KHTML, like Gecko; compatible; GPTBot/1.4; +https://openai.com/gptbot)"
74.7.242.38 - - [06/Jul/2026:09:11:19 -0400] "GET /buy.php?item/060026694 HTTP/1.1" 200 19725 "https://apkmodguru.com/buy.php?item/060026708" "Mozilla/5.0 AppleWebKit/537.36 (KHTML, like Gecko; compatible; GPTBot/1.4; +https://openai.com/gptbot)"
74.7.242.38 - - [06/Jul/2026:09:11:20 -0400] "GET /buy.php?item/080035888 HTTP/1.1" 200 20662 "https://apkmodguru.com/buy.php?item/080007980" "Mozilla/5.0 AppleWebKit/537.36 (KHTML, like Gecko; compatible; GPTBot/1.4; +https://openai.com/gptbot)"
74.7.242.38 - - [06/Jul/2026:09:11:24 -0400] "GET /buy.php?item/111045207 HTTP/1.1" 200 19293 "https://apkmodguru.com/buy.php?item/140005144" "Mozilla/5.0 AppleWebKit/537.36 (KHTML, like Gecko; compatible; GPTBot/1.4; +https://openai.com/gptbot)"
74.7.242.38 - - [06/Jul/2026:09:11:25 -0400] "GET /buy.php?item/240021620 HTTP/1.1" 200 19020 "https://apkmodguru.com/buy.php?item/102000760" "Mozilla/5.0 AppleWebKit/537.36 (KHTML, like Gecko; compatible; GPTBot/1.4; +https://openai.com/gptbot)"
74.7.242.38 - - [06/Jul/2026:09:11:26 -0400] "GET /buy.php?item/170008048 HTTP/1.1" 200 19467 "https://apkmodguru.com/buy.php?item/111001485" "Mozilla/5.0 AppleWebKit/537.36 (KHTML, like Gecko; compatible; GPTBot/1.4; +https://openai.com/gptbot)"
74.7.242.38 - - [06/Jul/2026:09:11:27 -0400] "GET /buy.php?item/102016300 HTTP/1.1" 200 20504 "https://apkmodguru.com/buy.php?item/102000760" "Mozilla/5.0 AppleWebKit/537.36 (KHTML, like Gecko; compatible; GPTBot/1.4; +https://openai.com/gptbot)"
74.7.242.38 - - [06/Jul/2026:09:11:27 -0400] "GET /buy.php?item/054028220 HTTP/1.1" 200 19380 "https://apkmodguru.com/buy.php?shopping/054029483" "Mozilla/5.0 AppleWebKit/537.36 (KHTML, like Gecko; compatible; GPTBot/1.4; +https://openai.com/gptbot)"
74.7.242.38 - - [06/Jul/2026:09:11:28 -0400] "GET /buy.php?item/010006462 HTTP/1.1" 200 19989 "https://apkmodguru.com/buy.php?item/010006474" "Mozilla/5.0 AppleWebKit/537.36 (KHTML, like Gecko; compatible; GPTBot/1.4; +https://openai.com/gptbot)"
74.7.242.38 - - [06/Jul/2026:09:11:29 -0400] "GET /buy.php?item/111015395 HTTP/1.1" 200 19640 "https://apkmodguru.com/buy.php?item/111004515" "Mozilla/5.0 AppleWebKit/537.36 (KHTML, like Gecko; compatible; GPTBot/1.4; +https://openai.com/gptbot)"
74.7.242.38 - - [06/Jul/2026:09:11:30 -0400] "GET /buy.php?item/010006460 HTTP/1.1" 200 19469 "https://apkmodguru.com/buy.php?item/010006474" "Mozilla/5.0 AppleWebKit/537.36 (KHTML, like Gecko; compatible; GPTBot/1.4; +https://openai.com/gptbot)"
74.7.242.38 - - [06/Jul/2026:09:11:31 -0400] "GET /buy.php?shopping/277037152 HTTP/1.1" 200 20164 "https://apkmodguru.com/buy.php?item/277011751" "Mozilla/5.0 AppleWebKit/537.36 (KHTML, like Gecko; compatible; GPTBot/1.4; +https://openai.com/gptbot)"
74.7.242.38 - - [06/Jul/2026:09:11:32 -0400] "GET /buy.php?item/300009740 HTTP/1.1" 200 19509 "https://apkmodguru.com/buy.php?item/060026694" "Mozilla/5.0 AppleWebKit/537.36 (KHTML, like Gecko; compatible; GPTBot/1.4; +https://openai.com/gptbot)"
74.7.242.38 - - [06/Jul/2026:09:11:32 -0400] "GET /buy.php?item/250045296 HTTP/1.1" 200 19224 "https://apkmodguru.com/buy.php?item/080035888" "Mozilla/5.0 AppleWebKit/537.36 (KHTML, like Gecko; compatible; GPTBot/1.4; +https://openai.com/gptbot)"
74.7.242.38 - - [06/Jul/2026:09:11:33 -0400] "GET /buy.php?item/010006472 HTTP/1.1" 200 19742 "https://apkmodguru.com/buy.php?item/010006478" "Mozilla/5.0 AppleWebKit/537.36 (KHTML, like Gecko; compatible; GPTBot/1.4; +https://openai.com/gptbot)"
36.112.209.154 - - [06/Jul/2026:09:11:41 -0400] "GET / HTTP/1.1" 200 0 "-" "Mozilla/5.0 Firefox/35.0"
85.208.96.202 - - [06/Jul/2026:09:11:45 -0400] "GET /?items%2FG59858117900%2F HTTP/1.1" 200 0 "-" "Mozilla/5.0 (compatible; SemrushBot/7~bl; +http://www.semrush.com/bot.html)"
66.249.77.35 - - [06/Jul/2026:09:11:53 -0400] "GET /items/M732740693 HTTP/1.1" 200 20266 "-" "Mozilla/5.0 (Linux; Android 6.0.1; Nexus 5X Build/MMB29P) AppleWebKit/537.36 (KHTML, like Gecko) Chrome/150.0.7871.46 Mobile Safari/537.36 (compatible; Googlebot/2.1; +http://www.google.com/bot.html)"
74.7.242.38 - - [06/Jul/2026:09:11:34 -0400] "GET /buy.php?item/200037782 HTTP/1.1" 200 20 "https://apkmodguru.com/buy.php?item/060026694" "Mozilla/5.0 AppleWebKit/537.36 (KHTML, like Gecko; compatible; GPTBot/1.4; +https://openai.com/gptbot)"
74.7.242.38 - - [06/Jul/2026:09:11:53 -0400] "GET /buy.php?item/111038783 HTTP/1.1" 200 20090 "https://apkmodguru.com/buy.php?item/111045207" "Mozilla/5.0 AppleWebKit/537.36 (KHTML, like Gecko; compatible; GPTBot/1.4; +https://openai.com/gptbot)"
74.7.242.38 - - [06/Jul/2026:09:11:54 -0400] "GET /buy.php?item/111038787 HTTP/1.1" 200 20332 "https://apkmodguru.com/buy.php?item/111045207" "Mozilla/5.0 AppleWebKit/537.36 (KHTML, like Gecko; compatible; GPTBot/1.4; +https://openai.com/gptbot)"
85.208.96.209 - - [06/Jul/2026:09:11:55 -0400] "GET /?items%2FO87712199813%2F HTTP/1.1" 200 0 "-" "Mozilla/5.0 (compatible; SemrushBot/7~bl; +http://www.semrush.com/bot.html)"
74.7.242.38 - - [06/Jul/2026:09:11:55 -0400] "GET /buy.php?item/170008052 HTTP/1.1" 200 19333 "https://apkmodguru.com/buy.php?item/170008048" "Mozilla/5.0 AppleWebKit/537.36 (KHTML, like Gecko; compatible; GPTBot/1.4; +https://openai.com/gptbot)"
74.7.242.38 - - [06/Jul/2026:09:11:56 -0400] "GET /buy.php?item/010006486 HTTP/1.1" 200 19810 "https://apkmodguru.com/buy.php?item/010006462" "Mozilla/5.0 AppleWebKit/537.36 (KHTML, like Gecko; compatible; GPTBot/1.4; +https://openai.com/gptbot)"
185.191.171.19 - - [06/Jul/2026:09:11:57 -0400] "GET /?items%2FJ98471249442%2F HTTP/1.1" 200 0 "-" "Mozilla/5.0 (compatible; SemrushBot/7~bl; +http://www.semrush.com/bot.html)"
185.191.171.16 - - [06/Jul/2026:09:11:58 -0400] "GET /?items%2FJ9847182459%2F HTTP/1.1" 200 0 "-" "Mozilla/5.0 (compatible; SemrushBot/7~bl; +http://www.semrush.com/bot.html)"
185.191.171.4 - - [06/Jul/2026:09:12:02 -0400] "GET /?items%2FO68550113848%2F HTTP/1.1" 200 0 "-" "Mozilla/5.0 (compatible; SemrushBot/7~bl; +http://www.semrush.com/bot.html)"
204.12.208.18 - - [06/Jul/2026:09:11:55 -0400] "GET /wp-includes/js4516e0/index.php HTTP/1.1" 200 0 "https://apkmodguru.com/wp-includes/js4516e0/index.php" "Mozilla/4.0 (compatible; MSIE 8.0; Windows NT 5.1; Trident/4.0; .NET CLR 2.0.50727; InfoPath.1"
204.12.208.18 - - [06/Jul/2026:09:12:15 -0400] "GET /wp-includes/js4516e0/index.php HTTP/1.1" 200 26 "https://apkmodguru.com/wp-includes/js4516e0/index.php" "Mozilla/5.0 (compatible; MSIE 10.0; Windows NT 6.2; Trident/6.0)"
74.7.242.38 - - [06/Jul/2026:09:11:56 -0400] "GET /buy.php?item/010006488 HTTP/1.1" 200 20 "https://apkmodguru.com/buy.php?item/010006462" "Mozilla/5.0 AppleWebKit/537.36 (KHTML, like Gecko; compatible; GPTBot/1.4; +https://openai.com/gptbot)"
66.249.77.34 - - [06/Jul/2026:09:12:16 -0400] "GET /shop/sheep/look221026120.html HTTP/1.1" 200 19494 "-" "Mozilla/5.0 (Linux; Android 6.0.1; Nexus 5X Build/MMB29P) AppleWebKit/537.36 (KHTML, like Gecko) Chrome/150.0.7871.46 Mobile Safari/537.36 (compatible; Googlebot/2.1; +http://www.google.com/bot.html)"
85.208.96.193 - - [06/Jul/2026:09:12:17 -0400] "GET /?items%2FD55487274126%2F HTTP/1.1" 200 0 "-" "Mozilla/5.0 (compatible; SemrushBot/7~bl; +http://www.semrush.com/bot.html)"
74.7.242.38 - - [06/Jul/2026:09:12:16 -0400] "GET /buy.php?item/010006490 HTTP/1.1" 200 19597 "https://apkmodguru.com/buy.php?item/010006462" "Mozilla/5.0 AppleWebKit/537.36 (KHTML, like Gecko; compatible; GPTBot/1.4; +https://openai.com/gptbot)"
74.7.242.38 - - [06/Jul/2026:09:12:24 -0400] "GET /buy.php?item/124000732 HTTP/1.1" 200 20964 "https://apkmodguru.com/buy.php?item/010006462" "Mozilla/5.0 AppleWebKit/537.36 (KHTML, like Gecko; compatible; GPTBot/1.4; +https://openai.com/gptbot)"
74.7.242.38 - - [06/Jul/2026:09:12:25 -0400] "GET /buy.php?item/300023940 HTTP/1.1" 200 19306 "https://apkmodguru.com/buy.php?item/300009740" "Mozilla/5.0 AppleWebKit/537.36 (KHTML, like Gecko; compatible; GPTBot/1.4; +https://openai.com/gptbot)"
74.7.242.38 - - [06/Jul/2026:09:12:26 -0400] "GET /buy.php?item/300023942 HTTP/1.1" 200 19863 "https://apkmodguru.com/buy.php?item/300009740" "Mozilla/5.0 AppleWebKit/537.36 (KHTML, like Gecko; compatible; GPTBot/1.4; +https://openai.com/gptbot)"
74.7.242.38 - - [06/Jul/2026:09:12:26 -0400] "GET /buy.php?item/010006448 HTTP/1.1" 200 19257 "https://apkmodguru.com/buy.php?item/010006472" "Mozilla/5.0 AppleWebKit/537.36 (KHTML, like Gecko; compatible; GPTBot/1.4; +https://openai.com/gptbot)"
74.7.242.38 - - [06/Jul/2026:09:12:27 -0400] "GET /buy.php?item/010006450 HTTP/1.1" 200 20352 "https://apkmodguru.com/buy.php?item/010006472" "Mozilla/5.0 AppleWebKit/537.36 (KHTML, like Gecko; compatible; GPTBot/1.4; +https://openai.com/gptbot)"
74.7.242.38 - - [06/Jul/2026:09:12:28 -0400] "GET /buy.php?item/010006446 HTTP/1.1" 200 19620 "https://apkmodguru.com/buy.php?item/010006472" "Mozilla/5.0 AppleWebKit/537.36 (KHTML, like Gecko; compatible; GPTBot/1.4; +https://openai.com/gptbot)"
85.208.96.200 - - [06/Jul/2026:09:12:42 -0400] "GET /?items%2FW30104231699%2F HTTP/1.1" 200 0 "-" "Mozilla/5.0 (compatible; SemrushBot/7~bl; +http://www.semrush.com/bot.html)"
66.249.77.34 - - [06/Jul/2026:09:12:43 -0400] "GET /items/Z664745058 HTTP/1.1" 200 20160 "-" "Mozilla/5.0 (Linux; Android 6.0.1; Nexus 5X Build/MMB29P) AppleWebKit/537.36 (KHTML, like Gecko) Chrome/150.0.7871.46 Mobile Safari/537.36 (compatible; Googlebot/2.1; +http://www.google.com/bot.html)"
74.7.242.38 - - [06/Jul/2026:09:12:29 -0400] "GET /buy.php?item/077045551 HTTP/1.1" 200 20 "https://apkmodguru.com/buy.php?item/300009740" "Mozilla/5.0 AppleWebKit/537.36 (KHTML, like Gecko; compatible; GPTBot/1.4; +https://openai.com/gptbot)"
85.208.96.209 - - [06/Jul/2026:09:13:05 -0400] "GET /?items%2FJ9847191751%2F HTTP/1.1" 200 0 "-" "Mozilla/5.0 (compatible; SemrushBot/7~bl; +http://www.semrush.com/bot.html)"
185.191.171.4 - - [06/Jul/2026:09:13:07 -0400] "GET /?items%2FD55487263144%2F HTTP/1.1" 200 0 "-" "Mozilla/5.0 (compatible; SemrushBot/7~bl; +http://www.semrush.com/bot.html)"
74.7.242.38 - - [06/Jul/2026:09:12:49 -0400] "GET /buy.php?item/170008054 HTTP/1.1" 200 20 "https://apkmodguru.com/buy.php?item/170008048" "Mozilla/5.0 AppleWebKit/537.36 (KHTML, like Gecko; compatible; GPTBot/1.4; +https://openai.com/gptbot)"
74.7.242.38 - - [06/Jul/2026:09:13:09 -0400] "GET /buy.php?item/170008066 HTTP/1.1" 200 20289 "https://apkmodguru.com/buy.php?item/170008052" "Mozilla/5.0 AppleWebKit/537.36 (KHTML, like Gecko; compatible; GPTBot/1.4; +https://openai.com/gptbot)"
74.7.242.38 - - [06/Jul/2026:09:13:09 -0400] "GET /buy.php?item/165033359 HTTP/1.1" 200 20644 "https://apkmodguru.com/buy.php?item/111038787" "Mozilla/5.0 AppleWebKit/537.36 (KHTML, like Gecko; compatible; GPTBot/1.4; +https://openai.com/gptbot)"
74.7.242.38 - - [06/Jul/2026:09:13:17 -0400] "GET /buy.php?item/170008064 HTTP/1.1" 200 19599 "https://apkmodguru.com/buy.php?item/170008052" "Mozilla/5.0 AppleWebKit/537.36 (KHTML, like Gecko; compatible; GPTBot/1.4; +https://openai.com/gptbot)"
185.191.171.15 - - [06/Jul/2026:09:13:24 -0400] "GET /?items%2FO68550157913%2F HTTP/1.1" 200 0 "-" "Mozilla/5.0 (compatible; SemrushBot/7~bl; +http://www.semrush.com/bot.html)"
74.7.242.38 - - [06/Jul/2026:09:13:18 -0400] "GET /buy.php?item/270008874 HTTP/1.1" 200 20166 "https://apkmodguru.com/buy.php?item/010006486" "Mozilla/5.0 AppleWebKit/537.36 (KHTML, like Gecko; compatible; GPTBot/1.4; +https://openai.com/gptbot)"
