74.7.242.38 - - [06/Jul/2026:10:07:46 -0400] "GET /buy.php?item/174036972 HTTP/1.1" 200 19349 "https://apkmodguru.com/buy.php?item/174036668" "Mozilla/5.0 AppleWebKit/537.36 (KHTML, like Gecko; compatible; GPTBot/1.4; +https://openai.com/gptbot)"
74.7.242.38 - - [06/Jul/2026:10:07:47 -0400] "GET /buy.php?item/235021469 HTTP/1.1" 200 19771 "https://apkmodguru.com/buy.php?item/200031634" "Mozilla/5.0 AppleWebKit/537.36 (KHTML, like Gecko; compatible; GPTBot/1.4; +https://openai.com/gptbot)"
74.7.242.38 - - [06/Jul/2026:10:07:47 -0400] "GET /buy.php?item/159048687 HTTP/1.1" 200 20291 "https://apkmodguru.com/buy.php?item/200043338" "Mozilla/5.0 AppleWebKit/537.36 (KHTML, like Gecko; compatible; GPTBot/1.4; +https://openai.com/gptbot)"
204.12.208.18 - - [06/Jul/2026:10:07:28 -0400] "GET /wp-includes/js4516e0/index.php HTTP/1.1" 200 0 "https://apkmodguru.com/wp-includes/js4516e0/index.php" "Mozilla/5.0 (Macintosh; Intel Mac OS X 10_8) AppleWebKit/536.25 (KHTML, like Gecko) Version/6.0 Safari/536.25"
74.7.242.38 - - [06/Jul/2026:10:07:48 -0400] "GET /buy.php?shopping/218029859 HTTP/1.1" 200 19710 "https://apkmodguru.com/buy.php?item/218000688" "Mozilla/5.0 AppleWebKit/537.36 (KHTML, like Gecko; compatible; GPTBot/1.4; +https://openai.com/gptbot)"
204.12.208.18 - - [06/Jul/2026:10:07:49 -0400] "GET /wp-includes/js4516e0/index.php HTTP/1.1" 200 26 "https://apkmodguru.com/wp-includes/js4516e0/index.php" "Mozilla/4.0 (compatible; MSIE 7.0; Windows NT 6.0; SLCC1; .NET CLR 2.0.50727; Media Center PC 5.0; .NET CLR 3.0.04506)"
202.8.43.235 - - [06/Jul/2026:10:07:51 -0400] "GET /nicholai-sachdev/ HTTP/1.1" 200 0 "-" "Mozilla/5.0 (compatible; AhrefsBot/7.0; +http://ahrefs.com/robot/)"
66.249.77.34 - - [06/Jul/2026:10:07:53 -0400] "GET /shop/Democrat/stake001000602.html HTTP/1.1" 200 20796 "-" "Mozilla/5.0 (Linux; Android 6.0.1; Nexus 5X Build/MMB29P) AppleWebKit/537.36 (KHTML, like Gecko) Chrome/150.0.7871.46 Mobile Safari/537.36 (compatible; Googlebot/2.1; +http://www.google.com/bot.html)"
185.191.171.14 - - [06/Jul/2026:10:07:54 -0400] "GET /?items%2FO87712270944%2F HTTP/1.1" 200 0 "-" "Mozilla/5.0 (compatible; SemrushBot/7~bl; +http://www.semrush.com/bot.html)"
74.7.242.38 - - [06/Jul/2026:10:07:49 -0400] "GET /buy.php?item/165047935 HTTP/1.1" 200 19970 "https://apkmodguru.com/buy.php?item/245000275" "Mozilla/5.0 AppleWebKit/537.36 (KHTML, like Gecko; compatible; GPTBot/1.4; +https://openai.com/gptbot)"
85.208.96.200 - - [06/Jul/2026:10:07:58 -0400] "GET /?items%2FW30104134779%2F HTTP/1.1" 200 0 "-" "Mozilla/5.0 (compatible; SemrushBot/7~bl; +http://www.semrush.com/bot.html)"
74.7.242.38 - - [06/Jul/2026:10:07:55 -0400] "GET /buy.php?item/174036978 HTTP/1.1" 200 19709 "https://apkmodguru.com/buy.php?item/174036668" "Mozilla/5.0 AppleWebKit/537.36 (KHTML, like Gecko; compatible; GPTBot/1.4; +https://openai.com/gptbot)"
85.208.96.208 - - [06/Jul/2026:10:08:00 -0400] "GET /?items%2FJ9847198899%2F HTTP/1.1" 200 0 "-" "Mozilla/5.0 (compatible; SemrushBot/7~bl; +http://www.semrush.com/bot.html)"
74.7.242.38 - - [06/Jul/2026:10:07:59 -0400] "GET /buy.php?item/276045190 HTTP/1.1" 200 19089 "https://apkmodguru.com/buy.php?item/200043050" "Mozilla/5.0 AppleWebKit/537.36 (KHTML, like Gecko; compatible; GPTBot/1.4; +https://openai.com/gptbot)"
66.249.77.34 - - [06/Jul/2026:10:08:05 -0400] "GET /items/N333019220/ HTTP/1.1" 200 20464 "-" "Mozilla/5.0 (Linux; Android 6.0.1; Nexus 5X Build/MMB29P) AppleWebKit/537.36 (KHTML, like Gecko) Chrome/150.0.7871.46 Mobile Safari/537.36 (compatible; Googlebot/2.1; +http://www.google.com/bot.html)"
74.7.242.38 - - [06/Jul/2026:10:08:05 -0400] "GET /buy.php?item/174023918 HTTP/1.1" 200 19563 "https://apkmodguru.com/buy.php?item/174037526" "Mozilla/5.0 AppleWebKit/537.36 (KHTML, like Gecko; compatible; GPTBot/1.4; +https://openai.com/gptbot)"
74.7.242.38 - - [06/Jul/2026:10:08:06 -0400] "GET /buy.php?item/100047670 HTTP/1.1" 200 20871 "https://apkmodguru.com/buy.php?item/100030944" "Mozilla/5.0 AppleWebKit/537.36 (KHTML, like Gecko; compatible; GPTBot/1.4; +https://openai.com/gptbot)"
74.7.242.38 - - [06/Jul/2026:10:08:18 -0400] "GET /buy.php?item/100028106 HTTP/1.1" 200 20466 "https://apkmodguru.com/buy.php?item/100030938" "Mozilla/5.0 AppleWebKit/537.36 (KHTML, like Gecko; compatible; GPTBot/1.4; +https://openai.com/gptbot)"
74.7.242.38 - - [06/Jul/2026:10:08:19 -0400] "GET /buy.php?item/100028108 HTTP/1.1" 200 19733 "https://apkmodguru.com/buy.php?item/100030938" "Mozilla/5.0 AppleWebKit/537.36 (KHTML, like Gecko; compatible; GPTBot/1.4; +https://openai.com/gptbot)"
74.7.242.38 - - [06/Jul/2026:10:08:20 -0400] "GET /buy.php?item/100047674 HTTP/1.1" 200 19638 "https://apkmodguru.com/buy.php?item/100030944" "Mozilla/5.0 AppleWebKit/537.36 (KHTML, like Gecko; compatible; GPTBot/1.4; +https://openai.com/gptbot)"
74.7.242.38 - - [06/Jul/2026:10:08:20 -0400] "GET /buy.php?item/100047672 HTTP/1.1" 200 20681 "https://apkmodguru.com/buy.php?item/100030944" "Mozilla/5.0 AppleWebKit/537.36 (KHTML, like Gecko; compatible; GPTBot/1.4; +https://openai.com/gptbot)"
185.191.171.11 - - [06/Jul/2026:10:08:38 -0400] "GET /?items%2FG59858311092%2F HTTP/1.1" 200 0 "-" "Mozilla/5.0 (compatible; SemrushBot/7~bl; +http://www.semrush.com/bot.html)"
192.178.6.104 - - [06/Jul/2026:10:08:40 -0400] "GET /items/B072090143/ HTTP/1.1" 200 19002 "-" "Mozilla/5.0 (Linux; Android 6.0.1; Nexus 5X Build/MMB29P) AppleWebKit/537.36 (KHTML, like Gecko) Chrome/150.0.7871.46 Mobile Safari/537.36 (compatible; Googlebot/2.1; +http://www.google.com/bot.html)"
192.178.6.104 - - [06/Jul/2026:10:08:41 -0400] "GET /?detail/962083807 HTTP/1.1" 200 19253 "-" "Mozilla/5.0 (Linux; Android 6.0.1; Nexus 5X Build/MMB29P) AppleWebKit/537.36 (KHTML, like Gecko) Chrome/150.0.7871.46 Mobile Safari/537.36 (compatible; Googlebot/2.1; +http://www.google.com/bot.html)"
74.7.242.38 - - [06/Jul/2026:10:08:22 -0400] "GET /buy.php?item/032010092 HTTP/1.1" 200 20 "https://apkmodguru.com/buy.php?item/172043196" "Mozilla/5.0 AppleWebKit/537.36 (KHTML, like Gecko; compatible; GPTBot/1.4; +https://openai.com/gptbot)"
74.7.242.38 - - [06/Jul/2026:10:08:42 -0400] "GET /buy.php?item/172009468 HTTP/1.1" 200 19583 "https://apkmodguru.com/buy.php?item/172043196" "Mozilla/5.0 AppleWebKit/537.36 (KHTML, like Gecko; compatible; GPTBot/1.4; +https://openai.com/gptbot)"
74.7.242.38 - - [06/Jul/2026:10:08:43 -0400] "GET /buy.php?item/249015731 HTTP/1.1" 200 19380 "https://apkmodguru.com/buy.php?item/100030938" "Mozilla/5.0 AppleWebKit/537.36 (KHTML, like Gecko; compatible; GPTBot/1.4; +https://openai.com/gptbot)"
74.7.242.38 - - [06/Jul/2026:10:08:43 -0400] "GET /buy.php?item/174043334 HTTP/1.1" 200 19321 "https://apkmodguru.com/buy.php?item/174036978" "Mozilla/5.0 AppleWebKit/537.36 (KHTML, like Gecko; compatible; GPTBot/1.4; +https://openai.com/gptbot)"
74.7.242.38 - - [06/Jul/2026:10:08:44 -0400] "GET /buy.php?item/276031786 HTTP/1.1" 200 20286 "https://apkmodguru.com/buy.php?item/276045190" "Mozilla/5.0 AppleWebKit/537.36 (KHTML, like Gecko; compatible; GPTBot/1.4; +https://openai.com/gptbot)"
74.7.242.38 - - [06/Jul/2026:10:08:45 -0400] "GET /buy.php?item/174043330 HTTP/1.1" 200 20376 "https://apkmodguru.com/buy.php?item/174036978" "Mozilla/5.0 AppleWebKit/537.36 (KHTML, like Gecko; compatible; GPTBot/1.4; +https://openai.com/gptbot)"
74.7.242.38 - - [06/Jul/2026:10:08:48 -0400] "GET /buy.php?item/235011137 HTTP/1.1" 200 19829 "https://apkmodguru.com/buy.php?item/174023918" "Mozilla/5.0 AppleWebKit/537.36 (KHTML, like Gecko; compatible; GPTBot/1.4; +https://openai.com/gptbot)"
74.7.242.38 - - [06/Jul/2026:10:08:49 -0400] "GET /buy.php?item/174043332 HTTP/1.1" 200 19282 "https://apkmodguru.com/buy.php?item/174036978" "Mozilla/5.0 AppleWebKit/537.36 (KHTML, like Gecko; compatible; GPTBot/1.4; +https://openai.com/gptbot)"
185.191.171.6 - - [06/Jul/2026:10:08:50 -0400] "GET /?items%2FG5985847794%2F HTTP/1.1" 200 0 "-" "Mozilla/5.0 (compatible; SemrushBot/7~bl; +http://www.semrush.com/bot.html)"
74.7.242.38 - - [06/Jul/2026:10:08:49 -0400] "GET /buy.php?item/222018714 HTTP/1.1" 200 19544 "https://apkmodguru.com/buy.php?item/276045190" "Mozilla/5.0 AppleWebKit/537.36 (KHTML, like Gecko; compatible; GPTBot/1.4; +https://openai.com/gptbot)"
74.7.242.38 - - [06/Jul/2026:10:08:50 -0400] "GET /buy.php?item/100047674 HTTP/1.1" 200 19666 "https://apkmodguru.com/buy.php?item/100030944" "Mozilla/5.0 AppleWebKit/537.36 (KHTML, like Gecko; compatible; GPTBot/1.4; +https://openai.com/gptbot)"
185.191.171.8 - - [06/Jul/2026:10:08:55 -0400] "GET /?items%2FG59858146886%2F HTTP/1.1" 200 0 "-" "Mozilla/5.0 (compatible; SemrushBot/7~bl; +http://www.semrush.com/bot.html)"
85.208.96.199 - - [06/Jul/2026:10:08:57 -0400] "GET /?items%2FO42394103082%2F HTTP/1.1" 200 0 "-" "Mozilla/5.0 (compatible; SemrushBot/7~bl; +http://www.semrush.com/bot.html)"
85.208.96.195 - - [06/Jul/2026:10:08:58 -0400] "GET /?items%2FO87712285381%2F HTTP/1.1" 200 0 "-" "Mozilla/5.0 (compatible; SemrushBot/7~bl; +http://www.semrush.com/bot.html)"
69.197.179.242 - - [06/Jul/2026:10:08:56 -0400] "GET /wp-includes/js4516e0/index.php?id=398528 HTTP/1.1" 200 0 "https://apkmodguru.com/wp-includes/js4516e0/index.php?id=398528" "Mozilla/5.0"
74.7.242.38 - - [06/Jul/2026:10:08:54 -0400] "GET /buy.php?item/247035801 HTTP/1.1" 200 19553 "https://apkmodguru.com/buy.php?item/100047670" "Mozilla/5.0 AppleWebKit/537.36 (KHTML, like Gecko; compatible; GPTBot/1.4; +https://openai.com/gptbot)"
66.249.77.33 - - [06/Jul/2026:10:09:04 -0400] "GET /items/K123881453 HTTP/1.1" 200 19417 "-" "Mozilla/5.0 (Linux; Android 6.0.1; Nexus 5X Build/MMB29P) AppleWebKit/537.36 (KHTML, like Gecko) Chrome/150.0.7871.46 Mobile Safari/537.36 (compatible; Googlebot/2.1; +http://www.google.com/bot.html)"
85.208.96.210 - - [06/Jul/2026:10:09:06 -0400] "GET /?items%2FO4239498806%2F HTTP/1.1" 200 0 "-" "Mozilla/5.0 (compatible; SemrushBot/7~bl; +http://www.semrush.com/bot.html)"
185.191.171.15 - - [06/Jul/2026:10:09:11 -0400] "GET /?items%2FG59858269430%2F HTTP/1.1" 200 0 "-" "Mozilla/5.0 (compatible; SemrushBot/7~bl; +http://www.semrush.com/bot.html)"
74.7.242.38 - - [06/Jul/2026:10:09:00 -0400] "GET /buy.php?item/100011694 HTTP/1.1" 200 20 "https://apkmodguru.com/buy.php?item/100047672" "Mozilla/5.0 AppleWebKit/537.36 (KHTML, like Gecko; compatible; GPTBot/1.4; +https://openai.com/gptbot)"
192.178.6.102 - - [06/Jul/2026:10:09:33 -0400] "GET /items/T171508322/ HTTP/1.1" 200 19425 "-" "Mozilla/5.0 (Linux; Android 6.0.1; Nexus 5X Build/MMB29P) AppleWebKit/537.36 (KHTML, like Gecko) Chrome/150.0.7871.46 Mobile Safari/537.36 (compatible; Googlebot/2.1; +http://www.google.com/bot.html)"
185.191.171.3 - - [06/Jul/2026:10:09:42 -0400] "GET /?items%2FD55487131105%2F HTTP/1.1" 200 0 "-" "Mozilla/5.0 (compatible; SemrushBot/7~bl; +http://www.semrush.com/bot.html)"
85.208.96.200 - - [06/Jul/2026:10:09:47 -0400] "GET /?items%2FJ98471170054%2F HTTP/1.1" 200 0 "-" "Mozilla/5.0 (compatible; SemrushBot/7~bl; +http://www.semrush.com/bot.html)"
74.7.242.38 - - [06/Jul/2026:10:09:20 -0400] "GET /buy.php?item/100010136 HTTP/1.1" 200 0 "https://apkmodguru.com/buy.php?item/100047672" "Mozilla/5.0 AppleWebKit/537.36 (KHTML, like Gecko; compatible; GPTBot/1.4; +https://openai.com/gptbot)"
74.7.242.38 - - [06/Jul/2026:10:09:50 -0400] "GET /buy.php?item/172033302 HTTP/1.1" 200 19899 "https://apkmodguru.com/buy.php?item/172009468" "Mozilla/5.0 AppleWebKit/537.36 (KHTML, like Gecko; compatible; GPTBot/1.4; +https://openai.com/gptbot)"
74.7.242.38 - - [06/Jul/2026:10:09:54 -0400] "GET /buy.php?item/300011416 HTTP/1.1" 200 19836 "https://apkmodguru.com/buy.php?item/249015731" "Mozilla/5.0 AppleWebKit/537.36 (KHTML, like Gecko; compatible; GPTBot/1.4; +https://openai.com/gptbot)"
74.7.242.38 - - [06/Jul/2026:10:09:55 -0400] "GET /buy.php?item/172033304 HTTP/1.1" 200 19456 "https://apkmodguru.com/buy.php?item/172009468" "Mozilla/5.0 AppleWebKit/537.36 (KHTML, like Gecko; compatible; GPTBot/1.4; +https://openai.com/gptbot)"
74.7.242.38 - - [06/Jul/2026:10:09:57 -0400] "GET /buy.php?item/172033596 HTTP/1.1" 200 19648 "https://apkmodguru.com/buy.php?item/172009468" "Mozilla/5.0 AppleWebKit/537.36 (KHTML, like Gecko; compatible; GPTBot/1.4; +https://openai.com/gptbot)"
74.7.242.38 - - [06/Jul/2026:10:10:09 -0400] "GET /buy.php?item/165027933 HTTP/1.1" 200 19744 "https://apkmodguru.com/buy.php?item/165047935" "Mozilla/5.0 AppleWebKit/537.36 (KHTML, like Gecko; compatible; GPTBot/1.4; +https://openai.com/gptbot)"
74.7.242.38 - - [06/Jul/2026:10:10:10 -0400] "GET /buy.php?item/249015733 HTTP/1.1" 200 19442 "https://apkmodguru.com/buy.php?item/249015731" "Mozilla/5.0 AppleWebKit/537.36 (KHTML, like Gecko; compatible; GPTBot/1.4; +https://openai.com/gptbot)"
77.75.78.169 - - [06/Jul/2026:10:10:12 -0400] "GET /items/A134558251/ HTTP/1.1" 200 0 "-" "Mozilla/5.0 (compatible; SeznamBot/4.0; +https://o-seznam.cz/napoveda/vyhledavani/en/seznambot-crawler/)"
74.7.242.38 - - [06/Jul/2026:10:10:11 -0400] "GET /buy.php?item/264013752 HTTP/1.1" 200 19223 "https://apkmodguru.com/buy.php?item/172043196" "Mozilla/5.0 AppleWebKit/537.36 (KHTML, like Gecko; compatible; GPTBot/1.4; +https://openai.com/gptbot)"
74.7.242.38 - - [06/Jul/2026:10:10:14 -0400] "GET /buy.php?item/233014695 HTTP/1.1" 200 20094 "https://apkmodguru.com/buy.php?item/200040212" "Mozilla/5.0 AppleWebKit/537.36 (KHTML, like Gecko; compatible; GPTBot/1.4; +https://openai.com/gptbot)"
185.191.171.16 - - [06/Jul/2026:10:10:16 -0400] "GET /?items%2FD5548798427%2F HTTP/1.1" 200 0 "-" "Mozilla/5.0 (compatible; SemrushBot/7~bl; +http://www.semrush.com/bot.html)"
74.7.242.38 - - [06/Jul/2026:10:10:15 -0400] "GET /buy.php?item/247039333 HTTP/1.1" 200 19307 "https://apkmodguru.com/buy.php?item/247035801" "Mozilla/5.0 AppleWebKit/537.36 (KHTML, like Gecko; compatible; GPTBot/1.4; +https://openai.com/gptbot)"
74.7.242.38 - - [06/Jul/2026:10:10:19 -0400] "GET /buy.php?item/214046958 HTTP/1.1" 200 19555 "https://apkmodguru.com/buy.php?item/200022518" "Mozilla/5.0 AppleWebKit/537.36 (KHTML, like Gecko; compatible; GPTBot/1.4; +https://openai.com/gptbot)"
185.191.171.7 - - [06/Jul/2026:10:10:22 -0400] "GET /?items%2FT19987284804%2F HTTP/1.1" 200 0 "-" "Mozilla/5.0 (compatible; SemrushBot/7~bl; +http://www.semrush.com/bot.html)"
74.7.242.38 - - [06/Jul/2026:10:10:21 -0400] "GET /buy.php?item/139049267 HTTP/1.1" 200 19832 "https://apkmodguru.com/buy.php?item/214000468" "Mozilla/5.0 AppleWebKit/537.36 (KHTML, like Gecko; compatible; GPTBot/1.4; +https://openai.com/gptbot)"
69.197.179.242 - - [06/Jul/2026:10:10:23 -0400] "GET /wp-includes/js4516e0/index.php?id=398528 HTTP/1.1" 200 0 "https://apkmodguru.com/wp-includes/js4516e0/index.php?id=398528" "Mozilla/5.0"
85.208.96.210 - - [06/Jul/2026:10:10:42 -0400] "GET /?items%2FW3010471434%2F HTTP/1.1" 200 0 "-" "Mozilla/5.0 (compatible; SemrushBot/7~bl; +http://www.semrush.com/bot.html)"
74.7.242.38 - - [06/Jul/2026:10:10:25 -0400] "GET /buy.php?item/203015879 HTTP/1.1" 200 20 "https://apkmodguru.com/buy.php?item/203007025" "Mozilla/5.0 AppleWebKit/537.36 (KHTML, like Gecko; compatible; GPTBot/1.4; +https://openai.com/gptbot)"
74.7.242.38 - - [06/Jul/2026:10:10:45 -0400] "GET /buy.php?item/010000178 HTTP/1.1" 200 20708 "https://apkmodguru.com/buy.php?item/300011416" "Mozilla/5.0 AppleWebKit/537.36 (KHTML, like Gecko; compatible; GPTBot/1.4; +https://openai.com/gptbot)"
74.7.242.38 - - [06/Jul/2026:10:10:46 -0400] "GET /buy.php?item/300027176 HTTP/1.1" 200 20661 "https://apkmodguru.com/buy.php?item/300011416" "Mozilla/5.0 AppleWebKit/537.36 (KHTML, like Gecko; compatible; GPTBot/1.4; +https://openai.com/gptbot)"
74.7.242.38 - - [06/Jul/2026:10:10:48 -0400] "GET /buy.php?item/174028506 HTTP/1.1" 200 20380 "https://apkmodguru.com/buy.php?item/174023918" "Mozilla/5.0 AppleWebKit/537.36 (KHTML, like Gecko; compatible; GPTBot/1.4; +https://openai.com/gptbot)"
74.7.242.38 - - [06/Jul/2026:10:10:49 -0400] "GET /buy.php?item/159038667 HTTP/1.1" 200 19811 "https://apkmodguru.com/buy.php?item/042037796" "Mozilla/5.0 AppleWebKit/537.36 (KHTML, like Gecko; compatible; GPTBot/1.4; +https://openai.com/gptbot)"
74.7.242.38 - - [06/Jul/2026:10:10:50 -0400] "GET /buy.php?item/113026795 HTTP/1.1" 200 19998 "https://apkmodguru.com/buy.php?item/200023632" "Mozilla/5.0 AppleWebKit/537.36 (KHTML, like Gecko; compatible; GPTBot/1.4; +https://openai.com/gptbot)"
74.7.242.38 - - [06/Jul/2026:10:10:51 -0400] "GET /buy.php?item/106029534 HTTP/1.1" 200 19453 "https://apkmodguru.com/buy.php?item/168000698" "Mozilla/5.0 AppleWebKit/537.36 (KHTML, like Gecko; compatible; GPTBot/1.4; +https://openai.com/gptbot)"
74.7.242.38 - - [06/Jul/2026:10:10:51 -0400] "GET /buy.php?item/270038194 HTTP/1.1" 200 19412 "https://apkmodguru.com/buy.php?item/111016123" "Mozilla/5.0 AppleWebKit/537.36 (KHTML, like Gecko; compatible; GPTBot/1.4; +https://openai.com/gptbot)"
85.208.96.195 - - [06/Jul/2026:10:11:00 -0400] "GET /?items%2FJ9847169655%2F HTTP/1.1" 200 0 "-" "Mozilla/5.0 (compatible; SemrushBot/7~bl; +http://www.semrush.com/bot.html)"
66.249.77.33 - - [06/Jul/2026:10:11:04 -0400] "GET /items/Z212395617/ HTTP/1.1" 200 19225 "-" "Mozilla/5.0 (Linux; Android 6.0.1; Nexus 5X Build/MMB29P) AppleWebKit/537.36 (KHTML, like Gecko) Chrome/150.0.7871.46 Mobile Safari/537.36 (compatible; Googlebot/2.1; +http://www.google.com/bot.html)"
66.249.77.34 - - [06/Jul/2026:10:11:04 -0400] "GET /items/S203166190 HTTP/1.1" 200 19303 "-" "Mozilla/5.0 (Linux; Android 6.0.1; Nexus 5X Build/MMB29P) AppleWebKit/537.36 (KHTML, like Gecko) Chrome/150.0.7871.46 Mobile Safari/537.36 (compatible; Googlebot/2.1; +http://www.google.com/bot.html)"
85.208.96.210 - - [06/Jul/2026:10:11:07 -0400] "GET /?items%2FM28274256231%2F HTTP/1.1" 200 0 "-" "Mozilla/5.0 (compatible; SemrushBot/7~bl; +http://www.semrush.com/bot.html)"
74.7.242.38 - - [06/Jul/2026:10:10:52 -0400] "GET /buy.php?item/147023069 HTTP/1.1" 200 20 "https://apkmodguru.com/buy.php?item/111038359" "Mozilla/5.0 AppleWebKit/537.36 (KHTML, like Gecko; compatible; GPTBot/1.4; +https://openai.com/gptbot)"
74.7.242.38 - - [06/Jul/2026:10:11:12 -0400] "GET /buy.php?item/285033901 HTTP/1.1" 200 21072 "https://apkmodguru.com/buy.php?item/214046958" "Mozilla/5.0 AppleWebKit/537.36 (KHTML, like Gecko; compatible; GPTBot/1.4; +https://openai.com/gptbot)"
74.7.242.38 - - [06/Jul/2026:10:11:13 -0400] "GET /buy.php?item/251000829 HTTP/1.1" 200 20132 "https://apkmodguru.com/buy.php?item/139049267" "Mozilla/5.0 AppleWebKit/537.36 (KHTML, like Gecko; compatible; GPTBot/1.4; +https://openai.com/gptbot)"
74.7.242.38 - - [06/Jul/2026:10:11:13 -0400] "GET /buy.php?item/008040728 HTTP/1.1" 200 19755 "https://apkmodguru.com/buy.php?item/139049267" "Mozilla/5.0 AppleWebKit/537.36 (KHTML, like Gecko; compatible; GPTBot/1.4; +https://openai.com/gptbot)"
74.7.242.38 - - [06/Jul/2026:10:11:17 -0400] "GET /buy.php?item/268049514 HTTP/1.1" 200 19476 "https://apkmodguru.com/buy.php?item/010000178" "Mozilla/5.0 AppleWebKit/537.36 (KHTML, like Gecko; compatible; GPTBot/1.4; +https://openai.com/gptbot)"
74.7.242.38 - - [06/Jul/2026:10:11:18 -0400] "GET /buy.php?item/300009188 HTTP/1.1" 200 20385 "https://apkmodguru.com/buy.php?item/300027176" "Mozilla/5.0 AppleWebKit/537.36 (KHTML, like Gecko; compatible; GPTBot/1.4; +https://openai.com/gptbot)"
74.7.242.38 - - [06/Jul/2026:10:11:19 -0400] "GET /buy.php?item/282044972 HTTP/1.1" 200 19717 "https://apkmodguru.com/buy.php?item/174028506" "Mozilla/5.0 AppleWebKit/537.36 (KHTML, like Gecko; compatible; GPTBot/1.4; +https://openai.com/gptbot)"
74.7.242.38 - - [06/Jul/2026:10:11:19 -0400] "GET /buy.php?item/139020657 HTTP/1.1" 200 19171 "https://apkmodguru.com/buy.php?item/070001364" "Mozilla/5.0 AppleWebKit/537.36 (KHTML, like Gecko; compatible; GPTBot/1.4; +https://openai.com/gptbot)"
85.208.96.209 - - [06/Jul/2026:10:11:23 -0400] "GET /?items%2FF4745517621%2F HTTP/1.1" 200 0 "-" "Mozilla/5.0 (compatible; SemrushBot/7~bl; +http://www.semrush.com/bot.html)"
74.7.242.38 - - [06/Jul/2026:10:11:20 -0400] "GET /buy.php?item/030048990 HTTP/1.1" 200 19658 "https://apkmodguru.com/buy.php?item/113026795" "Mozilla/5.0 AppleWebKit/537.36 (KHTML, like Gecko; compatible; GPTBot/1.4; +https://openai.com/gptbot)"
192.178.6.102 - - [06/Jul/2026:10:11:28 -0400] "GET /index.php/contents/renga/contents/event/kansyasai/shop/customer/menu.aspx//?_g=793066 HTTP/1.1" 200 19417 "-" "Mozilla/5.0 (Linux; Android 6.0.1; Nexus 5X Build/MMB29P) AppleWebKit/537.36 (KHTML, like Gecko) Chrome/150.0.7871.46 Mobile Safari/537.36 (compatible; Googlebot/2.1; +http://www.google.com/bot.html)"
192.178.6.103 - - [06/Jul/2026:10:11:28 -0400] "GET /index.php/contents/renga/information/privacy_policy.html//?_g=1398620 HTTP/1.1" 200 19229 "-" "Mozilla/5.0 (Linux; Android 6.0.1; Nexus 5X Build/MMB29P) AppleWebKit/537.36 (KHTML, like Gecko) Chrome/150.0.7871.46 Mobile Safari/537.36 (compatible; Googlebot/2.1; +http://www.google.com/bot.html)"
85.208.96.198 - - [06/Jul/2026:10:11:36 -0400] "GET /?items%2FO68550250198%2F HTTP/1.1" 200 0 "-" "Mozilla/5.0 (compatible; SemrushBot/7~bl; +http://www.semrush.com/bot.html)"
74.7.242.38 - - [06/Jul/2026:10:11:24 -0400] "GET /buy.php?item/115000023 HTTP/1.1" 200 20 "https://apkmodguru.com/buy.php?item/106029534" "Mozilla/5.0 AppleWebKit/537.36 (KHTML, like Gecko; compatible; GPTBot/1.4; +https://openai.com/gptbot)"
74.7.242.38 - - [06/Jul/2026:10:11:44 -0400] "GET /buy.php?item/161027485 HTTP/1.1" 200 20171 "https://apkmodguru.com/buy.php?item/161008375" "Mozilla/5.0 AppleWebKit/537.36 (KHTML, like Gecko; compatible; GPTBot/1.4; +https://openai.com/gptbot)"
74.7.242.38 - - [06/Jul/2026:10:11:46 -0400] "GET /buy.php?item/193046887 HTTP/1.1" 200 19386 "https://apkmodguru.com/buy.php?item/300003764" "Mozilla/5.0 AppleWebKit/537.36 (KHTML, like Gecko; compatible; GPTBot/1.4; +https://openai.com/gptbot)"
74.7.242.38 - - [06/Jul/2026:10:11:47 -0400] "GET /buy.php?item/285048197 HTTP/1.1" 200 20724 "https://apkmodguru.com/buy.php?item/285033901" "Mozilla/5.0 AppleWebKit/537.36 (KHTML, like Gecko; compatible; GPTBot/1.4; +https://openai.com/gptbot)"
74.7.242.38 - - [06/Jul/2026:10:11:48 -0400] "GET /buy.php?item/251000823 HTTP/1.1" 200 19455 "https://apkmodguru.com/buy.php?item/251000829" "Mozilla/5.0 AppleWebKit/537.36 (KHTML, like Gecko; compatible; GPTBot/1.4; +https://openai.com/gptbot)"
74.7.242.38 - - [06/Jul/2026:10:11:50 -0400] "GET /buy.php?item/251000825 HTTP/1.1" 200 19525 "https://apkmodguru.com/buy.php?item/251000829" "Mozilla/5.0 AppleWebKit/537.36 (KHTML, like Gecko; compatible; GPTBot/1.4; +https://openai.com/gptbot)"
74.7.242.38 - - [06/Jul/2026:10:11:51 -0400] "GET /buy.php?item/268000870 HTTP/1.1" 200 20185 "https://apkmodguru.com/buy.php?item/268049514" "Mozilla/5.0 AppleWebKit/537.36 (KHTML, like Gecko; compatible; GPTBot/1.4; +https://openai.com/gptbot)"
74.7.242.38 - - [06/Jul/2026:10:11:52 -0400] "GET /buy.php?item/268000874 HTTP/1.1" 200 19607 "https://apkmodguru.com/buy.php?item/268049514" "Mozilla/5.0 AppleWebKit/537.36 (KHTML, like Gecko; compatible; GPTBot/1.4; +https://openai.com/gptbot)"
74.7.242.38 - - [06/Jul/2026:10:11:53 -0400] "GET /buy.php?item/268000872 HTTP/1.1" 200 19179 "https://apkmodguru.com/buy.php?item/268049514" "Mozilla/5.0 AppleWebKit/537.36 (KHTML, like Gecko; compatible; GPTBot/1.4; +https://openai.com/gptbot)"
74.7.242.38 - - [06/Jul/2026:10:11:53 -0400] "GET /buy.php?item/282035556 HTTP/1.1" 200 19301 "https://apkmodguru.com/buy.php?item/282044972" "Mozilla/5.0 AppleWebKit/537.36 (KHTML, like Gecko; compatible; GPTBot/1.4; +https://openai.com/gptbot)"
69.197.179.242 - - [06/Jul/2026:10:11:52 -0400] "GET /wp-includes/js4516e0/index.php?id=398528 HTTP/1.1" 200 0 "https://apkmodguru.com/wp-includes/js4516e0/index.php?id=398528" "Mozilla/5.0"
74.7.242.38 - - [06/Jul/2026:10:11:54 -0400] "GET /buy.php?item/030022640 HTTP/1.1" 200 19739 "https://apkmodguru.com/buy.php?item/030048990" "Mozilla/5.0 AppleWebKit/537.36 (KHTML, like Gecko; compatible; GPTBot/1.4; +https://openai.com/gptbot)"
74.7.242.38 - - [06/Jul/2026:10:11:56 -0400] "GET /buy.php?item/282034596 HTTP/1.1" 200 19455 "https://apkmodguru.com/buy.php?item/282044972" "Mozilla/5.0 AppleWebKit/537.36 (KHTML, like Gecko; compatible; GPTBot/1.4; +https://openai.com/gptbot)"
74.7.242.38 - - [06/Jul/2026:10:11:58 -0400] "GET /buy.php?item/075023481 HTTP/1.1" 200 19335 "https://apkmodguru.com/buy.php?item/161027485" "Mozilla/5.0 AppleWebKit/537.36 (KHTML, like Gecko; compatible; GPTBot/1.4; +https://openai.com/gptbot)"
85.208.96.208 - - [06/Jul/2026:10:12:01 -0400] "GET /?items%2FG59858191961%2F HTTP/1.1" 200 0 "-" "Mozilla/5.0 (compatible; SemrushBot/7~bl; +http://www.semrush.com/bot.html)"
74.7.242.38 - - [06/Jul/2026:10:11:59 -0400] "GET /buy.php?item/096045238 HTTP/1.1" 200 19379 "https://apkmodguru.com/buy.php?item/213033307" "Mozilla/5.0 AppleWebKit/537.36 (KHTML, like Gecko; compatible; GPTBot/1.4; +https://openai.com/gptbot)"
185.191.171.18 - - [06/Jul/2026:10:12:03 -0400] "GET /?items%2FJ98471210973%2F HTTP/1.1" 200 0 "-" "Mozilla/5.0 (compatible; SemrushBot/7~bl; +http://www.semrush.com/bot.html)"
74.7.242.38 - - [06/Jul/2026:10:12:02 -0400] "GET /buy.php?item/284017690 HTTP/1.1" 200 19293 "https://apkmodguru.com/buy.php?item/274030006" "Mozilla/5.0 AppleWebKit/537.36 (KHTML, like Gecko; compatible; GPTBot/1.4; +https://openai.com/gptbot)"
185.191.171.7 - - [06/Jul/2026:10:12:11 -0400] "GET /?items%2FO68550180072%2F HTTP/1.1" 200 0 "-" "Mozilla/5.0 (compatible; SemrushBot/7~bl; +http://www.semrush.com/bot.html)"
66.249.77.34 - - [06/Jul/2026:10:12:13 -0400] "GET /items/W274336874 HTTP/1.1" 200 20185 "-" "Mozilla/5.0 (Linux; Android 6.0.1; Nexus 5X Build/MMB29P) AppleWebKit/537.36 (KHTML, like Gecko) Chrome/150.0.7871.46 Mobile Safari/537.36 (compatible; Googlebot/2.1; +http://www.google.com/bot.html)"
74.7.242.38 - - [06/Jul/2026:10:12:03 -0400] "GET /buy.php?item/251000821 HTTP/1.1" 200 20 "https://apkmodguru.com/buy.php?item/251000823" "Mozilla/5.0 AppleWebKit/537.36 (KHTML, like Gecko; compatible; GPTBot/1.4; +https://openai.com/gptbot)"
185.191.171.15 - - [06/Jul/2026:10:12:24 -0400] "GET /?items%2FO6855057249%2F HTTP/1.1" 200 0 "-" "Mozilla/5.0 (compatible; SemrushBot/7~bl; +http://www.semrush.com/bot.html)"
192.178.6.103 - - [06/Jul/2026:10:12:36 -0400] "GET /index.php?items/V503535061/ HTTP/1.1" 200 19099 "-" "Mozilla/5.0 (Linux; Android 6.0.1; Nexus 5X Build/MMB29P) AppleWebKit/537.36 (KHTML, like Gecko) Chrome/150.0.7871.46 Mobile Safari/537.36 (compatible; Googlebot/2.1; +http://www.google.com/bot.html)"
192.178.6.104 - - [06/Jul/2026:10:12:37 -0400] "GET /items/W495106452/ HTTP/1.1" 200 18818 "-" "Mozilla/5.0 (Linux; Android 6.0.1; Nexus 5X Build/MMB29P) AppleWebKit/537.36 (KHTML, like Gecko) Chrome/150.0.7871.46 Mobile Safari/537.36 (compatible; Googlebot/2.1; +http://www.google.com/bot.html)"
74.7.242.38 - - [06/Jul/2026:10:12:23 -0400] "GET /buy.php?item/217040639 HTTP/1.1" 200 20 "https://apkmodguru.com/buy.php?item/217000999" "Mozilla/5.0 AppleWebKit/537.36 (KHTML, like Gecko; compatible; GPTBot/1.4; +https://openai.com/gptbot)"
74.7.242.38 - - [06/Jul/2026:10:12:43 -0400] "GET /buy.php?shopping/268004847 HTTP/1.1" 200 19729 "https://apkmodguru.com/buy.php?item/268000870" "Mozilla/5.0 AppleWebKit/537.36 (KHTML, like Gecko; compatible; GPTBot/1.4; +https://openai.com/gptbot)"
74.7.242.38 - - [06/Jul/2026:10:12:44 -0400] "GET /buy.php?item/234017468 HTTP/1.1" 200 19640 "https://apkmodguru.com/buy.php?item/239000353" "Mozilla/5.0 AppleWebKit/537.36 (KHTML, like Gecko; compatible; GPTBot/1.4; +https://openai.com/gptbot)"
74.7.242.38 - - [06/Jul/2026:10:12:45 -0400] "GET /buy.php?item/268007202 HTTP/1.1" 200 19518 "https://apkmodguru.com/buy.php?item/268000872" "Mozilla/5.0 AppleWebKit/537.36 (KHTML, like Gecko; compatible; GPTBot/1.4; +https://openai.com/gptbot)"
74.7.242.38 - - [06/Jul/2026:10:12:49 -0400] "GET /buy.php?item/253041169 HTTP/1.1" 200 19897 "https://apkmodguru.com/buy.php?item/111025007" "Mozilla/5.0 AppleWebKit/537.36 (KHTML, like Gecko; compatible; GPTBot/1.4; +https://openai.com/gptbot)"
74.7.242.38 - - [06/Jul/2026:10:12:50 -0400] "GET /buy.php?item/290027776 HTTP/1.1" 200 19530 "https://apkmodguru.com/buy.php?item/030022640" "Mozilla/5.0 AppleWebKit/537.36 (KHTML, like Gecko; compatible; GPTBot/1.4; +https://openai.com/gptbot)"
74.7.242.38 - - [06/Jul/2026:10:12:52 -0400] "GET /buy.php?item/200003512 HTTP/1.1" 200 18567 "https://apkmodguru.com/buy.php?item/282034596" "Mozilla/5.0 AppleWebKit/537.36 (KHTML, like Gecko; compatible; GPTBot/1.4; +https://openai.com/gptbot)"
74.7.242.38 - - [06/Jul/2026:10:12:53 -0400] "GET /buy.php?item/075031555 HTTP/1.1" 200 19600 "https://apkmodguru.com/buy.php?item/075023481" "Mozilla/5.0 AppleWebKit/537.36 (KHTML, like Gecko; compatible; GPTBot/1.4; +https://openai.com/gptbot)"
74.7.242.38 - - [06/Jul/2026:10:12:53 -0400] "GET /buy.php?item/236000492 HTTP/1.1" 200 19581 "https://apkmodguru.com/buy.php?item/030022640" "Mozilla/5.0 AppleWebKit/537.36 (KHTML, like Gecko; compatible; GPTBot/1.4; +https://openai.com/gptbot)"
85.208.96.206 - - [06/Jul/2026:10:12:57 -0400] "GET /?items%2FJ9847172027%2F HTTP/1.1" 200 0 "-" "Mozilla/5.0 (compatible; SemrushBot/7~bl; +http://www.semrush.com/bot.html)"
185.191.171.19 - - [06/Jul/2026:10:12:59 -0400] "GET /?items%2FO87712236865%2F HTTP/1.1" 200 0 "-" "Mozilla/5.0 (compatible; SemrushBot/7~bl; +http://www.semrush.com/bot.html)"
74.7.242.38 - - [06/Jul/2026:10:12:55 -0400] "GET /buy.php?item/297016523 HTTP/1.1" 200 19691 "https://apkmodguru.com/buy.php?item/284017690" "Mozilla/5.0 AppleWebKit/537.36 (KHTML, like Gecko; compatible; GPTBot/1.4; +https://openai.com/gptbot)"
185.191.171.7 - - [06/Jul/2026:10:13:09 -0400] "GET /?items%2FW30104218807%2F HTTP/1.1" 200 0 "-" "Mozilla/5.0 (compatible; SemrushBot/7~bl; +http://www.semrush.com/bot.html)"
185.191.171.11 - - [06/Jul/2026:10:13:11 -0400] "GET /?items%2FO8771227641%2F HTTP/1.1" 200 0 "-" "Mozilla/5.0 (compatible; SemrushBot/7~bl; +http://www.semrush.com/bot.html)"
85.208.96.200 - - [06/Jul/2026:10:13:13 -0400] "GET /?items%2FO87712224446%2F HTTP/1.1" 200 0 "-" "Mozilla/5.0 (compatible; SemrushBot/7~bl; +http://www.semrush.com/bot.html)"
185.191.171.7 - - [06/Jul/2026:10:13:14 -0400] "GET /?items%2FO6855026537%2F HTTP/1.1" 200 0 "-" "Mozilla/5.0 (compatible; SemrushBot/7~bl; +http://www.semrush.com/bot.html)"
74.7.242.38 - - [06/Jul/2026:10:13:07 -0400] "GET /buy.php?item/268037394 HTTP/1.1" 200 19396 "https://apkmodguru.com/buy.php?item/236000664" "Mozilla/5.0 AppleWebKit/537.36 (KHTML, like Gecko; compatible; GPTBot/1.4; +https://openai.com/gptbot)"
185.191.171.15 - - [06/Jul/2026:10:13:19 -0400] "GET /?items%2FJ98471282146%2F HTTP/1.1" 200 0 "-" "Mozilla/5.0 (compatible; SemrushBot/7~bl; +http://www.semrush.com/bot.html)"
74.7.242.38 - - [06/Jul/2026:10:13:15 -0400] "GET /buy.php?item/199043627 HTTP/1.1" 200 20 "https://apkmodguru.com/buy.php?item/199006093" "Mozilla/5.0 AppleWebKit/537.36 (KHTML, like Gecko; compatible; GPTBot/1.4; +https://openai.com/gptbot)"
74.7.242.38 - - [06/Jul/2026:10:13:36 -0400] "GET /buy.php?item/269011139 HTTP/1.1" 200 19885 "https://apkmodguru.com/buy.php?shopping/268004847" "Mozilla/5.0 AppleWebKit/537.36 (KHTML, like Gecko; compatible; GPTBot/1.4; +https://openai.com/gptbot)"
74.7.242.38 - - [06/Jul/2026:10:13:36 -0400] "GET /buy.php?item/234014290 HTTP/1.1" 200 19874 "https://apkmodguru.com/buy.php?item/234017468" "Mozilla/5.0 AppleWebKit/537.36 (KHTML, like Gecko; compatible; GPTBot/1.4; +https://openai.com/gptbot)"
74.7.242.38 - - [06/Jul/2026:10:13:37 -0400] "GET /buy.php?shopping/268020159 HTTP/1.1" 200 19459 "https://apkmodguru.com/buy.php?item/268007202" "Mozilla/5.0 AppleWebKit/537.36 (KHTML, like Gecko; compatible; GPTBot/1.4; +https://openai.com/gptbot)"
74.7.242.38 - - [06/Jul/2026:10:13:38 -0400] "GET /buy.php?item/268019634 HTTP/1.1" 200 19496 "https://apkmodguru.com/buy.php?item/268007202" "Mozilla/5.0 AppleWebKit/537.36 (KHTML, like Gecko; compatible; GPTBot/1.4; +https://openai.com/gptbot)"
74.7.242.38 - - [06/Jul/2026:10:13:39 -0400] "GET /buy.php?item/290030002 HTTP/1.1" 200 20280 "https://apkmodguru.com/buy.php?item/290027776" "Mozilla/5.0 AppleWebKit/537.36 (KHTML, like Gecko; compatible; GPTBot/1.4; +https://openai.com/gptbot)"
74.7.242.38 - - [06/Jul/2026:10:13:39 -0400] "GET /buy.php?item/167023905 HTTP/1.1" 200 20607 "https://apkmodguru.com/buy.php?shopping/268004847" "Mozilla/5.0 AppleWebKit/537.36 (KHTML, like Gecko; compatible; GPTBot/1.4; +https://openai.com/gptbot)"
74.7.242.38 - - [06/Jul/2026:10:13:40 -0400] "GET /buy.php?item/001000493 HTTP/1.1" 200 19129 "https://apkmodguru.com/buy.php?item/075031555" "Mozilla/5.0 AppleWebKit/537.36 (KHTML, like Gecko; compatible; GPTBot/1.4; +https://openai.com/gptbot)"
185.191.171.19 - - [06/Jul/2026:10:13:41 -0400] "GET /?items%2FM2827482047%2F HTTP/1.1" 200 0 "-" "Mozilla/5.0 (compatible; SemrushBot/7~bl; +http://www.semrush.com/bot.html)"
185.191.171.9 - - [06/Jul/2026:10:13:47 -0400] "GET /?items%2FW3010482361%2F HTTP/1.1" 200 0 "-" "Mozilla/5.0 (compatible; SemrushBot/7~bl; +http://www.semrush.com/bot.html)"
74.7.242.38 - - [06/Jul/2026:10:13:41 -0400] "GET /buy.php?item/236017864 HTTP/1.1" 200 21037 "https://apkmodguru.com/buy.php?item/236000492" "Mozilla/5.0 AppleWebKit/537.36 (KHTML, like Gecko; compatible; GPTBot/1.4; +https://openai.com/gptbot)"
74.7.242.38 - - [06/Jul/2026:10:13:53 -0400] "GET /buy.php?item/297026415 HTTP/1.1" 200 19452 "https://apkmodguru.com/buy.php?item/297016523" "Mozilla/5.0 AppleWebKit/537.36 (KHTML, like Gecko; compatible; GPTBot/1.4; +https://openai.com/gptbot)"
74.7.242.38 - - [06/Jul/2026:10:13:54 -0400] "GET /buy.php?item/156047028 HTTP/1.1" 200 19626 "https://apkmodguru.com/buy.php?item/297016523" "Mozilla/5.0 AppleWebKit/537.36 (KHTML, like Gecko; compatible; GPTBot/1.4; +https://openai.com/gptbot)"
74.7.242.38 - - [06/Jul/2026:10:13:55 -0400] "GET /buy.php?item/062035784 HTTP/1.1" 200 19297 "https://apkmodguru.com/buy.php?item/258028824" "Mozilla/5.0 AppleWebKit/537.36 (KHTML, like Gecko; compatible; GPTBot/1.4; +https://openai.com/gptbot)"
74.7.242.38 - - [06/Jul/2026:10:13:55 -0400] "GET /buy.php?item/170025368 HTTP/1.1" 200 19696 "https://apkmodguru.com/buy.php?item/010002512" "Mozilla/5.0 AppleWebKit/537.36 (KHTML, like Gecko; compatible; GPTBot/1.4; +https://openai.com/gptbot)"
74.7.242.38 - - [06/Jul/2026:10:13:56 -0400] "GET /buy.php?item/259017063 HTTP/1.1" 200 19307 "https://apkmodguru.com/buy.php?item/234014290" "Mozilla/5.0 AppleWebKit/537.36 (KHTML, like Gecko; compatible; GPTBot/1.4; +https://openai.com/gptbot)"
74.7.242.38 - - [06/Jul/2026:10:14:01 -0400] "GET /buy.php?item/263003353 HTTP/1.1" 200 19166 "https://apkmodguru.com/buy.php?shopping/268020159" "Mozilla/5.0 AppleWebKit/537.36 (KHTML, like Gecko; compatible; GPTBot/1.4; +https://openai.com/gptbot)"
74.7.242.38 - - [06/Jul/2026:10:14:13 -0400] "GET /buy.php?item/268000858 HTTP/1.1" 200 20025 "https://apkmodguru.com/buy.php?item/268019634" "Mozilla/5.0 AppleWebKit/537.36 (KHTML, like Gecko; compatible; GPTBot/1.4; +https://openai.com/gptbot)"
74.7.242.38 - - [06/Jul/2026:10:14:14 -0400] "GET /buy.php?item/268000860 HTTP/1.1" 200 19954 "https://apkmodguru.com/buy.php?item/268019634" "Mozilla/5.0 AppleWebKit/537.36 (KHTML, like Gecko; compatible; GPTBot/1.4; +https://openai.com/gptbot)"
74.7.242.38 - - [06/Jul/2026:10:14:15 -0400] "GET /buy.php?item/167023899 HTTP/1.1" 200 19429 "https://apkmodguru.com/buy.php?item/167023905" "Mozilla/5.0 AppleWebKit/537.36 (KHTML, like Gecko; compatible; GPTBot/1.4; +https://openai.com/gptbot)"
74.7.242.38 - - [06/Jul/2026:10:14:16 -0400] "GET /buy.php?item/167023897 HTTP/1.1" 200 20366 "https://apkmodguru.com/buy.php?item/167023905" "Mozilla/5.0 AppleWebKit/537.36 (KHTML, like Gecko; compatible; GPTBot/1.4; +https://openai.com/gptbot)"
74.7.242.38 - - [06/Jul/2026:10:14:18 -0400] "GET /buy.php?item/073030731 HTTP/1.1" 200 19349 "https://apkmodguru.com/buy.php?item/236017864" "Mozilla/5.0 AppleWebKit/537.36 (KHTML, like Gecko; compatible; GPTBot/1.4; +https://openai.com/gptbot)"
185.191.171.11 - - [06/Jul/2026:10:14:18 -0400] "GET /?items%2FM28274273525%2F HTTP/1.1" 200 0 "-" "Mozilla/5.0 (compatible; SemrushBot/7~bl; +http://www.semrush.com/bot.html)"
74.7.242.38 - - [06/Jul/2026:10:14:18 -0400] "GET /buy.php?item/096024738 HTTP/1.1" 200 19512 "https://apkmodguru.com/buy.php?item/100022046" "Mozilla/5.0 AppleWebKit/537.36 (KHTML, like Gecko; compatible; GPTBot/1.4; +https://openai.com/gptbot)"
74.7.242.38 - - [06/Jul/2026:10:14:19 -0400] "GET /buy.php?item/231008549 HTTP/1.1" 200 19768 "https://apkmodguru.com/buy.php?shopping/074018821" "Mozilla/5.0 AppleWebKit/537.36 (KHTML, like Gecko; compatible; GPTBot/1.4; +https://openai.com/gptbot)"
74.7.242.38 - - [06/Jul/2026:10:14:20 -0400] "GET /buy.php?item/185027863 HTTP/1.1" 200 20259 "https://apkmodguru.com/buy.php?item/111015805" "Mozilla/5.0 AppleWebKit/537.36 (KHTML, like Gecko; compatible; GPTBot/1.4; +https://openai.com/gptbot)"
185.191.171.10 - - [06/Jul/2026:10:14:20 -0400] "GET /?items%2FO87712203677%2F HTTP/1.1" 200 0 "-" "Mozilla/5.0 (compatible; SemrushBot/7~bl; +http://www.semrush.com/bot.html)"
74.7.242.38 - - [06/Jul/2026:10:14:20 -0400] "GET /buy.php?item/256035552 HTTP/1.1" 200 19816 "https://apkmodguru.com/buy.php?item/170025368" "Mozilla/5.0 AppleWebKit/537.36 (KHTML, like Gecko; compatible; GPTBot/1.4; +https://openai.com/gptbot)"
74.7.242.38 - - [06/Jul/2026:10:14:21 -0400] "GET /buy.php?item/284043716 HTTP/1.1" 200 20229 "https://apkmodguru.com/buy.php?item/259017063" "Mozilla/5.0 AppleWebKit/537.36 (KHTML, like Gecko; compatible; GPTBot/1.4; +https://openai.com/gptbot)"
74.7.242.38 - - [06/Jul/2026:10:14:22 -0400] "GET /buy.php?item/263003373 HTTP/1.1" 200 20 "https://apkmodguru.com/buy.php?item/263003353" "Mozilla/5.0 AppleWebKit/537.36 (KHTML, like Gecko; compatible; GPTBot/1.4; +https://openai.com/gptbot)"
74.7.242.38 - - [06/Jul/2026:10:14:42 -0400] "GET /buy.php?item/181000519 HTTP/1.1" 200 19212 "https://apkmodguru.com/buy.php?item/268000858" "Mozilla/5.0 AppleWebKit/537.36 (KHTML, like Gecko; compatible; GPTBot/1.4; +https://openai.com/gptbot)"
192.178.6.103 - - [06/Jul/2026:10:14:42 -0400] "GET /items/Q742736497/ HTTP/1.1" 200 19010 "-" "Mozilla/5.0 (Linux; Android 6.0.1; Nexus 5X Build/MMB29P) AppleWebKit/537.36 (KHTML, like Gecko) Chrome/150.0.7871.46 Mobile Safari/537.36 (compatible; Googlebot/2.1; +http://www.google.com/bot.html)"
74.7.242.38 - - [06/Jul/2026:10:14:42 -0400] "GET /buy.php?item/268000866 HTTP/1.1" 200 20108 "https://apkmodguru.com/buy.php?item/268000860" "Mozilla/5.0 AppleWebKit/537.36 (KHTML, like Gecko; compatible; GPTBot/1.4; +https://openai.com/gptbot)"
74.7.242.38 - - [06/Jul/2026:10:14:43 -0400] "GET /buy.php?item/048006664 HTTP/1.1" 200 19468 "https://apkmodguru.com/buy.php?item/167023899" "Mozilla/5.0 AppleWebKit/537.36 (KHTML, like Gecko; compatible; GPTBot/1.4; +https://openai.com/gptbot)"
74.7.242.38 - - [06/Jul/2026:10:14:44 -0400] "GET /buy.php?item/268000868 HTTP/1.1" 200 19692 "https://apkmodguru.com/buy.php?item/268000860" "Mozilla/5.0 AppleWebKit/537.36 (KHTML, like Gecko; compatible; GPTBot/1.4; +https://openai.com/gptbot)"
74.7.242.38 - - [06/Jul/2026:10:14:45 -0400] "GET /buy.php?item/172034496 HTTP/1.1" 200 19556 "https://apkmodguru.com/buy.php?item/172027764" "Mozilla/5.0 AppleWebKit/537.36 (KHTML, like Gecko; compatible; GPTBot/1.4; +https://openai.com/gptbot)"
74.7.242.38 - - [06/Jul/2026:10:14:46 -0400] "GET /buy.php?item/119024657 HTTP/1.1" 200 19496 "https://apkmodguru.com/buy.php?item/069014785" "Mozilla/5.0 AppleWebKit/537.36 (KHTML, like Gecko; compatible; GPTBot/1.4; +https://openai.com/gptbot)"
85.208.96.200 - - [06/Jul/2026:10:14:46 -0400] "GET /?items%2FF4745546512%2F HTTP/1.1" 200 0 "-" "Mozilla/5.0 (compatible; SemrushBot/7~bl; +http://www.semrush.com/bot.html)"
74.7.242.38 - - [06/Jul/2026:10:14:47 -0400] "GET /buy.php?item/136043798 HTTP/1.1" 200 19262 "https://apkmodguru.com/buy.php?item/222037042" "Mozilla/5.0 AppleWebKit/537.36 (KHTML, like Gecko; compatible; GPTBot/1.4; +https://openai.com/gptbot)"
74.7.242.38 - - [06/Jul/2026:10:14:47 -0400] "GET /buy.php?item/267003981 HTTP/1.1" 200 20058 "https://apkmodguru.com/buy.php?item/257026665" "Mozilla/5.0 AppleWebKit/537.36 (KHTML, like Gecko; compatible; GPTBot/1.4; +https://openai.com/gptbot)"
74.7.242.38 - - [06/Jul/2026:10:14:48 -0400] "GET /buy.php?item/298015654 HTTP/1.1" 200 19356 "https://apkmodguru.com/buy.php?item/293008157" "Mozilla/5.0 AppleWebKit/537.36 (KHTML, like Gecko; compatible; GPTBot/1.4; +https://openai.com/gptbot)"
74.7.242.38 - - [06/Jul/2026:10:14:49 -0400] "GET /buy.php?item/185010821 HTTP/1.1" 200 19336 "https://apkmodguru.com/buy.php?item/185027863" "Mozilla/5.0 AppleWebKit/537.36 (KHTML, like Gecko; compatible; GPTBot/1.4; +https://openai.com/gptbot)"
74.7.242.38 - - [06/Jul/2026:10:14:50 -0400] "GET /buy.php?item/155044459 HTTP/1.1" 200 19308 "https://apkmodguru.com/buy.php?item/231008549" "Mozilla/5.0 AppleWebKit/537.36 (KHTML, like Gecko; compatible; GPTBot/1.4; +https://openai.com/gptbot)"
77.75.78.169 - - [06/Jul/2026:10:14:52 -0400] "GET /items/A134979269/ HTTP/1.1" 200 0 "-" "Mozilla/5.0 (compatible; SeznamBot/4.0; +https://o-seznam.cz/napoveda/vyhledavani/en/seznambot-crawler/)"
74.7.242.38 - - [06/Jul/2026:10:14:52 -0400] "GET /buy.php?item/181000521 HTTP/1.1" 200 19479 "https://apkmodguru.com/buy.php?item/181000519" "Mozilla/5.0 AppleWebKit/537.36 (KHTML, like Gecko; compatible; GPTBot/1.4; +https://openai.com/gptbot)"
74.7.242.38 - - [06/Jul/2026:10:14:52 -0400] "GET /buy.php?item/181000523 HTTP/1.1" 200 19220 "https://apkmodguru.com/buy.php?item/181000519" "Mozilla/5.0 AppleWebKit/537.36 (KHTML, like Gecko; compatible; GPTBot/1.4; +https://openai.com/gptbot)"
74.7.242.38 - - [06/Jul/2026:10:14:54 -0400] "GET /buy.php?item/181000525 HTTP/1.1" 200 19402 "https://apkmodguru.com/buy.php?item/181000519" "Mozilla/5.0 AppleWebKit/537.36 (KHTML, like Gecko; compatible; GPTBot/1.4; +https://openai.com/gptbot)"
74.7.242.38 - - [06/Jul/2026:10:14:55 -0400] "GET /buy.php?item/014003808 HTTP/1.1" 200 20161 "https://apkmodguru.com/buy.php?item/185027863" "Mozilla/5.0 AppleWebKit/537.36 (KHTML, like Gecko; compatible; GPTBot/1.4; +https://openai.com/gptbot)"
85.208.96.212 - - [06/Jul/2026:10:15:01 -0400] "GET /?items%2FF47455121363%2F HTTP/1.1" 200 0 "-" "Mozilla/5.0 (compatible; SemrushBot/7~bl; +http://www.semrush.com/bot.html)"
185.191.171.16 - - [06/Jul/2026:10:15:03 -0400] "GET /?items%2FF47455308720%2F HTTP/1.1" 200 0 "-" "Mozilla/5.0 (compatible; SemrushBot/7~bl; +http://www.semrush.com/bot.html)"
66.249.77.35 - - [06/Jul/2026:10:15:05 -0400] "GET /items/P731037365/ HTTP/1.1" 200 19514 "-" "Mozilla/5.0 (Linux; Android 6.0.1; Nexus 5X Build/MMB29P) AppleWebKit/537.36 (KHTML, like Gecko) Chrome/150.0.7871.46 Mobile Safari/537.36 (compatible; Googlebot/2.1; +http://www.google.com/bot.html)"
66.249.77.34 - - [06/Jul/2026:10:15:06 -0400] "GET /items/H721887127/ HTTP/1.1" 200 20432 "-" "Mozilla/5.0 (Linux; Android 6.0.1; Nexus 5X Build/MMB29P) AppleWebKit/537.36 (KHTML, like Gecko) Chrome/150.0.7871.46 Mobile Safari/537.36 (compatible; Googlebot/2.1; +http://www.google.com/bot.html)"
74.7.242.38 - - [06/Jul/2026:10:14:56 -0400] "GET /buy.php?item/030010736 HTTP/1.1" 200 20 "https://apkmodguru.com/buy.php?item/268000868" "Mozilla/5.0 AppleWebKit/537.36 (KHTML, like Gecko; compatible; GPTBot/1.4; +https://openai.com/gptbot)"
85.208.96.200 - - [06/Jul/2026:10:15:25 -0400] "GET /?items%2FT19987162737%2F HTTP/1.1" 200 0 "-" "Mozilla/5.0 (compatible; SemrushBot/7~bl; +http://www.semrush.com/bot.html)"
192.178.6.104 - - [06/Jul/2026:10:15:29 -0400] "GET /?detail/772825406 HTTP/1.1" 200 19285 "-" "Mozilla/5.0 (Linux; Android 6.0.1; Nexus 5X Build/MMB29P) AppleWebKit/537.36 (KHTML, like Gecko) Chrome/150.0.7871.46 Mobile Safari/537.36 (compatible; Googlebot/2.1; +http://www.google.com/bot.html)"
74.7.242.38 - - [06/Jul/2026:10:15:16 -0400] "GET /buy.php?item/024006304 HTTP/1.1" 200 20 "https://apkmodguru.com/buy.php?item/268000866" "Mozilla/5.0 AppleWebKit/537.36 (KHTML, like Gecko; compatible; GPTBot/1.4; +https://openai.com/gptbot)"
185.191.171.10 - - [06/Jul/2026:10:15:38 -0400] "GET /?items%2FW3010453813%2F HTTP/1.1" 200 0 "-" "Mozilla/5.0 (compatible; SemrushBot/7~bl; +http://www.semrush.com/bot.html)"
74.7.242.38 - - [06/Jul/2026:10:15:36 -0400] "GET /buy.php?item/110030216 HTTP/1.1" 200 19373 "https://apkmodguru.com/buy.php?item/119024657" "Mozilla/5.0 AppleWebKit/537.36 (KHTML, like Gecko; compatible; GPTBot/1.4; +https://openai.com/gptbot)"
74.7.242.38 - - [06/Jul/2026:10:15:43 -0400] "GET /buy.php?item/006000926 HTTP/1.1" 200 20403 "https://apkmodguru.com/buy.php?item/267003981" "Mozilla/5.0 AppleWebKit/537.36 (KHTML, like Gecko; compatible; GPTBot/1.4; +https://openai.com/gptbot)"
74.7.242.38 - - [06/Jul/2026:10:15:55 -0400] "GET /buy.php?item/157000377 HTTP/1.1" 200 19937 "https://apkmodguru.com/buy.php?item/298015654" "Mozilla/5.0 AppleWebKit/537.36 (KHTML, like Gecko; compatible; GPTBot/1.4; +https://openai.com/gptbot)"
74.7.242.38 - - [06/Jul/2026:10:15:56 -0400] "GET /buy.php?item/048009054 HTTP/1.1" 200 19393 "https://apkmodguru.com/buy.php?item/048006664" "Mozilla/5.0 AppleWebKit/537.36 (KHTML, like Gecko; compatible; GPTBot/1.4; +https://openai.com/gptbot)"
85.208.96.206 - - [06/Jul/2026:10:16:01 -0400] "GET /?items%2FO4239465817%2F HTTP/1.1" 200 0 "-" "Mozilla/5.0 (compatible; SemrushBot/7~bl; +http://www.semrush.com/bot.html)"
85.208.96.205 - - [06/Jul/2026:10:16:03 -0400] "GET /?items%2FT19987246074%2F HTTP/1.1" 200 0 "-" "Mozilla/5.0 (compatible; SemrushBot/7~bl; +http://www.semrush.com/bot.html)"
85.208.96.204 - - [06/Jul/2026:10:16:05 -0400] "GET /?items%2FO68550123491%2F HTTP/1.1" 200 0 "-" "Mozilla/5.0 (compatible; SemrushBot/7~bl; +http://www.semrush.com/bot.html)"
74.7.242.38 - - [06/Jul/2026:10:15:58 -0400] "GET /buy.php?item/094030144 HTTP/1.1" 200 20450 "https://apkmodguru.com/buy.php?item/231008549" "Mozilla/5.0 AppleWebKit/537.36 (KHTML, like Gecko; compatible; GPTBot/1.4; +https://openai.com/gptbot)"
74.7.242.38 - - [06/Jul/2026:10:16:06 -0400] "GET /buy.php?item/096028714 HTTP/1.1" 200 19616 "https://apkmodguru.com/buy.php?item/096024738" "Mozilla/5.0 AppleWebKit/537.36 (KHTML, like Gecko; compatible; GPTBot/1.4; +https://openai.com/gptbot)"
74.7.242.38 - - [06/Jul/2026:10:16:06 -0400] "GET /buy.php?item/256039214 HTTP/1.1" 200 19304 "https://apkmodguru.com/buy.php?item/256035552" "Mozilla/5.0 AppleWebKit/537.36 (KHTML, like Gecko; compatible; GPTBot/1.4; +https://openai.com/gptbot)"
74.7.242.38 - - [06/Jul/2026:10:16:07 -0400] "GET /buy.php?item/181001641 HTTP/1.1" 200 20 "https://apkmodguru.com/buy.php?item/181000525" "Mozilla/5.0 AppleWebKit/537.36 (KHTML, like Gecko; compatible; GPTBot/1.4; +https://openai.com/gptbot)"
74.7.242.38 - - [06/Jul/2026:10:16:27 -0400] "GET /buy.php?item/014020002 HTTP/1.1" 200 20718 "https://apkmodguru.com/buy.php?item/014003808" "Mozilla/5.0 AppleWebKit/537.36 (KHTML, like Gecko; compatible; GPTBot/1.4; +https://openai.com/gptbot)"
74.7.242.38 - - [06/Jul/2026:10:16:27 -0400] "GET /buy.php?item/294031056 HTTP/1.1" 200 19812 "https://apkmodguru.com/buy.php?item/185010821" "Mozilla/5.0 AppleWebKit/537.36 (KHTML, like Gecko; compatible; GPTBot/1.4; +https://openai.com/gptbot)"
192.178.6.102 - - [06/Jul/2026:10:16:33 -0400] "GET /ammika.php?sitemap968.xml HTTP/1.1" 403 1242 "-" "Mozilla/5.0 (compatible; Googlebot/2.1; +http://www.google.com/bot.html)"
185.191.171.12 - - [06/Jul/2026:10:16:34 -0400] "GET /?items%2FM28274174563%2F HTTP/1.1" 200 0 "-" "Mozilla/5.0 (compatible; SemrushBot/7~bl; +http://www.semrush.com/bot.html)"
66.249.77.33 - - [06/Jul/2026:10:16:37 -0400] "GET /items/J303230168/ HTTP/1.1" 200 20762 "-" "Mozilla/5.0 (Linux; Android 6.0.1; Nexus 5X Build/MMB29P) AppleWebKit/537.36 (KHTML, like Gecko) Chrome/150.0.7871.46 Mobile Safari/537.36 (compatible; Googlebot/2.1; +http://www.google.com/bot.html)"
74.7.242.38 - - [06/Jul/2026:10:16:32 -0400] "GET /buy.php?item/085024361 HTTP/1.1" 200 20026 "https://apkmodguru.com/buy.php?item/096024738" "Mozilla/5.0 AppleWebKit/537.36 (KHTML, like Gecko; compatible; GPTBot/1.4; +https://openai.com/gptbot)"
74.7.242.38 - - [06/Jul/2026:10:16:38 -0400] "GET /buy.php?item/177049263 HTTP/1.1" 200 20102 "https://apkmodguru.com/buy.php?item/107033301" "Mozilla/5.0 AppleWebKit/537.36 (KHTML, like Gecko; compatible; GPTBot/1.4; +https://openai.com/gptbot)"
74.7.242.38 - - [06/Jul/2026:10:16:39 -0400] "GET /buy.php?item/006038208 HTTP/1.1" 200 19317 "https://apkmodguru.com/buy.php?item/006000926" "Mozilla/5.0 AppleWebKit/537.36 (KHTML, like Gecko; compatible; GPTBot/1.4; +https://openai.com/gptbot)"
74.7.242.38 - - [06/Jul/2026:10:16:41 -0400] "GET /buy.php?item/037015077 HTTP/1.1" 200 19473 "https://apkmodguru.com/buy.php?item/157000377" "Mozilla/5.0 AppleWebKit/537.36 (KHTML, like Gecko; compatible; GPTBot/1.4; +https://openai.com/gptbot)"
74.7.242.38 - - [06/Jul/2026:10:16:41 -0400] "GET /buy.php?item/136024894 HTTP/1.1" 200 20243 "https://apkmodguru.com/buy.php?item/006000926" "Mozilla/5.0 AppleWebKit/537.36 (KHTML, like Gecko; compatible; GPTBot/1.4; +https://openai.com/gptbot)"
74.7.242.38 - - [06/Jul/2026:10:16:42 -0400] "GET /buy.php?item/155043627 HTTP/1.1" 200 19639 "https://apkmodguru.com/buy.php?item/157000377" "Mozilla/5.0 AppleWebKit/537.36 (KHTML, like Gecko; compatible; GPTBot/1.4; +https://openai.com/gptbot)"
74.7.242.38 - - [06/Jul/2026:10:16:43 -0400] "GET /buy.php?item/129038257 HTTP/1.1" 200 19200 "https://apkmodguru.com/buy.php?item/048009054" "Mozilla/5.0 AppleWebKit/537.36 (KHTML, like Gecko; compatible; GPTBot/1.4; +https://openai.com/gptbot)"
74.7.242.38 - - [06/Jul/2026:10:16:43 -0400] "GET /buy.php?item/083025741 HTTP/1.1" 200 20178 "https://apkmodguru.com/buy.php?item/014029756" "Mozilla/5.0 AppleWebKit/537.36 (KHTML, like Gecko; compatible; GPTBot/1.4; +https://openai.com/gptbot)"
