74.7.242.38 - - [06/Jul/2026:09:13:27 -0400] "GET /buy.php?shopping/300038031 HTTP/1.1" 200 19815 "https://apkmodguru.com/buy.php?item/300023940" "Mozilla/5.0 AppleWebKit/537.36 (KHTML, like Gecko; compatible; GPTBot/1.4; +https://openai.com/gptbot)"
74.7.242.38 - - [06/Jul/2026:09:13:27 -0400] "GET /buy.php?item/300038034 HTTP/1.1" 200 19406 "https://apkmodguru.com/buy.php?item/300023940" "Mozilla/5.0 AppleWebKit/537.36 (KHTML, like Gecko; compatible; GPTBot/1.4; +https://openai.com/gptbot)"
66.249.77.33 - - [06/Jul/2026:09:13:28 -0400] "GET /items/P753566358/ HTTP/1.1" 200 19716 "-" "Mozilla/5.0 (Linux; Android 6.0.1; Nexus 5X Build/MMB29P) AppleWebKit/537.36 (KHTML, like Gecko) Chrome/150.0.7871.46 Mobile Safari/537.36 (compatible; Googlebot/2.1; +http://www.google.com/bot.html)"
74.7.242.38 - - [06/Jul/2026:09:13:28 -0400] "GET /buy.php?item/010006480 HTTP/1.1" 200 19721 "https://apkmodguru.com/buy.php?item/010006448" "Mozilla/5.0 AppleWebKit/537.36 (KHTML, like Gecko; compatible; GPTBot/1.4; +https://openai.com/gptbot)"
66.249.77.35 - - [06/Jul/2026:09:13:28 -0400] "GET /items/Y183363195 HTTP/1.1" 200 19467 "-" "Mozilla/5.0 (Linux; Android 6.0.1; Nexus 5X Build/MMB29P) AppleWebKit/537.36 (KHTML, like Gecko) Chrome/150.0.7871.46 Mobile Safari/537.36 (compatible; Googlebot/2.1; +http://www.google.com/bot.html)"
74.7.242.38 - - [06/Jul/2026:09:13:30 -0400] "GET /buy.php?item/300038032 HTTP/1.1" 200 19375 "https://apkmodguru.com/buy.php?item/300023940" "Mozilla/5.0 AppleWebKit/537.36 (KHTML, like Gecko; compatible; GPTBot/1.4; +https://openai.com/gptbot)"
74.7.242.38 - - [06/Jul/2026:09:13:32 -0400] "GET /buy.php?item/300023944 HTTP/1.1" 200 19359 "https://apkmodguru.com/buy.php?item/300023942" "Mozilla/5.0 AppleWebKit/537.36 (KHTML, like Gecko; compatible; GPTBot/1.4; +https://openai.com/gptbot)"
185.191.171.11 - - [06/Jul/2026:09:13:40 -0400] "GET /?items%2FT19987280151%2F HTTP/1.1" 200 0 "-" "Mozilla/5.0 (compatible; SemrushBot/7~bl; +http://www.semrush.com/bot.html)"
74.7.242.38 - - [06/Jul/2026:09:13:33 -0400] "GET /buy.php?item/300023946 HTTP/1.1" 200 20 "https://apkmodguru.com/buy.php?item/300023942" "Mozilla/5.0 AppleWebKit/537.36 (KHTML, like Gecko; compatible; GPTBot/1.4; +https://openai.com/gptbot)"
185.191.171.7 - - [06/Jul/2026:09:13:56 -0400] "GET /?items%2FO87712243849%2F HTTP/1.1" 200 0 "-" "Mozilla/5.0 (compatible; SemrushBot/7~bl; +http://www.semrush.com/bot.html)"
74.7.242.38 - - [06/Jul/2026:09:13:53 -0400] "GET /buy.php?item/300023948 HTTP/1.1" 200 19729 "https://apkmodguru.com/buy.php?item/300023942" "Mozilla/5.0 AppleWebKit/537.36 (KHTML, like Gecko; compatible; GPTBot/1.4; +https://openai.com/gptbot)"
74.7.242.38 - - [06/Jul/2026:09:13:57 -0400] "GET /buy.php?item/010006482 HTTP/1.1" 200 19455 "https://apkmodguru.com/buy.php?item/010006448" "Mozilla/5.0 AppleWebKit/537.36 (KHTML, like Gecko; compatible; GPTBot/1.4; +https://openai.com/gptbot)"
66.249.77.34 - - [06/Jul/2026:09:13:57 -0400] "GET /items/C853234950/ HTTP/1.1" 200 18823 "-" "Mozilla/5.0 (Linux; Android 6.0.1; Nexus 5X Build/MMB29P) AppleWebKit/537.36 (KHTML, like Gecko) Chrome/150.0.7871.46 Mobile Safari/537.36 (compatible; Googlebot/2.1; +http://www.google.com/bot.html)"
74.7.242.38 - - [06/Jul/2026:09:13:57 -0400] "GET /buy.php?item/111026981 HTTP/1.1" 200 19771 "https://apkmodguru.com/buy.php?item/111038783" "Mozilla/5.0 AppleWebKit/537.36 (KHTML, like Gecko; compatible; GPTBot/1.4; +https://openai.com/gptbot)"
74.7.242.38 - - [06/Jul/2026:09:14:05 -0400] "GET /buy.php?item/162037774 HTTP/1.1" 200 19547 "https://apkmodguru.com/buy.php?item/010006490" "Mozilla/5.0 AppleWebKit/537.36 (KHTML, like Gecko; compatible; GPTBot/1.4; +https://openai.com/gptbot)"
185.191.171.9 - - [06/Jul/2026:09:14:07 -0400] "GET /?items%2FT19987149289%2F HTTP/1.1" 200 0 "-" "Mozilla/5.0 (compatible; SemrushBot/7~bl; +http://www.semrush.com/bot.html)"
74.7.242.38 - - [06/Jul/2026:09:14:06 -0400] "GET /buy.php?item/100007630 HTTP/1.1" 200 19062 "https://apkmodguru.com/buy.php?item/270008874" "Mozilla/5.0 AppleWebKit/537.36 (KHTML, like Gecko; compatible; GPTBot/1.4; +https://openai.com/gptbot)"
74.7.242.38 - - [06/Jul/2026:09:14:07 -0400] "GET /buy.php?item/080031170 HTTP/1.1" 200 19483 "https://apkmodguru.com/buy.php?item/080035888" "Mozilla/5.0 AppleWebKit/537.36 (KHTML, like Gecko; compatible; GPTBot/1.4; +https://openai.com/gptbot)"
74.7.242.38 - - [06/Jul/2026:09:14:08 -0400] "GET /buy.php?item/300038028 HTTP/1.1" 200 20062 "https://apkmodguru.com/buy.php?item/300038034" "Mozilla/5.0 AppleWebKit/537.36 (KHTML, like Gecko; compatible; GPTBot/1.4; +https://openai.com/gptbot)"
74.7.242.38 - - [06/Jul/2026:09:14:11 -0400] "GET /buy.php?item/241022239 HTTP/1.1" 200 19961 "https://apkmodguru.com/buy.php?item/300038034" "Mozilla/5.0 AppleWebKit/537.36 (KHTML, like Gecko; compatible; GPTBot/1.4; +https://openai.com/gptbot)"
74.7.242.38 - - [06/Jul/2026:09:14:12 -0400] "GET /buy.php?item/088011844 HTTP/1.1" 200 20109 "https://apkmodguru.com/buy.php?item/010006462" "Mozilla/5.0 AppleWebKit/537.36 (KHTML, like Gecko; compatible; GPTBot/1.4; +https://openai.com/gptbot)"
74.7.242.38 - - [06/Jul/2026:09:14:13 -0400] "GET /buy.php?item/140008214 HTTP/1.1" 200 19822 "https://apkmodguru.com/buy.php?item/300023944" "Mozilla/5.0 AppleWebKit/537.36 (KHTML, like Gecko; compatible; GPTBot/1.4; +https://openai.com/gptbot)"
74.7.242.38 - - [06/Jul/2026:09:14:13 -0400] "GET /buy.php?item/102004606 HTTP/1.1" 200 19887 "https://apkmodguru.com/buy.php?item/102016300" "Mozilla/5.0 AppleWebKit/537.36 (KHTML, like Gecko; compatible; GPTBot/1.4; +https://openai.com/gptbot)"
74.7.242.38 - - [06/Jul/2026:09:14:14 -0400] "GET /buy.php?item/300020566 HTTP/1.1" 200 19447 "https://apkmodguru.com/buy.php?item/300023948" "Mozilla/5.0 AppleWebKit/537.36 (KHTML, like Gecko; compatible; GPTBot/1.4; +https://openai.com/gptbot)"
74.7.242.38 - - [06/Jul/2026:09:14:15 -0400] "GET /buy.php?item/300016978 HTTP/1.1" 200 19044 "https://apkmodguru.com/buy.php?item/300023948" "Mozilla/5.0 AppleWebKit/537.36 (KHTML, like Gecko; compatible; GPTBot/1.4; +https://openai.com/gptbot)"
74.7.242.38 - - [06/Jul/2026:09:14:16 -0400] "GET /buy.php?item/300018026 HTTP/1.1" 200 19784 "https://apkmodguru.com/buy.php?item/300023948" "Mozilla/5.0 AppleWebKit/537.36 (KHTML, like Gecko; compatible; GPTBot/1.4; +https://openai.com/gptbot)"
74.7.242.38 - - [06/Jul/2026:09:14:28 -0400] "GET /buy.php?item/033019043 HTTP/1.1" 200 19531 "https://apkmodguru.com/buy.php?item/270008874" "Mozilla/5.0 AppleWebKit/537.36 (KHTML, like Gecko; compatible; GPTBot/1.4; +https://openai.com/gptbot)"
74.7.242.38 - - [06/Jul/2026:09:14:29 -0400] "GET /buy.php?item/181030021 HTTP/1.1" 200 19835 "https://apkmodguru.com/buy.php?item/010006478" "Mozilla/5.0 AppleWebKit/537.36 (KHTML, like Gecko; compatible; GPTBot/1.4; +https://openai.com/gptbot)"
85.208.96.194 - - [06/Jul/2026:09:14:29 -0400] "GET /?items%2FD55487128078%2F HTTP/1.1" 200 0 "-" "Mozilla/5.0 (compatible; SemrushBot/7~bl; +http://www.semrush.com/bot.html)"
74.7.242.38 - - [06/Jul/2026:09:14:30 -0400] "GET /buy.php?item/080007974 HTTP/1.1" 200 20141 "https://apkmodguru.com/buy.php?item/080031170" "Mozilla/5.0 AppleWebKit/537.36 (KHTML, like Gecko; compatible; GPTBot/1.4; +https://openai.com/gptbot)"
185.191.171.7 - - [06/Jul/2026:09:14:31 -0400] "GET /?items%2FD55487279723%2F HTTP/1.1" 200 0 "-" "Mozilla/5.0 (compatible; SemrushBot/7~bl; +http://www.semrush.com/bot.html)"
74.7.242.38 - - [06/Jul/2026:09:14:31 -0400] "GET /buy.php?item/300006638 HTTP/1.1" 200 19792 "https://apkmodguru.com/buy.php?item/300038028" "Mozilla/5.0 AppleWebKit/537.36 (KHTML, like Gecko; compatible; GPTBot/1.4; +https://openai.com/gptbot)"
74.7.242.38 - - [06/Jul/2026:09:14:32 -0400] "GET /buy.php?item/072000914 HTTP/1.1" 200 19497 "https://apkmodguru.com/buy.php?item/241022239" "Mozilla/5.0 AppleWebKit/537.36 (KHTML, like Gecko; compatible; GPTBot/1.4; +https://openai.com/gptbot)"
74.7.242.38 - - [06/Jul/2026:09:14:32 -0400] "GET /buy.php?item/080035890 HTTP/1.1" 200 20215 "https://apkmodguru.com/buy.php?item/080007980" "Mozilla/5.0 AppleWebKit/537.36 (KHTML, like Gecko; compatible; GPTBot/1.4; +https://openai.com/gptbot)"
85.208.96.193 - - [06/Jul/2026:09:14:33 -0400] "GET /?items%2FO42394162857%2F HTTP/1.1" 200 0 "-" "Mozilla/5.0 (compatible; SemrushBot/7~bl; +http://www.semrush.com/bot.html)"
74.7.242.38 - - [06/Jul/2026:09:14:34 -0400] "GET /buy.php?item/140008216 HTTP/1.1" 200 19777 "https://apkmodguru.com/buy.php?item/140008214" "Mozilla/5.0 AppleWebKit/537.36 (KHTML, like Gecko; compatible; GPTBot/1.4; +https://openai.com/gptbot)"
66.249.77.34 - - [06/Jul/2026:09:14:35 -0400] "GET /items/N803804613 HTTP/1.1" 200 18795 "-" "Mozilla/5.0 (Linux; Android 6.0.1; Nexus 5X Build/MMB29P) AppleWebKit/537.36 (KHTML, like Gecko) Chrome/150.0.7871.46 Mobile Safari/537.36 (compatible; Googlebot/2.1; +http://www.google.com/bot.html)"
85.208.96.210 - - [06/Jul/2026:09:14:46 -0400] "GET /?items%2FF47455182996%2F HTTP/1.1" 200 0 "-" "Mozilla/5.0 (compatible; SemrushBot/7~bl; +http://www.semrush.com/bot.html)"
74.7.242.38 - - [06/Jul/2026:09:14:34 -0400] "GET /buy.php?item/099001067 HTTP/1.1" 200 20 "https://apkmodguru.com/buy.php?item/111023699" "Mozilla/5.0 AppleWebKit/537.36 (KHTML, like Gecko; compatible; GPTBot/1.4; +https://openai.com/gptbot)"
74.7.242.38 - - [06/Jul/2026:09:14:54 -0400] "GET /buy.php?item/300023968 HTTP/1.1" 200 19750 "https://apkmodguru.com/buy.php?item/300020566" "Mozilla/5.0 AppleWebKit/537.36 (KHTML, like Gecko; compatible; GPTBot/1.4; +https://openai.com/gptbot)"
74.7.242.38 - - [06/Jul/2026:09:14:55 -0400] "GET /buy.php?item/300023964 HTTP/1.1" 200 19331 "https://apkmodguru.com/buy.php?item/300020566" "Mozilla/5.0 AppleWebKit/537.36 (KHTML, like Gecko; compatible; GPTBot/1.4; +https://openai.com/gptbot)"
74.7.242.38 - - [06/Jul/2026:09:14:56 -0400] "GET /buy.php?shopping/119012734 HTTP/1.1" 200 19795 "https://apkmodguru.com/buy.php?item/300018026" "Mozilla/5.0 AppleWebKit/537.36 (KHTML, like Gecko; compatible; GPTBot/1.4; +https://openai.com/gptbot)"
74.7.242.38 - - [06/Jul/2026:09:14:57 -0400] "GET /buy.php?item/069043003 HTTP/1.1" 200 19690 "https://apkmodguru.com/buy.php?item/033019043" "Mozilla/5.0 AppleWebKit/537.36 (KHTML, like Gecko; compatible; GPTBot/1.4; +https://openai.com/gptbot)"
74.7.242.38 - - [06/Jul/2026:09:14:58 -0400] "GET /buy.php?item/121019071 HTTP/1.1" 200 19409 "https://apkmodguru.com/buy.php?item/080045820" "Mozilla/5.0 AppleWebKit/537.36 (KHTML, like Gecko; compatible; GPTBot/1.4; +https://openai.com/gptbot)"
185.191.171.4 - - [06/Jul/2026:09:15:00 -0400] "GET /?items%2FG5985861439%2F HTTP/1.1" 200 0 "-" "Mozilla/5.0 (compatible; SemrushBot/7~bl; +http://www.semrush.com/bot.html)"
74.7.242.38 - - [06/Jul/2026:09:14:58 -0400] "GET /buy.php?item/080046434 HTTP/1.1" 200 20260 "https://apkmodguru.com/buy.php?item/080007974" "Mozilla/5.0 AppleWebKit/537.36 (KHTML, like Gecko; compatible; GPTBot/1.4; +https://openai.com/gptbot)"
74.7.242.38 - - [06/Jul/2026:09:15:10 -0400] "GET /buy.php?jp/300038035.html HTTP/1.1" 200 19711 "https://apkmodguru.com/buy.php?item/300006638" "Mozilla/5.0 AppleWebKit/537.36 (KHTML, like Gecko; compatible; GPTBot/1.4; +https://openai.com/gptbot)"
74.7.242.38 - - [06/Jul/2026:09:15:11 -0400] "GET /buy.php?jp/261000870.html HTTP/1.1" 200 19294 "https://apkmodguru.com/buy.php?item/072000914" "Mozilla/5.0 AppleWebKit/537.36 (KHTML, like Gecko; compatible; GPTBot/1.4; +https://openai.com/gptbot)"
185.191.171.19 - - [06/Jul/2026:09:15:17 -0400] "GET /?items%2FG5985871863%2F HTTP/1.1" 200 0 "-" "Mozilla/5.0 (compatible; SemrushBot/7~bl; +http://www.semrush.com/bot.html)"
74.7.242.38 - - [06/Jul/2026:09:15:12 -0400] "GET /buy.php?item/300040110 HTTP/1.1" 200 19888 "https://apkmodguru.com/buy.php?item/300006638" "Mozilla/5.0 AppleWebKit/537.36 (KHTML, like Gecko; compatible; GPTBot/1.4; +https://openai.com/gptbot)"
74.7.242.38 - - [06/Jul/2026:09:15:24 -0400] "GET /buy.php?item/140008212 HTTP/1.1" 200 19467 "https://apkmodguru.com/buy.php?item/140008216" "Mozilla/5.0 AppleWebKit/537.36 (KHTML, like Gecko; compatible; GPTBot/1.4; +https://openai.com/gptbot)"
66.249.77.34 - - [06/Jul/2026:09:15:28 -0400] "GET /items/R613395362 HTTP/1.1" 200 18949 "-" "Mozilla/5.0 (Linux; Android 6.0.1; Nexus 5X Build/MMB29P) AppleWebKit/537.36 (KHTML, like Gecko) Chrome/150.0.7871.46 Mobile Safari/537.36 (compatible; Googlebot/2.1; +http://www.google.com/bot.html)"
74.7.242.38 - - [06/Jul/2026:09:15:29 -0400] "GET /buy.php?item/050042744 HTTP/1.1" 200 20298 "https://apkmodguru.com/buy.php?item/140008216" "Mozilla/5.0 AppleWebKit/537.36 (KHTML, like Gecko; compatible; GPTBot/1.4; +https://openai.com/gptbot)"
185.191.171.11 - - [06/Jul/2026:09:15:29 -0400] "GET /?items%2FD5548720414%2F HTTP/1.1" 200 0 "-" "Mozilla/5.0 (compatible; SemrushBot/7~bl; +http://www.semrush.com/bot.html)"
74.7.242.38 - - [06/Jul/2026:09:15:29 -0400] "GET /buy.php?item/005040727 HTTP/1.1" 200 19500 "https://apkmodguru.com/buy.php?item/300023968" "Mozilla/5.0 AppleWebKit/537.36 (KHTML, like Gecko; compatible; GPTBot/1.4; +https://openai.com/gptbot)"
74.7.242.38 - - [06/Jul/2026:09:15:30 -0400] "GET /buy.php?item/300023950 HTTP/1.1" 200 19697 "https://apkmodguru.com/buy.php?item/300023964" "Mozilla/5.0 AppleWebKit/537.36 (KHTML, like Gecko; compatible; GPTBot/1.4; +https://openai.com/gptbot)"
74.7.242.38 - - [06/Jul/2026:09:15:31 -0400] "GET /buy.php?item/072022540 HTTP/1.1" 200 19503 "https://apkmodguru.com/buy.php?item/111027133" "Mozilla/5.0 AppleWebKit/537.36 (KHTML, like Gecko; compatible; GPTBot/1.4; +https://openai.com/gptbot)"
74.7.242.38 - - [06/Jul/2026:09:15:32 -0400] "GET /buy.php?item/069007877 HTTP/1.1" 200 19293 "https://apkmodguru.com/buy.php?item/069043003" "Mozilla/5.0 AppleWebKit/537.36 (KHTML, like Gecko; compatible; GPTBot/1.4; +https://openai.com/gptbot)"
74.7.242.38 - - [06/Jul/2026:09:15:33 -0400] "GET /buy.php?item/177004307 HTTP/1.1" 200 19347 "https://apkmodguru.com/buy.php?item/010006448" "Mozilla/5.0 AppleWebKit/537.36 (KHTML, like Gecko; compatible; GPTBot/1.4; +https://openai.com/gptbot)"
74.7.242.38 - - [06/Jul/2026:09:15:33 -0400] "GET /buy.php?item/010038044 HTTP/1.1" 200 20206 "https://apkmodguru.com/buy.php?item/010006476" "Mozilla/5.0 AppleWebKit/537.36 (KHTML, like Gecko; compatible; GPTBot/1.4; +https://openai.com/gptbot)"
74.7.242.38 - - [06/Jul/2026:09:15:34 -0400] "GET /buy.php?item/211015991 HTTP/1.1" 200 19348 "https://apkmodguru.com/buy.php?item/111004517" "Mozilla/5.0 AppleWebKit/537.36 (KHTML, like Gecko; compatible; GPTBot/1.4; +https://openai.com/gptbot)"
74.7.242.38 - - [06/Jul/2026:09:15:35 -0400] "GET /buy.php?item/080007186 HTTP/1.1" 200 19681 "https://apkmodguru.com/buy.php?item/080046434" "Mozilla/5.0 AppleWebKit/537.36 (KHTML, like Gecko; compatible; GPTBot/1.4; +https://openai.com/gptbot)"
74.7.242.38 - - [06/Jul/2026:09:15:35 -0400] "GET /buy.php?item/080007182 HTTP/1.1" 200 19208 "https://apkmodguru.com/buy.php?item/080046434" "Mozilla/5.0 AppleWebKit/537.36 (KHTML, like Gecko; compatible; GPTBot/1.4; +https://openai.com/gptbot)"
74.7.242.38 - - [06/Jul/2026:09:15:37 -0400] "GET /buy.php?item/214000678 HTTP/1.1" 200 20 "https://apkmodguru.com/buy.php?item/300040110" "Mozilla/5.0 AppleWebKit/537.36 (KHTML, like Gecko; compatible; GPTBot/1.4; +https://openai.com/gptbot)"
74.7.242.38 - - [06/Jul/2026:09:15:56 -0400] "GET /buy.php?item/181013851 HTTP/1.1" 200 19574 "https://apkmodguru.com/buy.php?item/080046434" "Mozilla/5.0 AppleWebKit/537.36 (KHTML, like Gecko; compatible; GPTBot/1.4; +https://openai.com/gptbot)"
74.7.242.38 - - [06/Jul/2026:09:15:57 -0400] "GET /buy.php?item/005011731 HTTP/1.1" 200 19911 "https://apkmodguru.com/buy.php?item/005040727" "Mozilla/5.0 AppleWebKit/537.36 (KHTML, like Gecko; compatible; GPTBot/1.4; +https://openai.com/gptbot)"
74.7.242.38 - - [06/Jul/2026:09:15:58 -0400] "GET /buy.php?item/300023952 HTTP/1.1" 200 19602 "https://apkmodguru.com/buy.php?item/300023950" "Mozilla/5.0 AppleWebKit/537.36 (KHTML, like Gecko; compatible; GPTBot/1.4; +https://openai.com/gptbot)"
74.7.242.38 - - [06/Jul/2026:09:15:59 -0400] "GET /buy.php?item/211022513 HTTP/1.1" 200 20481 "https://apkmodguru.com/buy.php?item/111048815" "Mozilla/5.0 AppleWebKit/537.36 (KHTML, like Gecko; compatible; GPTBot/1.4; +https://openai.com/gptbot)"
74.7.242.38 - - [06/Jul/2026:09:16:00 -0400] "GET /buy.php?item/088020786 HTTP/1.1" 200 20347 "https://apkmodguru.com/buy.php?item/088011844" "Mozilla/5.0 AppleWebKit/537.36 (KHTML, like Gecko; compatible; GPTBot/1.4; +https://openai.com/gptbot)"
185.191.171.15 - - [06/Jul/2026:09:16:00 -0400] "GET /?items%2FG59858276421%2F HTTP/1.1" 200 0 "-" "Mozilla/5.0 (compatible; SemrushBot/7~bl; +http://www.semrush.com/bot.html)"
77.75.79.95 - - [06/Jul/2026:09:16:01 -0400] "GET /items/A134152120/ HTTP/1.1" 200 0 "-" "Mozilla/5.0 (compatible; SeznamBot/4.0; +https://o-seznam.cz/napoveda/vyhledavani/en/seznambot-crawler/)"
74.7.242.38 - - [06/Jul/2026:09:16:00 -0400] "GET /buy.php?item/119027771 HTTP/1.1" 200 19813 "https://apkmodguru.com/buy.php?item/177004307" "Mozilla/5.0 AppleWebKit/537.36 (KHTML, like Gecko; compatible; GPTBot/1.4; +https://openai.com/gptbot)"
74.7.242.38 - - [06/Jul/2026:09:16:02 -0400] "GET /buy.php?shopping/160042139 HTTP/1.1" 200 20587 "https://apkmodguru.com/buy.php?item/010038044" "Mozilla/5.0 AppleWebKit/537.36 (KHTML, like Gecko; compatible; GPTBot/1.4; +https://openai.com/gptbot)"
74.7.242.38 - - [06/Jul/2026:09:16:03 -0400] "GET /buy.php?item/010006466 HTTP/1.1" 200 19790 "https://apkmodguru.com/buy.php?item/010038044" "Mozilla/5.0 AppleWebKit/537.36 (KHTML, like Gecko; compatible; GPTBot/1.4; +https://openai.com/gptbot)"
74.7.242.38 - - [06/Jul/2026:09:16:04 -0400] "GET /buy.php?item/060044448 HTTP/1.1" 200 20414 "https://apkmodguru.com/buy.php?item/080007186" "Mozilla/5.0 AppleWebKit/537.36 (KHTML, like Gecko; compatible; GPTBot/1.4; +https://openai.com/gptbot)"
185.191.171.17 - - [06/Jul/2026:09:16:05 -0400] "GET /?items%2FJ98471225605%2F HTTP/1.1" 200 0 "-" "Mozilla/5.0 (compatible; SemrushBot/7~bl; +http://www.semrush.com/bot.html)"
85.208.96.210 - - [06/Jul/2026:09:16:07 -0400] "GET /?items%2FO42394267878%2F HTTP/1.1" 200 0 "-" "Mozilla/5.0 (compatible; SemrushBot/7~bl; +http://www.semrush.com/bot.html)"
85.208.96.197 - - [06/Jul/2026:09:16:09 -0400] "GET /?items%2FW3010473758%2F HTTP/1.1" 200 0 "-" "Mozilla/5.0 (compatible; SemrushBot/7~bl; +http://www.semrush.com/bot.html)"
85.208.96.193 - - [06/Jul/2026:09:16:10 -0400] "GET /?items%2FF47455287316%2F HTTP/1.1" 200 0 "-" "Mozilla/5.0 (compatible; SemrushBot/7~bl; +http://www.semrush.com/bot.html)"
185.191.171.2 - - [06/Jul/2026:09:16:18 -0400] "GET /?items%2FF47455269852%2F HTTP/1.1" 200 0 "-" "Mozilla/5.0 (compatible; SemrushBot/7~bl; +http://www.semrush.com/bot.html)"
192.178.6.103 - - [06/Jul/2026:09:16:22 -0400] "GET /index.php?items/F202054539 HTTP/1.1" 200 19163 "-" "Mozilla/5.0 (Linux; Android 6.0.1; Nexus 5X Build/MMB29P) AppleWebKit/537.36 (KHTML, like Gecko) Chrome/150.0.7871.46 Mobile Safari/537.36 (compatible; Googlebot/2.1; +http://www.google.com/bot.html)"
74.7.242.38 - - [06/Jul/2026:09:16:05 -0400] "GET /buy.php?detail/300023944818 HTTP/1.1" 200 20 "https://apkmodguru.com/buy.php?item/300009740" "Mozilla/5.0 AppleWebKit/537.36 (KHTML, like Gecko; compatible; GPTBot/1.4; +https://openai.com/gptbot)"
74.7.242.38 - - [06/Jul/2026:09:16:25 -0400] "GET /buy.php?item/192028654 HTTP/1.1" 200 19199 "https://apkmodguru.com/buy.php?item/140008216" "Mozilla/5.0 AppleWebKit/537.36 (KHTML, like Gecko; compatible; GPTBot/1.4; +https://openai.com/gptbot)"
74.7.242.38 - - [06/Jul/2026:09:16:25 -0400] "GET /buy.php?item/134027086 HTTP/1.1" 200 20370 "https://apkmodguru.com/buy.php?item/056008980" "Mozilla/5.0 AppleWebKit/537.36 (KHTML, like Gecko; compatible; GPTBot/1.4; +https://openai.com/gptbot)"
74.7.242.38 - - [06/Jul/2026:09:16:30 -0400] "GET /buy.php?item/183022945 HTTP/1.1" 200 19594 "https://apkmodguru.com/buy.php?item/183006009" "Mozilla/5.0 AppleWebKit/537.36 (KHTML, like Gecko; compatible; GPTBot/1.4; +https://openai.com/gptbot)"
74.7.242.38 - - [06/Jul/2026:09:16:31 -0400] "GET /buy.php?item/129036579 HTTP/1.1" 200 20383 "https://apkmodguru.com/buy.php?item/129044477" "Mozilla/5.0 AppleWebKit/537.36 (KHTML, like Gecko; compatible; GPTBot/1.4; +https://openai.com/gptbot)"
74.7.242.38 - - [06/Jul/2026:09:16:32 -0400] "GET /buy.php?item/297031863 HTTP/1.1" 200 19779 "https://apkmodguru.com/buy.php?item/300023944" "Mozilla/5.0 AppleWebKit/537.36 (KHTML, like Gecko; compatible; GPTBot/1.4; +https://openai.com/gptbot)"
74.7.242.38 - - [06/Jul/2026:09:16:33 -0400] "GET /buy.php?item/296013654 HTTP/1.1" 200 20162 "https://apkmodguru.com/buy.php?item/111000407" "Mozilla/5.0 AppleWebKit/537.36 (KHTML, like Gecko; compatible; GPTBot/1.4; +https://openai.com/gptbot)"
74.7.242.38 - - [06/Jul/2026:09:16:34 -0400] "GET /buy.php?item/252018376 HTTP/1.1" 200 19404 "https://apkmodguru.com/buy.php?item/111023689" "Mozilla/5.0 AppleWebKit/537.36 (KHTML, like Gecko; compatible; GPTBot/1.4; +https://openai.com/gptbot)"
185.191.171.17 - - [06/Jul/2026:09:16:51 -0400] "GET /?items%2FD5548766816%2F HTTP/1.1" 200 0 "-" "Mozilla/5.0 (compatible; SemrushBot/7~bl; +http://www.semrush.com/bot.html)"
74.7.242.38 - - [06/Jul/2026:09:16:35 -0400] "GET /buy.php?item/183022947 HTTP/1.1" 200 20 "https://apkmodguru.com/buy.php?item/183006009" "Mozilla/5.0 AppleWebKit/537.36 (KHTML, like Gecko; compatible; GPTBot/1.4; +https://openai.com/gptbot)"
74.7.242.38 - - [06/Jul/2026:09:16:55 -0400] "GET /buy.php?item/184038962 HTTP/1.1" 200 19359 "https://apkmodguru.com/buy.php?item/111001483" "Mozilla/5.0 AppleWebKit/537.36 (KHTML, like Gecko; compatible; GPTBot/1.4; +https://openai.com/gptbot)"
74.7.242.38 - - [06/Jul/2026:09:16:55 -0400] "GET /buy.php?item/005042555 HTTP/1.1" 200 19913 "https://apkmodguru.com/buy.php?item/005011731" "Mozilla/5.0 AppleWebKit/537.36 (KHTML, like Gecko; compatible; GPTBot/1.4; +https://openai.com/gptbot)"
74.7.242.38 - - [06/Jul/2026:09:16:56 -0400] "GET /buy.php?item/160000898 HTTP/1.1" 200 21011 "https://apkmodguru.com/buy.php?shopping/160042139" "Mozilla/5.0 AppleWebKit/537.36 (KHTML, like Gecko; compatible; GPTBot/1.4; +https://openai.com/gptbot)"
74.7.242.38 - - [06/Jul/2026:09:16:57 -0400] "GET /buy.php?item/300023966 HTTP/1.1" 200 19782 "https://apkmodguru.com/buy.php?item/300023952" "Mozilla/5.0 AppleWebKit/537.36 (KHTML, like Gecko; compatible; GPTBot/1.4; +https://openai.com/gptbot)"
74.7.242.38 - - [06/Jul/2026:09:16:58 -0400] "GET /buy.php?item/060026740 HTTP/1.1" 200 20459 "https://apkmodguru.com/buy.php?item/060044448" "Mozilla/5.0 AppleWebKit/537.36 (KHTML, like Gecko; compatible; GPTBot/1.4; +https://openai.com/gptbot)"
74.7.242.38 - - [06/Jul/2026:09:16:58 -0400] "GET /buy.php?item/027007791 HTTP/1.1" 200 20 "https://apkmodguru.com/buy.php?item/088020786" "Mozilla/5.0 AppleWebKit/537.36 (KHTML, like Gecko; compatible; GPTBot/1.4; +https://openai.com/gptbot)"
74.7.242.38 - - [06/Jul/2026:09:17:18 -0400] "GET /buy.php?item/137000767 HTTP/1.1" 200 20842 "https://apkmodguru.com/buy.php?item/129036579" "Mozilla/5.0 AppleWebKit/537.36 (KHTML, like Gecko; compatible; GPTBot/1.4; +https://openai.com/gptbot)"
185.191.171.17 - - [06/Jul/2026:09:17:19 -0400] "GET /?items%2FD5548738677%2F HTTP/1.1" 200 0 "-" "Mozilla/5.0 (compatible; SemrushBot/7~bl; +http://www.semrush.com/bot.html)"
74.7.242.38 - - [06/Jul/2026:09:17:19 -0400] "GET /buy.php?item/005042557 HTTP/1.1" 200 19789 "https://apkmodguru.com/buy.php?item/005011731" "Mozilla/5.0 AppleWebKit/537.36 (KHTML, like Gecko; compatible; GPTBot/1.4; +https://openai.com/gptbot)"
74.7.242.38 - - [06/Jul/2026:09:17:19 -0400] "GET /buy.php?item/181004191 HTTP/1.1" 200 20191 "https://apkmodguru.com/buy.php?item/181013851" "Mozilla/5.0 AppleWebKit/537.36 (KHTML, like Gecko; compatible; GPTBot/1.4; +https://openai.com/gptbot)"
74.7.242.38 - - [06/Jul/2026:09:17:20 -0400] "GET /buy.php?item/068020460 HTTP/1.1" 200 20468 "https://apkmodguru.com/buy.php?item/211022513" "Mozilla/5.0 AppleWebKit/537.36 (KHTML, like Gecko; compatible; GPTBot/1.4; +https://openai.com/gptbot)"
74.7.242.38 - - [06/Jul/2026:09:17:21 -0400] "GET /buy.php?item/211022519 HTTP/1.1" 200 19352 "https://apkmodguru.com/buy.php?item/211022513" "Mozilla/5.0 AppleWebKit/537.36 (KHTML, like Gecko; compatible; GPTBot/1.4; +https://openai.com/gptbot)"
74.7.242.38 - - [06/Jul/2026:09:17:22 -0400] "GET /buy.php?item/252021270 HTTP/1.1" 200 19449 "https://apkmodguru.com/buy.php?item/252018376" "Mozilla/5.0 AppleWebKit/537.36 (KHTML, like Gecko; compatible; GPTBot/1.4; +https://openai.com/gptbot)"
185.191.171.10 - - [06/Jul/2026:09:17:25 -0400] "GET /?items%2FO42394212232%2F HTTP/1.1" 200 0 "-" "Mozilla/5.0 (compatible; SemrushBot/7~bl; +http://www.semrush.com/bot.html)"
74.7.242.38 - - [06/Jul/2026:09:17:25 -0400] "GET /buy.php?shopping/005030884 HTTP/1.1" 200 19156 "https://apkmodguru.com/buy.php?item/005042555" "Mozilla/5.0 AppleWebKit/537.36 (KHTML, like Gecko; compatible; GPTBot/1.4; +https://openai.com/gptbot)"
74.7.242.38 - - [06/Jul/2026:09:17:26 -0400] "GET /buy.php?item/261048351 HTTP/1.1" 200 20596 "https://apkmodguru.com/buy.php?item/184038962" "Mozilla/5.0 AppleWebKit/537.36 (KHTML, like Gecko; compatible; GPTBot/1.4; +https://openai.com/gptbot)"
192.178.6.102 - - [06/Jul/2026:09:17:28 -0400] "GET /saiga.php?sitemap242.xml HTTP/1.1" 403 1242 "-" "Mozilla/5.0 (compatible; Googlebot/2.1; +http://www.google.com/bot.html)"
74.7.242.38 - - [06/Jul/2026:09:17:27 -0400] "GET /buy.php?item/183046567 HTTP/1.1" 200 19955 "https://apkmodguru.com/buy.php?item/183022945" "Mozilla/5.0 AppleWebKit/537.36 (KHTML, like Gecko; compatible; GPTBot/1.4; +https://openai.com/gptbot)"
66.249.77.35 - - [06/Jul/2026:09:17:30 -0400] "GET /shopping/215021079 HTTP/1.1" 200 20417 "-" "Mozilla/5.0 (Linux; Android 6.0.1; Nexus 5X Build/MMB29P) AppleWebKit/537.36 (KHTML, like Gecko) Chrome/150.0.7871.46 Mobile Safari/537.36 (compatible; Googlebot/2.1; +http://www.google.com/bot.html)"
66.249.77.35 - - [06/Jul/2026:09:17:30 -0400] "GET /items/K844728235 HTTP/1.1" 200 19637 "-" "Mozilla/5.0 (Linux; Android 6.0.1; Nexus 5X Build/MMB29P) AppleWebKit/537.36 (KHTML, like Gecko) Chrome/150.0.7871.46 Mobile Safari/537.36 (compatible; Googlebot/2.1; +http://www.google.com/bot.html)"
74.7.242.38 - - [06/Jul/2026:09:17:28 -0400] "GET /buy.php?item/169002573 HTTP/1.1" 200 19612 "https://apkmodguru.com/buy.php?item/022010740" "Mozilla/5.0 AppleWebKit/537.36 (KHTML, like Gecko; compatible; GPTBot/1.4; +https://openai.com/gptbot)"
85.208.96.207 - - [06/Jul/2026:09:17:33 -0400] "GET /?items%2FW30104103894%2F HTTP/1.1" 200 0 "-" "Mozilla/5.0 (compatible; SemrushBot/7~bl; +http://www.semrush.com/bot.html)"
74.7.242.38 - - [06/Jul/2026:09:17:32 -0400] "GET /buy.php?item/165043089 HTTP/1.1" 200 19634 "https://apkmodguru.com/buy.php?item/010006490" "Mozilla/5.0 AppleWebKit/537.36 (KHTML, like Gecko; compatible; GPTBot/1.4; +https://openai.com/gptbot)"
74.7.242.38 - - [06/Jul/2026:09:17:34 -0400] "GET /buy.php?item/146035078 HTTP/1.1" 200 19602 "https://apkmodguru.com/buy.php?item/215020111" "Mozilla/5.0 AppleWebKit/537.36 (KHTML, like Gecko; compatible; GPTBot/1.4; +https://openai.com/gptbot)"
74.7.242.38 - - [06/Jul/2026:09:17:34 -0400] "GET /buy.php?item/279028465 HTTP/1.1" 200 19768 "https://apkmodguru.com/buy.php?item/147038881" "Mozilla/5.0 AppleWebKit/537.36 (KHTML, like Gecko; compatible; GPTBot/1.4; +https://openai.com/gptbot)"
74.7.242.38 - - [06/Jul/2026:09:17:35 -0400] "GET /buy.php?item/162034588 HTTP/1.1" 200 19219 "https://apkmodguru.com/buy.php?item/162037774" "Mozilla/5.0 AppleWebKit/537.36 (KHTML, like Gecko; compatible; GPTBot/1.4; +https://openai.com/gptbot)"
85.208.96.193 - - [06/Jul/2026:09:17:37 -0400] "GET /robots.txt HTTP/1.1" 200 130 "-" "Mozilla/5.0 (compatible; SemrushBot/7~bl; +http://www.semrush.com/bot.html)"
185.191.171.10 - - [06/Jul/2026:09:17:38 -0400] "GET /?items%2FJ98471258105%2F HTTP/1.1" 200 0 "-" "Mozilla/5.0 (compatible; SemrushBot/7~bl; +http://www.semrush.com/bot.html)"
74.7.242.38 - - [06/Jul/2026:09:17:36 -0400] "GET /buy.php?item/263025981 HTTP/1.1" 200 19196 "https://apkmodguru.com/buy.php?item/234000754" "Mozilla/5.0 AppleWebKit/537.36 (KHTML, like Gecko; compatible; GPTBot/1.4; +https://openai.com/gptbot)"
74.7.242.38 - - [06/Jul/2026:09:17:38 -0400] "GET /buy.php?item/196037782 HTTP/1.1" 200 19844 "https://apkmodguru.com/buy.php?item/080035888" "Mozilla/5.0 AppleWebKit/537.36 (KHTML, like Gecko; compatible; GPTBot/1.4; +https://openai.com/gptbot)"
74.7.242.38 - - [06/Jul/2026:09:17:43 -0400] "GET /buy.php?item/146035794 HTTP/1.1" 200 19298 "https://apkmodguru.com/buy.php?item/080009992" "Mozilla/5.0 AppleWebKit/537.36 (KHTML, like Gecko; compatible; GPTBot/1.4; +https://openai.com/gptbot)"
74.7.242.38 - - [06/Jul/2026:09:17:44 -0400] "GET /buy.php?item/005049443 HTTP/1.1" 200 19624 "https://apkmodguru.com/buy.php?shopping/005030884" "Mozilla/5.0 AppleWebKit/537.36 (KHTML, like Gecko; compatible; GPTBot/1.4; +https://openai.com/gptbot)"
74.7.242.38 - - [06/Jul/2026:09:17:45 -0400] "GET /buy.php?item/176033390 HTTP/1.1" 200 20324 "https://apkmodguru.com/buy.php?item/261048351" "Mozilla/5.0 AppleWebKit/537.36 (KHTML, like Gecko; compatible; GPTBot/1.4; +https://openai.com/gptbot)"
74.7.242.38 - - [06/Jul/2026:09:17:51 -0400] "GET /buy.php?m71613518827 HTTP/1.1" 200 20169 "https://apkmodguru.com/buy.php?item/183046567" "Mozilla/5.0 AppleWebKit/537.36 (KHTML, like Gecko; compatible; GPTBot/1.4; +https://openai.com/gptbot)"
74.7.242.38 - - [06/Jul/2026:09:17:51 -0400] "GET /buy.php?item/169046111 HTTP/1.1" 200 20582 "https://apkmodguru.com/buy.php?item/169002573" "Mozilla/5.0 AppleWebKit/537.36 (KHTML, like Gecko; compatible; GPTBot/1.4; +https://openai.com/gptbot)"
74.7.242.38 - - [06/Jul/2026:09:17:59 -0400] "GET /buy.php?item/261005011 HTTP/1.1" 200 19821 "https://apkmodguru.com/buy.php?item/261048351" "Mozilla/5.0 AppleWebKit/537.36 (KHTML, like Gecko; compatible; GPTBot/1.4; +https://openai.com/gptbot)"
85.208.96.209 - - [06/Jul/2026:09:18:01 -0400] "GET /?items%2FM28274153517%2F HTTP/1.1" 200 0 "-" "Mozilla/5.0 (compatible; SemrushBot/7~bl; +http://www.semrush.com/bot.html)"
74.7.242.38 - - [06/Jul/2026:09:18:00 -0400] "GET /buy.php?item/004020668 HTTP/1.1" 200 19677 "https://apkmodguru.com/buy.php?item/169002573" "Mozilla/5.0 AppleWebKit/537.36 (KHTML, like Gecko; compatible; GPTBot/1.4; +https://openai.com/gptbot)"
74.7.242.38 - - [06/Jul/2026:09:18:03 -0400] "GET /buy.php?item/011030417 HTTP/1.1" 200 19812 "https://apkmodguru.com/buy.php?item/183046567" "Mozilla/5.0 AppleWebKit/537.36 (KHTML, like Gecko; compatible; GPTBot/1.4; +https://openai.com/gptbot)"
74.7.242.38 - - [06/Jul/2026:09:18:04 -0400] "GET /buy.php?item/177035489 HTTP/1.1" 200 19404 "https://apkmodguru.com/buy.php?item/177004307" "Mozilla/5.0 AppleWebKit/537.36 (KHTML, like Gecko; compatible; GPTBot/1.4; +https://openai.com/gptbot)"
85.208.96.202 - - [06/Jul/2026:09:18:10 -0400] "GET /?items%2FM28274109774%2F HTTP/1.1" 200 0 "-" "Mozilla/5.0 (compatible; SemrushBot/7~bl; +http://www.semrush.com/bot.html)"
74.7.242.38 - - [06/Jul/2026:09:18:04 -0400] "GET /buy.php?item/263037811 HTTP/1.1" 200 19513 "https://apkmodguru.com/buy.php?item/263025981" "Mozilla/5.0 AppleWebKit/537.36 (KHTML, like Gecko; compatible; GPTBot/1.4; +https://openai.com/gptbot)"
192.178.6.103 - - [06/Jul/2026:09:18:16 -0400] "GET /items/W142596667/ HTTP/1.1" 200 19978 "-" "Mozilla/5.0 (Linux; Android 6.0.1; Nexus 5X Build/MMB29P) AppleWebKit/537.36 (KHTML, like Gecko) Chrome/150.0.7871.46 Mobile Safari/537.36 (compatible; Googlebot/2.1; +http://www.google.com/bot.html)"
74.7.242.38 - - [06/Jul/2026:09:18:16 -0400] "GET /buy.php?item/270018956 HTTP/1.1" 200 19469 "https://apkmodguru.com/buy.php?item/222025148" "Mozilla/5.0 AppleWebKit/537.36 (KHTML, like Gecko; compatible; GPTBot/1.4; +https://openai.com/gptbot)"
74.7.242.38 - - [06/Jul/2026:09:18:18 -0400] "GET /buy.php?item/259038415 HTTP/1.1" 200 19897 "https://apkmodguru.com/buy.php?item/230002458" "Mozilla/5.0 AppleWebKit/537.36 (KHTML, like Gecko; compatible; GPTBot/1.4; +https://openai.com/gptbot)"
74.7.242.38 - - [06/Jul/2026:09:18:22 -0400] "GET /buy.php?item/162034586 HTTP/1.1" 200 19688 "https://apkmodguru.com/buy.php?item/162034588" "Mozilla/5.0 AppleWebKit/537.36 (KHTML, like Gecko; compatible; GPTBot/1.4; +https://openai.com/gptbot)"
74.7.242.38 - - [06/Jul/2026:09:18:24 -0400] "GET /buy.php?item/287039513 HTTP/1.1" 200 20807 "https://apkmodguru.com/buy.php?item/287031845" "Mozilla/5.0 AppleWebKit/537.36 (KHTML, like Gecko; compatible; GPTBot/1.4; +https://openai.com/gptbot)"
74.7.242.38 - - [06/Jul/2026:09:18:25 -0400] "GET /buy.php?item/020004970 HTTP/1.1" 200 19845 "https://apkmodguru.com/buy.php?m71613518827" "Mozilla/5.0 AppleWebKit/537.36 (KHTML, like Gecko; compatible; GPTBot/1.4; +https://openai.com/gptbot)"
185.191.171.19 - - [06/Jul/2026:09:18:29 -0400] "GET /?items%2FT1998715212%2F HTTP/1.1" 200 0 "-" "Mozilla/5.0 (compatible; SemrushBot/7~bl; +http://www.semrush.com/bot.html)"
74.7.242.38 - - [06/Jul/2026:09:18:29 -0400] "GET /buy.php?item/129034715 HTTP/1.1" 200 19389 "https://apkmodguru.com/buy.php?item/198007456" "Mozilla/5.0 AppleWebKit/537.36 (KHTML, like Gecko; compatible; GPTBot/1.4; +https://openai.com/gptbot)"
74.7.242.38 - - [06/Jul/2026:09:18:30 -0400] "GET /buy.php?item/158039024 HTTP/1.1" 200 19589 "https://apkmodguru.com/buy.php?item/111042861" "Mozilla/5.0 AppleWebKit/537.36 (KHTML, like Gecko; compatible; GPTBot/1.4; +https://openai.com/gptbot)"
74.7.242.38 - - [06/Jul/2026:09:18:31 -0400] "GET /buy.php?item/004042224 HTTP/1.1" 200 19242 "https://apkmodguru.com/buy.php?item/004020668" "Mozilla/5.0 AppleWebKit/537.36 (KHTML, like Gecko; compatible; GPTBot/1.4; +https://openai.com/gptbot)"
74.7.242.38 - - [06/Jul/2026:09:18:32 -0400] "GET /buy.php?item/231041589 HTTP/1.1" 200 19191 "https://apkmodguru.com/buy.php?item/004020668" "Mozilla/5.0 AppleWebKit/537.36 (KHTML, like Gecko; compatible; GPTBot/1.4; +https://openai.com/gptbot)"
74.7.242.38 - - [06/Jul/2026:09:18:33 -0400] "GET /buy.php?item/158036214 HTTP/1.1" 200 18855 "https://apkmodguru.com/buy.php?item/158000728" "Mozilla/5.0 AppleWebKit/537.36 (KHTML, like Gecko; compatible; GPTBot/1.4; +https://openai.com/gptbot)"
85.208.96.198 - - [06/Jul/2026:09:18:33 -0400] "GET /?items%2FJ98471227554%2F HTTP/1.1" 200 0 "-" "Mozilla/5.0 (compatible; SemrushBot/7~bl; +http://www.semrush.com/bot.html)"
74.7.242.38 - - [06/Jul/2026:09:18:33 -0400] "GET /buy.php?item/050008628 HTTP/1.1" 200 19671 "https://apkmodguru.com/buy.php?item/263037811" "Mozilla/5.0 AppleWebKit/537.36 (KHTML, like Gecko; compatible; GPTBot/1.4; +https://openai.com/gptbot)"
74.7.242.38 - - [06/Jul/2026:09:18:34 -0400] "GET /buy.php?item/296031258 HTTP/1.1" 200 19615 "https://apkmodguru.com/buy.php?item/160000898" "Mozilla/5.0 AppleWebKit/537.36 (KHTML, like Gecko; compatible; GPTBot/1.4; +https://openai.com/gptbot)"
85.208.96.194 - - [06/Jul/2026:09:18:35 -0400] "GET /?items%2FG59858213969%2F HTTP/1.1" 200 0 "-" "Mozilla/5.0 (compatible; SemrushBot/7~bl; +http://www.semrush.com/bot.html)"
74.7.242.38 - - [06/Jul/2026:09:18:35 -0400] "GET /buy.php?item/070002180 HTTP/1.1" 200 19345 "https://apkmodguru.com/buy.php?item/259038415" "Mozilla/5.0 AppleWebKit/537.36 (KHTML, like Gecko; compatible; GPTBot/1.4; +https://openai.com/gptbot)"
74.7.242.38 - - [06/Jul/2026:09:18:36 -0400] "GET /buy.php?item/162034584 HTTP/1.1" 200 19528 "https://apkmodguru.com/buy.php?item/162034586" "Mozilla/5.0 AppleWebKit/537.36 (KHTML, like Gecko; compatible; GPTBot/1.4; +https://openai.com/gptbot)"
74.7.242.38 - - [06/Jul/2026:09:18:37 -0400] "GET /buy.php?item/241046135 HTTP/1.1" 200 20022 "https://apkmodguru.com/buy.php?item/287039513" "Mozilla/5.0 AppleWebKit/537.36 (KHTML, like Gecko; compatible; GPTBot/1.4; +https://openai.com/gptbot)"
74.7.242.38 - - [06/Jul/2026:09:18:37 -0400] "GET /buy.php?item/054033368 HTTP/1.1" 200 20486 "https://apkmodguru.com/buy.php?item/287039513" "Mozilla/5.0 AppleWebKit/537.36 (KHTML, like Gecko; compatible; GPTBot/1.4; +https://openai.com/gptbot)"
74.7.242.38 - - [06/Jul/2026:09:18:38 -0400] "GET /buy.php?item/120048884 HTTP/1.1" 200 19777 "https://apkmodguru.com/buy.php?item/129034715" "Mozilla/5.0 AppleWebKit/537.36 (KHTML, like Gecko; compatible; GPTBot/1.4; +https://openai.com/gptbot)"
192.178.6.102 - - [06/Jul/2026:09:18:39 -0400] "GET /items/I211461691 HTTP/1.1" 200 19254 "-" "Mozilla/5.0 (Linux; Android 6.0.1; Nexus 5X Build/MMB29P) AppleWebKit/537.36 (KHTML, like Gecko) Chrome/150.0.7871.46 Mobile Safari/537.36 (compatible; Googlebot/2.1; +http://www.google.com/bot.html)"
74.7.242.38 - - [06/Jul/2026:09:18:40 -0400] "GET /buy.php?item/158008008 HTTP/1.1" 200 19484 "https://apkmodguru.com/buy.php?item/158039024" "Mozilla/5.0 AppleWebKit/537.36 (KHTML, like Gecko; compatible; GPTBot/1.4; +https://openai.com/gptbot)"
74.7.242.38 - - [06/Jul/2026:09:18:43 -0400] "GET /buy.php?item/008043834 HTTP/1.1" 200 19543 "https://apkmodguru.com/buy.php?item/158039024" "Mozilla/5.0 AppleWebKit/537.36 (KHTML, like Gecko; compatible; GPTBot/1.4; +https://openai.com/gptbot)"
185.191.171.11 - - [06/Jul/2026:09:19:02 -0400] "GET /?items%2FM28274129626%2F HTTP/1.1" 200 0 "-" "Mozilla/5.0 (compatible; SemrushBot/7~bl; +http://www.semrush.com/bot.html)"
66.249.77.34 - - [06/Jul/2026:09:19:02 -0400] "GET /items/Q751423906/ HTTP/1.1" 200 19367 "-" "Mozilla/5.0 (Linux; Android 6.0.1; Nexus 5X Build/MMB29P) AppleWebKit/537.36 (KHTML, like Gecko) Chrome/150.0.7871.46 Mobile Safari/537.36 (compatible; Googlebot/2.1; +http://www.google.com/bot.html)"
74.7.242.38 - - [06/Jul/2026:09:18:44 -0400] "GET /buy.php?item/246019866 HTTP/1.1" 200 20 "https://apkmodguru.com/buy.php?item/231041589" "Mozilla/5.0 AppleWebKit/537.36 (KHTML, like Gecko; compatible; GPTBot/1.4; +https://openai.com/gptbot)"
185.191.171.3 - - [06/Jul/2026:09:19:05 -0400] "GET /?items%2FT19987166338%2F HTTP/1.1" 200 0 "-" "Mozilla/5.0 (compatible; SemrushBot/7~bl; +http://www.semrush.com/bot.html)"
74.7.242.38 - - [06/Jul/2026:09:19:04 -0400] "GET /buy.php?item/167024253 HTTP/1.1" 200 20222 "https://apkmodguru.com/buy.php?item/111037223" "Mozilla/5.0 AppleWebKit/537.36 (KHTML, like Gecko; compatible; GPTBot/1.4; +https://openai.com/gptbot)"
74.7.242.38 - - [06/Jul/2026:09:19:06 -0400] "GET /buy.php?item/050017440 HTTP/1.1" 200 19456 "https://apkmodguru.com/buy.php?item/050008628" "Mozilla/5.0 AppleWebKit/537.36 (KHTML, like Gecko; compatible; GPTBot/1.4; +https://openai.com/gptbot)"
74.7.242.38 - - [06/Jul/2026:09:19:07 -0400] "GET /buy.php?item/126047380 HTTP/1.1" 200 19764 "https://apkmodguru.com/buy.php?item/146035078" "Mozilla/5.0 AppleWebKit/537.36 (KHTML, like Gecko; compatible; GPTBot/1.4; +https://openai.com/gptbot)"
74.7.242.38 - - [06/Jul/2026:09:19:09 -0400] "GET /buy.php?item/070008846 HTTP/1.1" 200 19963 "https://apkmodguru.com/buy.php?item/070002180" "Mozilla/5.0 AppleWebKit/537.36 (KHTML, like Gecko; compatible; GPTBot/1.4; +https://openai.com/gptbot)"
74.7.242.38 - - [06/Jul/2026:09:19:10 -0400] "GET /buy.php?item/070008848 HTTP/1.1" 200 20670 "https://apkmodguru.com/buy.php?item/070002180" "Mozilla/5.0 AppleWebKit/537.36 (KHTML, like Gecko; compatible; GPTBot/1.4; +https://openai.com/gptbot)"
74.7.242.38 - - [06/Jul/2026:09:19:10 -0400] "GET /buy.php?item/056040636 HTTP/1.1" 200 19939 "https://apkmodguru.com/buy.php?item/162034584" "Mozilla/5.0 AppleWebKit/537.36 (KHTML, like Gecko; compatible; GPTBot/1.4; +https://openai.com/gptbot)"
74.7.242.38 - - [06/Jul/2026:09:19:11 -0400] "GET /buy.php?item/054031222 HTTP/1.1" 200 20218 "https://apkmodguru.com/buy.php?item/054033368" "Mozilla/5.0 AppleWebKit/537.36 (KHTML, like Gecko; compatible; GPTBot/1.4; +https://openai.com/gptbot)"
74.7.242.38 - - [06/Jul/2026:09:19:15 -0400] "GET /buy.php?item/120035554 HTTP/1.1" 200 20 "https://apkmodguru.com/buy.php?item/120048884" "Mozilla/5.0 AppleWebKit/537.36 (KHTML, like Gecko; compatible; GPTBot/1.4; +https://openai.com/gptbot)"
85.208.96.196 - - [06/Jul/2026:09:19:23 -0400] "GET /?items%2FM28274212242%2F HTTP/1.1" 200 0 "-" "Mozilla/5.0 (compatible; SemrushBot/7~bl; +http://www.semrush.com/bot.html)"
85.208.96.204 - - [06/Jul/2026:09:19:28 -0400] "GET /?items%2FW30104257224%2F HTTP/1.1" 200 0 "-" "Mozilla/5.0 (compatible; SemrushBot/7~bl; +http://www.semrush.com/bot.html)"
167.233.70.125 - - [06/Jul/2026:09:19:39 -0400] "GET / HTTP/1.1" 200 0 "-" "Mozilla/5.0 (Macintosh; Intel Mac OS X 10_15_7) AppleWebKit/537.36 (KHTML, like Gecko) Chrome/131.0.0.0 Safari/537.36"
74.7.242.38 - - [06/Jul/2026:09:19:21 -0400] "GET /buy.php?item/067016171 HTTP/1.1" 200 20 "https://apkmodguru.com/buy.php?item/158008008" "Mozilla/5.0 AppleWebKit/537.36 (KHTML, like Gecko; compatible; GPTBot/1.4; +https://openai.com/gptbot)"
74.7.242.38 - - [06/Jul/2026:09:19:41 -0400] "GET /buy.php?item/008045802 HTTP/1.1" 200 19821 "https://apkmodguru.com/buy.php?item/008043834" "Mozilla/5.0 AppleWebKit/537.36 (KHTML, like Gecko; compatible; GPTBot/1.4; +https://openai.com/gptbot)"
74.7.242.38 - - [06/Jul/2026:09:19:42 -0400] "GET /buy.php?item/008045810 HTTP/1.1" 200 20091 "https://apkmodguru.com/buy.php?item/008043834" "Mozilla/5.0 AppleWebKit/537.36 (KHTML, like Gecko; compatible; GPTBot/1.4; +https://openai.com/gptbot)"
66.249.77.34 - - [06/Jul/2026:09:19:49 -0400] "GET /shopping/252034730 HTTP/1.1" 200 20221 "-" "Mozilla/5.0 (Linux; Android 6.0.1; Nexus 5X Build/MMB29P) AppleWebKit/537.36 (KHTML, like Gecko) Chrome/150.0.7871.46 Mobile Safari/537.36 (compatible; Googlebot/2.1; +http://www.google.com/bot.html)"
135.232.200.1 - - [06/Jul/2026:09:20:01 -0400] "GET /wp/wp-login.php HTTP/1.1" 200 0 "-" "Mozilla/5.0 (X11; Linux x86_64) AppleWebKit/537.36 (KHTML, like Gecko) Chrome/120.0.0.0 Safari/537.36"
135.232.200.1 - - [06/Jul/2026:09:20:01 -0400] "POST /wp/wp-login.php HTTP/1.1" 200 0 "https://apkmodguru.com/wp/wp-login.php" "Mozilla/5.0 (Macintosh; Intel Mac OS X 10_15_7) AppleWebKit/537.36 (KHTML, like Gecko) Chrome/120.0.0.0 Safari/537.36"
74.7.242.38 - - [06/Jul/2026:09:19:42 -0400] "GET /buy.php?item/233018311 HTTP/1.1" 200 20 "https://apkmodguru.com/buy.php?item/167024253" "Mozilla/5.0 AppleWebKit/537.36 (KHTML, like Gecko; compatible; GPTBot/1.4; +https://openai.com/gptbot)"
74.7.242.38 - - [06/Jul/2026:09:20:02 -0400] "GET /buy.php?item/050008280 HTTP/1.1" 200 20192 "https://apkmodguru.com/buy.php?item/050017440" "Mozilla/5.0 AppleWebKit/537.36 (KHTML, like Gecko; compatible; GPTBot/1.4; +https://openai.com/gptbot)"
74.7.242.38 - - [06/Jul/2026:09:20:03 -0400] "GET /buy.php?item/134000184 HTTP/1.1" 200 19865 "https://apkmodguru.com/buy.php?item/050017440" "Mozilla/5.0 AppleWebKit/537.36 (KHTML, like Gecko; compatible; GPTBot/1.4; +https://openai.com/gptbot)"
185.191.171.13 - - [06/Jul/2026:09:20:05 -0400] "GET /?items%2FG5985819921%2F HTTP/1.1" 200 0 "-" "Mozilla/5.0 (compatible; SemrushBot/7~bl; +http://www.semrush.com/bot.html)"
74.7.242.38 - - [06/Jul/2026:09:20:04 -0400] "GET /buy.php?item/070008852 HTTP/1.1" 200 20202 "https://apkmodguru.com/buy.php?item/070008846" "Mozilla/5.0 AppleWebKit/537.36 (KHTML, like Gecko; compatible; GPTBot/1.4; +https://openai.com/gptbot)"
74.7.242.38 - - [06/Jul/2026:09:20:07 -0400] "GET /buy.php?item/070008854 HTTP/1.1" 200 19284 "https://apkmodguru.com/buy.php?item/070008848" "Mozilla/5.0 AppleWebKit/537.36 (KHTML, like Gecko; compatible; GPTBot/1.4; +https://openai.com/gptbot)"
85.208.96.199 - - [06/Jul/2026:09:20:07 -0400] "GET /?items%2FO87712119572%2F HTTP/1.1" 200 0 "-" "Mozilla/5.0 (compatible; SemrushBot/7~bl; +http://www.semrush.com/bot.html)"
85.208.96.203 - - [06/Jul/2026:09:20:09 -0400] "GET /?items%2FF4745527898%2F HTTP/1.1" 200 0 "-" "Mozilla/5.0 (compatible; SemrushBot/7~bl; +http://www.semrush.com/bot.html)"
74.7.242.38 - - [06/Jul/2026:09:20:07 -0400] "GET /buy.php?item/070008850 HTTP/1.1" 200 19389 "https://apkmodguru.com/buy.php?item/070008846" "Mozilla/5.0 AppleWebKit/537.36 (KHTML, like Gecko; compatible; GPTBot/1.4; +https://openai.com/gptbot)"
74.7.242.38 - - [06/Jul/2026:09:20:11 -0400] "GET /buy.php?shopping/111008488 HTTP/1.1" 200 19778 "https://apkmodguru.com/buy.php?item/054031222" "Mozilla/5.0 AppleWebKit/537.36 (KHTML, like Gecko; compatible; GPTBot/1.4; +https://openai.com/gptbot)"
85.208.96.206 - - [06/Jul/2026:09:20:16 -0400] "GET /?items%2FF4745534474%2F HTTP/1.1" 200 0 "-" "Mozilla/5.0 (compatible; SemrushBot/7~bl; +http://www.semrush.com/bot.html)"
74.7.242.38 - - [06/Jul/2026:09:20:12 -0400] "GET /buy.php?m95393044248 HTTP/1.1" 200 19230 "https://apkmodguru.com/buy.php?item/054031222" "Mozilla/5.0 AppleWebKit/537.36 (KHTML, like Gecko; compatible; GPTBot/1.4; +https://openai.com/gptbot)"
74.7.242.38 - - [06/Jul/2026:09:20:20 -0400] "GET /buy.php?item/140007748 HTTP/1.1" 200 19479 "https://apkmodguru.com/buy.php?item/070008846" "Mozilla/5.0 AppleWebKit/537.36 (KHTML, like Gecko; compatible; GPTBot/1.4; +https://openai.com/gptbot)"
74.7.242.38 - - [06/Jul/2026:09:20:21 -0400] "GET /buy.php?item/069035147 HTTP/1.1" 200 20065 "https://apkmodguru.com/buy.php?item/070008846" "Mozilla/5.0 AppleWebKit/537.36 (KHTML, like Gecko; compatible; GPTBot/1.4; +https://openai.com/gptbot)"
74.7.242.38 - - [06/Jul/2026:09:20:21 -0400] "GET /buy.php?item/287033355 HTTP/1.1" 200 20647 "https://apkmodguru.com/buy.php?item/008045802" "Mozilla/5.0 AppleWebKit/537.36 (KHTML, like Gecko; compatible; GPTBot/1.4; +https://openai.com/gptbot)"
74.7.242.38 - - [06/Jul/2026:09:20:24 -0400] "GET /buy.php?item/276039214 HTTP/1.1" 200 19619 "https://apkmodguru.com/buy.php?item/296031258" "Mozilla/5.0 AppleWebKit/537.36 (KHTML, like Gecko; compatible; GPTBot/1.4; +https://openai.com/gptbot)"
74.7.242.38 - - [06/Jul/2026:09:20:25 -0400] "GET /buy.php?item/184038976 HTTP/1.1" 200 19815 "https://apkmodguru.com/buy.php?item/184038962" "Mozilla/5.0 AppleWebKit/537.36 (KHTML, like Gecko; compatible; GPTBot/1.4; +https://openai.com/gptbot)"
185.191.171.4 - - [06/Jul/2026:09:20:26 -0400] "GET /?items%2FG59858157422%2F HTTP/1.1" 200 0 "-" "Mozilla/5.0 (compatible; SemrushBot/7~bl; +http://www.semrush.com/bot.html)"
74.7.242.38 - - [06/Jul/2026:09:20:25 -0400] "GET /buy.php?item/050017388 HTTP/1.1" 200 19549 "https://apkmodguru.com/buy.php?item/050008280" "Mozilla/5.0 AppleWebKit/537.36 (KHTML, like Gecko; compatible; GPTBot/1.4; +https://openai.com/gptbot)"
85.208.96.208 - - [06/Jul/2026:09:20:27 -0400] "GET /?items%2FG598588164%2F HTTP/1.1" 200 0 "-" "Mozilla/5.0 (compatible; SemrushBot/7~bl; +http://www.semrush.com/bot.html)"
74.7.242.38 - - [06/Jul/2026:09:20:27 -0400] "GET /buy.php?item/070008842 HTTP/1.1" 200 19520 "https://apkmodguru.com/buy.php?item/070008852" "Mozilla/5.0 AppleWebKit/537.36 (KHTML, like Gecko; compatible; GPTBot/1.4; +https://openai.com/gptbot)"
66.249.77.34 - - [06/Jul/2026:09:20:34 -0400] "GET /items/Y282251310 HTTP/1.1" 200 20171 "-" "Mozilla/5.0 (Linux; Android 6.0.1; Nexus 5X Build/MMB29P) AppleWebKit/537.36 (KHTML, like Gecko) Chrome/150.0.7871.46 Mobile Safari/537.36 (compatible; Googlebot/2.1; +http://www.google.com/bot.html)"
74.7.242.38 - - [06/Jul/2026:09:20:32 -0400] "GET /buy.php?item/070008840 HTTP/1.1" 200 20025 "https://apkmodguru.com/buy.php?item/070008852" "Mozilla/5.0 AppleWebKit/537.36 (KHTML, like Gecko; compatible; GPTBot/1.4; +https://openai.com/gptbot)"
74.7.242.38 - - [06/Jul/2026:09:20:38 -0400] "GET /buy.php?item/070008844 HTTP/1.1" 200 19545 "https://apkmodguru.com/buy.php?item/070008854" "Mozilla/5.0 AppleWebKit/537.36 (KHTML, like Gecko; compatible; GPTBot/1.4; +https://openai.com/gptbot)"
74.7.242.38 - - [06/Jul/2026:09:20:39 -0400] "GET /buy.php?item/134000182 HTTP/1.1" 200 19770 "https://apkmodguru.com/buy.php?item/134000184" "Mozilla/5.0 AppleWebKit/537.36 (KHTML, like Gecko; compatible; GPTBot/1.4; +https://openai.com/gptbot)"
74.7.242.38 - - [06/Jul/2026:09:20:39 -0400] "GET /buy.php?shopping/100027771 HTTP/1.1" 200 19988 "https://apkmodguru.com/buy.php?m95393044248" "Mozilla/5.0 AppleWebKit/537.36 (KHTML, like Gecko; compatible; GPTBot/1.4; +https://openai.com/gptbot)"
74.7.242.38 - - [06/Jul/2026:09:20:40 -0400] "GET /buy.php?item/111008487 HTTP/1.1" 200 20008 "https://apkmodguru.com/buy.php?shopping/111008488" "Mozilla/5.0 AppleWebKit/537.36 (KHTML, like Gecko; compatible; GPTBot/1.4; +https://openai.com/gptbot)"
74.7.242.38 - - [06/Jul/2026:09:20:41 -0400] "GET /buy.php?item/200032788 HTTP/1.1" 200 20502 "https://apkmodguru.com/buy.php?item/069035147" "Mozilla/5.0 AppleWebKit/537.36 (KHTML, like Gecko; compatible; GPTBot/1.4; +https://openai.com/gptbot)"
74.7.242.38 - - [06/Jul/2026:09:20:46 -0400] "GET /buy.php?item/134000186 HTTP/1.1" 200 19770 "https://apkmodguru.com/buy.php?item/134000184" "Mozilla/5.0 AppleWebKit/537.36 (KHTML, like Gecko; compatible; GPTBot/1.4; +https://openai.com/gptbot)"
74.7.242.38 - - [06/Jul/2026:09:20:47 -0400] "GET /buy.php?item/265044425 HTTP/1.1" 200 19258 "https://apkmodguru.com/buy.php?item/276039214" "Mozilla/5.0 AppleWebKit/537.36 (KHTML, like Gecko; compatible; GPTBot/1.4; +https://openai.com/gptbot)"
74.7.242.38 - - [06/Jul/2026:09:20:48 -0400] "GET /buy.php?item/111008489 HTTP/1.1" 200 19887 "https://apkmodguru.com/buy.php?shopping/111008488" "Mozilla/5.0 AppleWebKit/537.36 (KHTML, like Gecko; compatible; GPTBot/1.4; +https://openai.com/gptbot)"
74.7.242.38 - - [06/Jul/2026:09:20:48 -0400] "GET /buy.php?item/050008278 HTTP/1.1" 200 19092 "https://apkmodguru.com/buy.php?item/050017388" "Mozilla/5.0 AppleWebKit/537.36 (KHTML, like Gecko; compatible; GPTBot/1.4; +https://openai.com/gptbot)"
77.75.79.95 - - [06/Jul/2026:09:20:51 -0400] "GET /items/A133800526/ HTTP/1.1" 200 0 "-" "Mozilla/5.0 (compatible; SeznamBot/4.0; +https://o-seznam.cz/napoveda/vyhledavani/en/seznambot-crawler/)"
