74.7.242.38 - - [06/Jul/2026:09:29:37 -0400] "GET /buy.php?item/034000058 HTTP/1.1" 200 19357 "https://apkmodguru.com/buy.php?item/034031666" "Mozilla/5.0 AppleWebKit/537.36 (KHTML, like Gecko; compatible; GPTBot/1.4; +https://openai.com/gptbot)"
74.7.242.38 - - [06/Jul/2026:09:29:37 -0400] "GET /buy.php?item/200014616 HTTP/1.1" 200 20447 "https://apkmodguru.com/buy.php?item/200014620" "Mozilla/5.0 AppleWebKit/537.36 (KHTML, like Gecko; compatible; GPTBot/1.4; +https://openai.com/gptbot)"
74.7.242.38 - - [06/Jul/2026:09:29:38 -0400] "GET /buy.php?item/200046568 HTTP/1.1" 200 19827 "https://apkmodguru.com/buy.php?item/200007742" "Mozilla/5.0 AppleWebKit/537.36 (KHTML, like Gecko; compatible; GPTBot/1.4; +https://openai.com/gptbot)"
74.7.242.38 - - [06/Jul/2026:09:29:39 -0400] "GET /buy.php?item/176000926 HTTP/1.1" 200 20545 "https://apkmodguru.com/buy.php?item/200012950" "Mozilla/5.0 AppleWebKit/537.36 (KHTML, like Gecko; compatible; GPTBot/1.4; +https://openai.com/gptbot)"
74.7.242.38 - - [06/Jul/2026:09:29:51 -0400] "GET /buy.php?item/100019600 HTTP/1.1" 200 19331 "https://apkmodguru.com/buy.php?item/100018950" "Mozilla/5.0 AppleWebKit/537.36 (KHTML, like Gecko; compatible; GPTBot/1.4; +https://openai.com/gptbot)"
74.7.242.38 - - [06/Jul/2026:09:29:52 -0400] "GET /buy.php?item/100035844 HTTP/1.1" 200 20020 "https://apkmodguru.com/buy.php?item/100018950" "Mozilla/5.0 AppleWebKit/537.36 (KHTML, like Gecko; compatible; GPTBot/1.4; +https://openai.com/gptbot)"
74.7.242.38 - - [06/Jul/2026:09:29:52 -0400] "GET /buy.php?item/110005178 HTTP/1.1" 200 19585 "https://apkmodguru.com/buy.php?item/200012952" "Mozilla/5.0 AppleWebKit/537.36 (KHTML, like Gecko; compatible; GPTBot/1.4; +https://openai.com/gptbot)"
74.7.242.38 - - [06/Jul/2026:09:29:53 -0400] "GET /buy.php?item/200045506 HTTP/1.1" 200 20071 "https://apkmodguru.com/buy.php?item/200012952" "Mozilla/5.0 AppleWebKit/537.36 (KHTML, like Gecko; compatible; GPTBot/1.4; +https://openai.com/gptbot)"
74.7.242.38 - - [06/Jul/2026:09:29:54 -0400] "GET /buy.php?item/213011185 HTTP/1.1" 200 20 "https://apkmodguru.com/buy.php?item/213011181" "Mozilla/5.0 AppleWebKit/537.36 (KHTML, like Gecko; compatible; GPTBot/1.4; +https://openai.com/gptbot)"
74.7.242.38 - - [06/Jul/2026:09:30:14 -0400] "GET /buy.php?item/030005242 HTTP/1.1" 200 20964 "https://apkmodguru.com/buy.php?item/030005238" "Mozilla/5.0 AppleWebKit/537.36 (KHTML, like Gecko; compatible; GPTBot/1.4; +https://openai.com/gptbot)"
185.191.171.15 - - [06/Jul/2026:09:30:15 -0400] "GET /?items%2FO42394203179%2F HTTP/1.1" 200 0 "-" "Mozilla/5.0 (compatible; SemrushBot/7~bl; +http://www.semrush.com/bot.html)"
74.7.242.38 - - [06/Jul/2026:09:30:15 -0400] "GET /buy.php?item/030005240 HTTP/1.1" 200 20757 "https://apkmodguru.com/buy.php?item/030005236" "Mozilla/5.0 AppleWebKit/537.36 (KHTML, like Gecko; compatible; GPTBot/1.4; +https://openai.com/gptbot)"
74.7.242.38 - - [06/Jul/2026:09:30:15 -0400] "GET /buy.php?item/213011187 HTTP/1.1" 200 19372 "https://apkmodguru.com/buy.php?item/213011181" "Mozilla/5.0 AppleWebKit/537.36 (KHTML, like Gecko; compatible; GPTBot/1.4; +https://openai.com/gptbot)"
85.208.96.208 - - [06/Jul/2026:09:30:18 -0400] "GET /?items%2FD5548713747%2F HTTP/1.1" 200 0 "-" "Mozilla/5.0 (compatible; SemrushBot/7~bl; +http://www.semrush.com/bot.html)"
74.7.242.38 - - [06/Jul/2026:09:30:16 -0400] "GET /buy.php?item/200040392 HTTP/1.1" 200 19375 "https://apkmodguru.com/buy.php?item/200014616" "Mozilla/5.0 AppleWebKit/537.36 (KHTML, like Gecko; compatible; GPTBot/1.4; +https://openai.com/gptbot)"
74.7.242.38 - - [06/Jul/2026:09:30:22 -0400] "GET /buy.php?item/200007748 HTTP/1.1" 200 19671 "https://apkmodguru.com/buy.php?item/200046568" "Mozilla/5.0 AppleWebKit/537.36 (KHTML, like Gecko; compatible; GPTBot/1.4; +https://openai.com/gptbot)"
66.249.77.33 - - [06/Jul/2026:09:30:23 -0400] "GET /items/E184259589 HTTP/1.1" 200 20193 "-" "Mozilla/5.0 (Linux; Android 6.0.1; Nexus 5X Build/MMB29P) AppleWebKit/537.36 (KHTML, like Gecko) Chrome/150.0.7871.46 Mobile Safari/537.36 (compatible; Googlebot/2.1; +http://www.google.com/bot.html)"
74.7.242.38 - - [06/Jul/2026:09:30:23 -0400] "GET /buy.php?item/254000944 HTTP/1.1" 200 18933 "https://apkmodguru.com/buy.php?item/176000926" "Mozilla/5.0 AppleWebKit/537.36 (KHTML, like Gecko; compatible; GPTBot/1.4; +https://openai.com/gptbot)"
74.7.242.38 - - [06/Jul/2026:09:30:24 -0400] "GET /buy.php?item/100027958 HTTP/1.1" 200 19908 "https://apkmodguru.com/buy.php?item/100019600" "Mozilla/5.0 AppleWebKit/537.36 (KHTML, like Gecko; compatible; GPTBot/1.4; +https://openai.com/gptbot)"
85.208.96.212 - - [06/Jul/2026:09:30:25 -0400] "GET /?items%2FJ98471117473%2F HTTP/1.1" 200 0 "-" "Mozilla/5.0 (compatible; SemrushBot/7~bl; +http://www.semrush.com/bot.html)"
74.7.242.38 - - [06/Jul/2026:09:30:24 -0400] "GET /buy.php?item/100018930 HTTP/1.1" 200 19411 "https://apkmodguru.com/buy.php?item/100035844" "Mozilla/5.0 AppleWebKit/537.36 (KHTML, like Gecko; compatible; GPTBot/1.4; +https://openai.com/gptbot)"
185.191.171.4 - - [06/Jul/2026:09:30:27 -0400] "GET /?items%2FD55487105135%2F HTTP/1.1" 200 0 "-" "Mozilla/5.0 (compatible; SemrushBot/7~bl; +http://www.semrush.com/bot.html)"
74.7.242.38 - - [06/Jul/2026:09:30:26 -0400] "GET /buy.php?item/110005180 HTTP/1.1" 200 19806 "https://apkmodguru.com/buy.php?item/110005178" "Mozilla/5.0 AppleWebKit/537.36 (KHTML, like Gecko; compatible; GPTBot/1.4; +https://openai.com/gptbot)"
74.7.242.38 - - [06/Jul/2026:09:30:27 -0400] "GET /buy.php?item/200014242 HTTP/1.1" 200 19576 "https://apkmodguru.com/buy.php?item/200045506" "Mozilla/5.0 AppleWebKit/537.36 (KHTML, like Gecko; compatible; GPTBot/1.4; +https://openai.com/gptbot)"
185.191.171.18 - - [06/Jul/2026:09:30:28 -0400] "GET /?items%2FM28274252007%2F HTTP/1.1" 200 0 "-" "Mozilla/5.0 (compatible; SemrushBot/7~bl; +http://www.semrush.com/bot.html)"
74.7.242.38 - - [06/Jul/2026:09:30:28 -0400] "GET /buy.php?item/100041722 HTTP/1.1" 200 19448 "https://apkmodguru.com/buy.php?item/100035844" "Mozilla/5.0 AppleWebKit/537.36 (KHTML, like Gecko; compatible; GPTBot/1.4; +https://openai.com/gptbot)"
85.208.96.208 - - [06/Jul/2026:09:30:30 -0400] "GET /?items%2FO87712171958%2F HTTP/1.1" 200 0 "-" "Mozilla/5.0 (compatible; SemrushBot/7~bl; +http://www.semrush.com/bot.html)"
85.208.96.195 - - [06/Jul/2026:09:30:38 -0400] "GET /?items%2FD5548784859%2F HTTP/1.1" 200 0 "-" "Mozilla/5.0 (compatible; SemrushBot/7~bl; +http://www.semrush.com/bot.html)"
185.191.171.9 - - [06/Jul/2026:09:30:39 -0400] "GET /?items%2FO42394126819%2F HTTP/1.1" 200 0 "-" "Mozilla/5.0 (compatible; SemrushBot/7~bl; +http://www.semrush.com/bot.html)"
85.208.96.210 - - [06/Jul/2026:09:30:41 -0400] "GET /?items%2FT19987194393%2F HTTP/1.1" 200 0 "-" "Mozilla/5.0 (compatible; SemrushBot/7~bl; +http://www.semrush.com/bot.html)"
74.7.242.38 - - [06/Jul/2026:09:30:29 -0400] "GET /buy.php?item/253031777 HTTP/1.1" 200 20 "https://apkmodguru.com/buy.php?item/030005242" "Mozilla/5.0 AppleWebKit/537.36 (KHTML, like Gecko; compatible; GPTBot/1.4; +https://openai.com/gptbot)"
74.7.242.38 - - [06/Jul/2026:09:30:48 -0400] "GET /buy.php?item/030005244 HTTP/1.1" 200 19973 "https://apkmodguru.com/buy.php?item/030005240" "Mozilla/5.0 AppleWebKit/537.36 (KHTML, like Gecko; compatible; GPTBot/1.4; +https://openai.com/gptbot)"
74.7.242.38 - - [06/Jul/2026:09:30:50 -0400] "GET /buy.php?item/260001512 HTTP/1.1" 200 19719 "https://apkmodguru.com/buy.php?item/034031666" "Mozilla/5.0 AppleWebKit/537.36 (KHTML, like Gecko; compatible; GPTBot/1.4; +https://openai.com/gptbot)"
74.7.242.38 - - [06/Jul/2026:09:30:51 -0400] "GET /buy.php?item/145000545 HTTP/1.1" 200 19916 "https://apkmodguru.com/buy.php?item/200040392" "Mozilla/5.0 AppleWebKit/537.36 (KHTML, like Gecko; compatible; GPTBot/1.4; +https://openai.com/gptbot)"
74.7.242.38 - - [06/Jul/2026:09:30:52 -0400] "GET /buy.php?item/200014614 HTTP/1.1" 200 19595 "https://apkmodguru.com/buy.php?item/200014620" "Mozilla/5.0 AppleWebKit/537.36 (KHTML, like Gecko; compatible; GPTBot/1.4; +https://openai.com/gptbot)"
77.75.79.95 - - [06/Jul/2026:09:30:52 -0400] "GET /items/A134972244/ HTTP/1.1" 200 0 "-" "Mozilla/5.0 (compatible; SeznamBot/4.0; +https://o-seznam.cz/napoveda/vyhledavani/en/seznambot-crawler/)"
74.7.242.38 - - [06/Jul/2026:09:30:53 -0400] "GET /buy.php?item/213011189 HTTP/1.1" 200 19788 "https://apkmodguru.com/buy.php?item/213011181" "Mozilla/5.0 AppleWebKit/537.36 (KHTML, like Gecko; compatible; GPTBot/1.4; +https://openai.com/gptbot)"
74.7.242.38 - - [06/Jul/2026:09:30:54 -0400] "GET /buy.php?item/200012958 HTTP/1.1" 200 20255 "https://apkmodguru.com/buy.php?item/200046570" "Mozilla/5.0 AppleWebKit/537.36 (KHTML, like Gecko; compatible; GPTBot/1.4; +https://openai.com/gptbot)"
74.7.242.38 - - [06/Jul/2026:09:30:55 -0400] "GET /buy.php?item/200045616 HTTP/1.1" 200 19346 "https://apkmodguru.com/buy.php?item/200012952" "Mozilla/5.0 AppleWebKit/537.36 (KHTML, like Gecko; compatible; GPTBot/1.4; +https://openai.com/gptbot)"
74.7.242.38 - - [06/Jul/2026:09:30:55 -0400] "GET /buy.php?shopping/288016353 HTTP/1.1" 200 20 "https://apkmodguru.com/buy.php?item/110005180" "Mozilla/5.0 AppleWebKit/537.36 (KHTML, like Gecko; compatible; GPTBot/1.4; +https://openai.com/gptbot)"
74.7.242.38 - - [06/Jul/2026:09:31:15 -0400] "GET /buy.php?item/200033044 HTTP/1.1" 200 19876 "https://apkmodguru.com/buy.php?item/200014242" "Mozilla/5.0 AppleWebKit/537.36 (KHTML, like Gecko; compatible; GPTBot/1.4; +https://openai.com/gptbot)"
74.7.242.38 - - [06/Jul/2026:09:31:16 -0400] "GET /buy.php?item/024043464 HTTP/1.1" 200 19562 "https://apkmodguru.com/buy.php?item/200014242" "Mozilla/5.0 AppleWebKit/537.36 (KHTML, like Gecko; compatible; GPTBot/1.4; +https://openai.com/gptbot)"
74.7.242.38 - - [06/Jul/2026:09:31:17 -0400] "GET /buy.php?item/151013175 HTTP/1.1" 200 19447 "https://apkmodguru.com/buy.php?item/151046007" "Mozilla/5.0 AppleWebKit/537.36 (KHTML, like Gecko; compatible; GPTBot/1.4; +https://openai.com/gptbot)"
74.7.242.38 - - [06/Jul/2026:09:31:18 -0400] "GET /buy.php?item/030009450 HTTP/1.1" 200 19523 "https://apkmodguru.com/buy.php?item/030005244" "Mozilla/5.0 AppleWebKit/537.36 (KHTML, like Gecko; compatible; GPTBot/1.4; +https://openai.com/gptbot)"
185.191.171.3 - - [06/Jul/2026:09:31:19 -0400] "GET /?items%2FO4239465813%2F HTTP/1.1" 200 0 "-" "Mozilla/5.0 (compatible; SemrushBot/7~bl; +http://www.semrush.com/bot.html)"
74.7.242.38 - - [06/Jul/2026:09:31:18 -0400] "GET /buy.php?item/260001518 HTTP/1.1" 200 19989 "https://apkmodguru.com/buy.php?item/260001512" "Mozilla/5.0 AppleWebKit/537.36 (KHTML, like Gecko; compatible; GPTBot/1.4; +https://openai.com/gptbot)"
74.7.242.38 - - [06/Jul/2026:09:31:20 -0400] "GET /buy.php?item/052026556 HTTP/1.1" 200 20632 "https://apkmodguru.com/buy.php?item/200014620" "Mozilla/5.0 AppleWebKit/537.36 (KHTML, like Gecko; compatible; GPTBot/1.4; +https://openai.com/gptbot)"
74.7.242.38 - - [06/Jul/2026:09:31:21 -0400] "GET /buy.php?item/200007746 HTTP/1.1" 200 20872 "https://apkmodguru.com/buy.php?item/200014614" "Mozilla/5.0 AppleWebKit/537.36 (KHTML, like Gecko; compatible; GPTBot/1.4; +https://openai.com/gptbot)"
74.7.242.38 - - [06/Jul/2026:09:31:22 -0400] "GET /buy.php?item/213011183 HTTP/1.1" 200 19231 "https://apkmodguru.com/buy.php?item/213011189" "Mozilla/5.0 AppleWebKit/537.36 (KHTML, like Gecko; compatible; GPTBot/1.4; +https://openai.com/gptbot)"
85.208.96.200 - - [06/Jul/2026:09:31:23 -0400] "GET /?items%2FG59858224188%2F HTTP/1.1" 200 0 "-" "Mozilla/5.0 (compatible; SemrushBot/7~bl; +http://www.semrush.com/bot.html)"
74.7.242.38 - - [06/Jul/2026:09:31:23 -0400] "GET /buy.php?item/200007670 HTTP/1.1" 200 20630 "https://apkmodguru.com/buy.php?item/200012958" "Mozilla/5.0 AppleWebKit/537.36 (KHTML, like Gecko; compatible; GPTBot/1.4; +https://openai.com/gptbot)"
74.7.242.38 - - [06/Jul/2026:09:31:23 -0400] "GET /buy.php?item/200012966 HTTP/1.1" 200 19514 "https://apkmodguru.com/buy.php?item/200045616" "Mozilla/5.0 AppleWebKit/537.36 (KHTML, like Gecko; compatible; GPTBot/1.4; +https://openai.com/gptbot)"
192.178.6.104 - - [06/Jul/2026:09:31:40 -0400] "GET /index.php?items/F332548878 HTTP/1.1" 200 20071 "-" "Mozilla/5.0 (Linux; Android 6.0.1; Nexus 5X Build/MMB29P) AppleWebKit/537.36 (KHTML, like Gecko) Chrome/150.0.7871.46 Mobile Safari/537.36 (compatible; Googlebot/2.1; +http://www.google.com/bot.html)"
74.7.242.38 - - [06/Jul/2026:09:31:24 -0400] "GET /buy.php?item/059006097 HTTP/1.1" 200 20 "https://apkmodguru.com/buy.php?item/200006838" "Mozilla/5.0 AppleWebKit/537.36 (KHTML, like Gecko; compatible; GPTBot/1.4; +https://openai.com/gptbot)"
74.7.242.38 - - [06/Jul/2026:09:31:44 -0400] "GET /buy.php?item/161017041 HTTP/1.1" 200 19082 "https://apkmodguru.com/buy.php?item/200045616" "Mozilla/5.0 AppleWebKit/537.36 (KHTML, like Gecko; compatible; GPTBot/1.4; +https://openai.com/gptbot)"
74.7.242.38 - - [06/Jul/2026:09:31:46 -0400] "GET /buy.php?item/032042430 HTTP/1.1" 200 20504 "https://apkmodguru.com/buy.php?item/200014242" "Mozilla/5.0 AppleWebKit/537.36 (KHTML, like Gecko; compatible; GPTBot/1.4; +https://openai.com/gptbot)"
185.191.171.14 - - [06/Jul/2026:09:31:48 -0400] "GET /?items%2FD55487241602%2F HTTP/1.1" 200 0 "-" "Mozilla/5.0 (compatible; SemrushBot/7~bl; +http://www.semrush.com/bot.html)"
74.7.242.38 - - [06/Jul/2026:09:31:46 -0400] "GET /buy.php?item/151006181 HTTP/1.1" 200 19755 "https://apkmodguru.com/buy.php?item/151013175" "Mozilla/5.0 AppleWebKit/537.36 (KHTML, like Gecko; compatible; GPTBot/1.4; +https://openai.com/gptbot)"
74.7.242.38 - - [06/Jul/2026:09:31:51 -0400] "GET /buy.php?item/011003169 HTTP/1.1" 200 19654 "https://apkmodguru.com/buy.php?item/011003167" "Mozilla/5.0 AppleWebKit/537.36 (KHTML, like Gecko; compatible; GPTBot/1.4; +https://openai.com/gptbot)"
74.7.242.38 - - [06/Jul/2026:09:31:52 -0400] "GET /buy.php?item/150007008 HTTP/1.1" 200 19876 "https://apkmodguru.com/buy.php?item/260001518" "Mozilla/5.0 AppleWebKit/537.36 (KHTML, like Gecko; compatible; GPTBot/1.4; +https://openai.com/gptbot)"
74.7.242.38 - - [06/Jul/2026:09:31:53 -0400] "GET /buy.php?item/208001602 HTTP/1.1" 200 20015 "https://apkmodguru.com/buy.php?item/200012074" "Mozilla/5.0 AppleWebKit/537.36 (KHTML, like Gecko; compatible; GPTBot/1.4; +https://openai.com/gptbot)"
74.7.242.38 - - [06/Jul/2026:09:31:54 -0400] "GET /buy.php?item/005026101 HTTP/1.1" 200 19475 "https://apkmodguru.com/buy.php?item/200003214" "Mozilla/5.0 AppleWebKit/537.36 (KHTML, like Gecko; compatible; GPTBot/1.4; +https://openai.com/gptbot)"
74.7.242.38 - - [06/Jul/2026:09:31:55 -0400] "GET /buy.php?item/282022114 HTTP/1.1" 200 20387 "https://apkmodguru.com/buy.php?item/200012074" "Mozilla/5.0 AppleWebKit/537.36 (KHTML, like Gecko; compatible; GPTBot/1.4; +https://openai.com/gptbot)"
74.7.242.38 - - [06/Jul/2026:09:31:56 -0400] "GET /buy.php?item/024005490 HTTP/1.1" 200 19330 "https://apkmodguru.com/buy.php?item/024043464" "Mozilla/5.0 AppleWebKit/537.36 (KHTML, like Gecko; compatible; GPTBot/1.4; +https://openai.com/gptbot)"
74.7.242.38 - - [06/Jul/2026:09:31:56 -0400] "GET /buy.php?item/109000925 HTTP/1.1" 200 19360 "https://apkmodguru.com/buy.php?item/200012966" "Mozilla/5.0 AppleWebKit/537.36 (KHTML, like Gecko; compatible; GPTBot/1.4; +https://openai.com/gptbot)"
74.7.242.38 - - [06/Jul/2026:09:31:58 -0400] "GET /buy.php?item/200014256 HTTP/1.1" 200 19568 "https://apkmodguru.com/buy.php?item/200012966" "Mozilla/5.0 AppleWebKit/537.36 (KHTML, like Gecko; compatible; GPTBot/1.4; +https://openai.com/gptbot)"
74.7.242.38 - - [06/Jul/2026:09:31:59 -0400] "GET /buy.php?item/111044889 HTTP/1.1" 200 20119 "https://apkmodguru.com/buy.php?item/161017041" "Mozilla/5.0 AppleWebKit/537.36 (KHTML, like Gecko; compatible; GPTBot/1.4; +https://openai.com/gptbot)"
74.7.242.38 - - [06/Jul/2026:09:31:59 -0400] "GET /buy.php?item/038009208 HTTP/1.1" 200 20179 "https://apkmodguru.com/buy.php?item/200014616" "Mozilla/5.0 AppleWebKit/537.36 (KHTML, like Gecko; compatible; GPTBot/1.4; +https://openai.com/gptbot)"
74.7.242.38 - - [06/Jul/2026:09:32:00 -0400] "GET /buy.php?item/048015400 HTTP/1.1" 200 19535 "https://apkmodguru.com/buy.php?item/030005238" "Mozilla/5.0 AppleWebKit/537.36 (KHTML, like Gecko; compatible; GPTBot/1.4; +https://openai.com/gptbot)"
74.7.242.38 - - [06/Jul/2026:09:32:01 -0400] "GET /buy.php?item/080023606 HTTP/1.1" 200 19576 "https://apkmodguru.com/buy.php?item/030014610" "Mozilla/5.0 AppleWebKit/537.36 (KHTML, like Gecko; compatible; GPTBot/1.4; +https://openai.com/gptbot)"
74.7.242.38 - - [06/Jul/2026:09:32:02 -0400] "GET /buy.php?item/065004955 HTTP/1.1" 200 18739 "https://apkmodguru.com/buy.php?item/200014244" "Mozilla/5.0 AppleWebKit/537.36 (KHTML, like Gecko; compatible; GPTBot/1.4; +https://openai.com/gptbot)"
74.7.242.38 - - [06/Jul/2026:09:32:02 -0400] "GET /buy.php?item/137029451 HTTP/1.1" 200 19553 "https://apkmodguru.com/buy.php?item/137011781" "Mozilla/5.0 AppleWebKit/537.36 (KHTML, like Gecko; compatible; GPTBot/1.4; +https://openai.com/gptbot)"
66.249.77.35 - - [06/Jul/2026:09:32:03 -0400] "GET /items/F142724774 HTTP/1.1" 200 19370 "-" "Mozilla/5.0 (Linux; Android 6.0.1; Nexus 5X Build/MMB29P) AppleWebKit/537.36 (KHTML, like Gecko) Chrome/150.0.7871.46 Mobile Safari/537.36 (compatible; Googlebot/2.1; +http://www.google.com/bot.html)"
192.178.6.103 - - [06/Jul/2026:09:32:04 -0400] "GET /index.php?items/C751175669/ HTTP/1.1" 200 18472 "-" "Mozilla/5.0 (Linux; Android 6.0.1; Nexus 5X Build/MMB29P) AppleWebKit/537.36 (KHTML, like Gecko) Chrome/150.0.7871.46 Mobile Safari/537.36 (compatible; Googlebot/2.1; +http://www.google.com/bot.html)"
185.191.171.10 - - [06/Jul/2026:09:32:09 -0400] "GET /?items%2FM28274237663%2F HTTP/1.1" 200 0 "-" "Mozilla/5.0 (compatible; SemrushBot/7~bl; +http://www.semrush.com/bot.html)"
85.208.96.211 - - [06/Jul/2026:09:32:10 -0400] "GET /?items%2FJ98471140133%2F HTTP/1.1" 200 0 "-" "Mozilla/5.0 (compatible; SemrushBot/7~bl; +http://www.semrush.com/bot.html)"
74.7.242.38 - - [06/Jul/2026:09:32:03 -0400] "GET /buy.php?item/005034301 HTTP/1.1" 200 20 "https://apkmodguru.com/buy.php?item/005026101" "Mozilla/5.0 AppleWebKit/537.36 (KHTML, like Gecko; compatible; GPTBot/1.4; +https://openai.com/gptbot)"
74.7.242.38 - - [06/Jul/2026:09:32:23 -0400] "GET /buy.php?item/257007767 HTTP/1.1" 200 19628 "https://apkmodguru.com/buy.php?item/005026101" "Mozilla/5.0 AppleWebKit/537.36 (KHTML, like Gecko; compatible; GPTBot/1.4; +https://openai.com/gptbot)"
74.7.242.38 - - [06/Jul/2026:09:32:23 -0400] "GET /buy.php?item/012038974 HTTP/1.1" 200 20157 "https://apkmodguru.com/buy.php?item/200046574" "Mozilla/5.0 AppleWebKit/537.36 (KHTML, like Gecko; compatible; GPTBot/1.4; +https://openai.com/gptbot)"
74.7.242.38 - - [06/Jul/2026:09:32:24 -0400] "GET /buy.php?item/109031201 HTTP/1.1" 200 19292 "https://apkmodguru.com/buy.php?item/109000925" "Mozilla/5.0 AppleWebKit/537.36 (KHTML, like Gecko; compatible; GPTBot/1.4; +https://openai.com/gptbot)"
74.7.242.38 - - [06/Jul/2026:09:32:25 -0400] "GET /buy.php?m65978287477 HTTP/1.1" 200 20138 "https://apkmodguru.com/buy.php?item/200014256" "Mozilla/5.0 AppleWebKit/537.36 (KHTML, like Gecko; compatible; GPTBot/1.4; +https://openai.com/gptbot)"
74.7.242.38 - - [06/Jul/2026:09:32:26 -0400] "GET /buy.php?item/200006832 HTTP/1.1" 200 19479 "https://apkmodguru.com/buy.php?item/200014256" "Mozilla/5.0 AppleWebKit/537.36 (KHTML, like Gecko; compatible; GPTBot/1.4; +https://openai.com/gptbot)"
74.7.242.38 - - [06/Jul/2026:09:32:27 -0400] "GET /buy.php?item/200006830 HTTP/1.1" 200 19717 "https://apkmodguru.com/buy.php?item/200014256" "Mozilla/5.0 AppleWebKit/537.36 (KHTML, like Gecko; compatible; GPTBot/1.4; +https://openai.com/gptbot)"
74.7.242.38 - - [06/Jul/2026:09:32:27 -0400] "GET /buy.php?item/280005700 HTTP/1.1" 200 19900 "https://apkmodguru.com/buy.php?item/048015400" "Mozilla/5.0 AppleWebKit/537.36 (KHTML, like Gecko; compatible; GPTBot/1.4; +https://openai.com/gptbot)"
74.7.242.38 - - [06/Jul/2026:09:32:32 -0400] "GET /buy.php?item/080039022 HTTP/1.1" 200 19272 "https://apkmodguru.com/buy.php?item/080023606" "Mozilla/5.0 AppleWebKit/537.36 (KHTML, like Gecko; compatible; GPTBot/1.4; +https://openai.com/gptbot)"
185.191.171.4 - - [06/Jul/2026:09:32:37 -0400] "GET /?items%2FF47455167225%2F HTTP/1.1" 200 0 "-" "Mozilla/5.0 (compatible; SemrushBot/7~bl; +http://www.semrush.com/bot.html)"
74.7.242.38 - - [06/Jul/2026:09:32:33 -0400] "GET /buy.php?item/169024579 HTTP/1.1" 200 19413 "https://apkmodguru.com/buy.php?item/208001602" "Mozilla/5.0 AppleWebKit/537.36 (KHTML, like Gecko; compatible; GPTBot/1.4; +https://openai.com/gptbot)"
74.7.242.38 - - [06/Jul/2026:09:32:38 -0400] "GET /buy.php?item/059016327 HTTP/1.1" 200 19794 "https://apkmodguru.com/buy.php?item/200007748" "Mozilla/5.0 AppleWebKit/537.36 (KHTML, like Gecko; compatible; GPTBot/1.4; +https://openai.com/gptbot)"
74.7.242.38 - - [06/Jul/2026:09:32:39 -0400] "GET /buy.php?item/275046089 HTTP/1.1" 200 20035 "https://apkmodguru.com/buy.php?item/111044889" "Mozilla/5.0 AppleWebKit/537.36 (KHTML, like Gecko; compatible; GPTBot/1.4; +https://openai.com/gptbot)"
74.7.242.38 - - [06/Jul/2026:09:32:39 -0400] "GET /buy.php?item/281030773 HTTP/1.1" 200 18982 "https://apkmodguru.com/buy.php?item/257007767" "Mozilla/5.0 AppleWebKit/537.36 (KHTML, like Gecko; compatible; GPTBot/1.4; +https://openai.com/gptbot)"
74.7.242.38 - - [06/Jul/2026:09:32:40 -0400] "GET /buy.php?item/257014889 HTTP/1.1" 200 19850 "https://apkmodguru.com/buy.php?item/257007767" "Mozilla/5.0 AppleWebKit/537.36 (KHTML, like Gecko; compatible; GPTBot/1.4; +https://openai.com/gptbot)"
74.7.242.38 - - [06/Jul/2026:09:32:41 -0400] "GET /buy.php?item/135047249 HTTP/1.1" 200 19617 "https://apkmodguru.com/buy.php?item/151006181" "Mozilla/5.0 AppleWebKit/537.36 (KHTML, like Gecko; compatible; GPTBot/1.4; +https://openai.com/gptbot)"
74.7.242.38 - - [06/Jul/2026:09:32:42 -0400] "GET /buy.php?item/034000306 HTTP/1.1" 200 20068 "https://apkmodguru.com/buy.php?m65978287477" "Mozilla/5.0 AppleWebKit/537.36 (KHTML, like Gecko; compatible; GPTBot/1.4; +https://openai.com/gptbot)"
74.7.242.38 - - [06/Jul/2026:09:32:44 -0400] "GET /buy.php?item/185046773 HTTP/1.1" 200 19514 "https://apkmodguru.com/buy.php?item/030005240" "Mozilla/5.0 AppleWebKit/537.36 (KHTML, like Gecko; compatible; GPTBot/1.4; +https://openai.com/gptbot)"
74.7.242.38 - - [06/Jul/2026:09:32:44 -0400] "GET /buy.php?item/111013537 HTTP/1.1" 200 19486 "https://apkmodguru.com/buy.php?item/200006830" "Mozilla/5.0 AppleWebKit/537.36 (KHTML, like Gecko; compatible; GPTBot/1.4; +https://openai.com/gptbot)"
85.208.96.209 - - [06/Jul/2026:09:32:45 -0400] "GET /?items%2FT19987252133%2F HTTP/1.1" 200 0 "-" "Mozilla/5.0 (compatible; SemrushBot/7~bl; +http://www.semrush.com/bot.html)"
74.7.242.38 - - [06/Jul/2026:09:32:45 -0400] "GET /buy.php?item/137029453 HTTP/1.1" 200 19442 "https://apkmodguru.com/buy.php?item/137011781" "Mozilla/5.0 AppleWebKit/537.36 (KHTML, like Gecko; compatible; GPTBot/1.4; +https://openai.com/gptbot)"
74.7.242.38 - - [06/Jul/2026:09:32:46 -0400] "GET /buy.php?item/176029248 HTTP/1.1" 200 19434 "https://apkmodguru.com/buy.php?item/254000944" "Mozilla/5.0 AppleWebKit/537.36 (KHTML, like Gecko; compatible; GPTBot/1.4; +https://openai.com/gptbot)"
185.191.171.4 - - [06/Jul/2026:09:32:48 -0400] "GET /?items%2FW30104141105%2F HTTP/1.1" 200 0 "-" "Mozilla/5.0 (compatible; SemrushBot/7~bl; +http://www.semrush.com/bot.html)"
192.178.6.103 - - [06/Jul/2026:09:32:49 -0400] "GET /index.php?items/U683003362/ HTTP/1.1" 200 19164 "-" "Mozilla/5.0 (Linux; Android 6.0.1; Nexus 5X Build/MMB29P) AppleWebKit/537.36 (KHTML, like Gecko) Chrome/150.0.7871.46 Mobile Safari/537.36 (compatible; Googlebot/2.1; +http://www.google.com/bot.html)"
85.208.96.208 - - [06/Jul/2026:09:32:50 -0400] "GET /?items%2FJ98471177794%2F HTTP/1.1" 200 0 "-" "Mozilla/5.0 (compatible; SemrushBot/7~bl; +http://www.semrush.com/bot.html)"
66.249.77.34 - - [06/Jul/2026:09:32:50 -0400] "GET /items/T342315418/ HTTP/1.1" 200 19271 "-" "Mozilla/5.0 (Linux; Android 6.0.1; Nexus 5X Build/MMB29P) AppleWebKit/537.36 (KHTML, like Gecko) Chrome/150.0.7871.46 Mobile Safari/537.36 (compatible; Googlebot/2.1; +http://www.google.com/bot.html)"
74.7.242.38 - - [06/Jul/2026:09:32:46 -0400] "GET /buy.php?item/282026668 HTTP/1.1" 200 19199 "https://apkmodguru.com/buy.php?item/169024579" "Mozilla/5.0 AppleWebKit/537.36 (KHTML, like Gecko; compatible; GPTBot/1.4; +https://openai.com/gptbot)"
74.7.242.38 - - [06/Jul/2026:09:32:55 -0400] "GET /buy.php?item/059002499 HTTP/1.1" 200 20561 "https://apkmodguru.com/buy.php?item/059016327" "Mozilla/5.0 AppleWebKit/537.36 (KHTML, like Gecko; compatible; GPTBot/1.4; +https://openai.com/gptbot)"
185.191.171.15 - - [06/Jul/2026:09:32:56 -0400] "GET /?items%2FO87712211069%2F HTTP/1.1" 200 0 "-" "Mozilla/5.0 (compatible; SemrushBot/7~bl; +http://www.semrush.com/bot.html)"
74.7.242.38 - - [06/Jul/2026:09:32:56 -0400] "GET /buy.php?item/279005553 HTTP/1.1" 200 19502 "https://apkmodguru.com/buy.php?item/169024579" "Mozilla/5.0 AppleWebKit/537.36 (KHTML, like Gecko; compatible; GPTBot/1.4; +https://openai.com/gptbot)"
74.7.242.38 - - [06/Jul/2026:09:32:57 -0400] "GET /buy.php?item/281012611 HTTP/1.1" 200 19689 "https://apkmodguru.com/buy.php?item/281030773" "Mozilla/5.0 AppleWebKit/537.36 (KHTML, like Gecko; compatible; GPTBot/1.4; +https://openai.com/gptbot)"
74.7.242.38 - - [06/Jul/2026:09:32:57 -0400] "GET /buy.php?item/189049119 HTTP/1.1" 200 19351 "https://apkmodguru.com/buy.php?item/169024579" "Mozilla/5.0 AppleWebKit/537.36 (KHTML, like Gecko; compatible; GPTBot/1.4; +https://openai.com/gptbot)"
74.7.242.38 - - [06/Jul/2026:09:32:58 -0400] "GET /buy.php?item/169024581 HTTP/1.1" 200 19445 "https://apkmodguru.com/buy.php?item/169024579" "Mozilla/5.0 AppleWebKit/537.36 (KHTML, like Gecko; compatible; GPTBot/1.4; +https://openai.com/gptbot)"
74.7.242.38 - - [06/Jul/2026:09:32:59 -0400] "GET /buy.php?item/261004583 HTTP/1.1" 200 20 "https://apkmodguru.com/buy.php?item/280005700" "Mozilla/5.0 AppleWebKit/537.36 (KHTML, like Gecko; compatible; GPTBot/1.4; +https://openai.com/gptbot)"
74.7.242.38 - - [06/Jul/2026:09:33:18 -0400] "GET /buy.php?item/185015141 HTTP/1.1" 200 19471 "https://apkmodguru.com/buy.php?item/185046773" "Mozilla/5.0 AppleWebKit/537.36 (KHTML, like Gecko; compatible; GPTBot/1.4; +https://openai.com/gptbot)"
74.7.242.38 - - [06/Jul/2026:09:33:19 -0400] "GET /buy.php?item/148025496 HTTP/1.1" 200 19959 "https://apkmodguru.com/buy.php?item/111046143" "Mozilla/5.0 AppleWebKit/537.36 (KHTML, like Gecko; compatible; GPTBot/1.4; +https://openai.com/gptbot)"
74.7.242.38 - - [06/Jul/2026:09:33:20 -0400] "GET /buy.php?item/287000739 HTTP/1.1" 200 19572 "https://apkmodguru.com/buy.php?item/137029453" "Mozilla/5.0 AppleWebKit/537.36 (KHTML, like Gecko; compatible; GPTBot/1.4; +https://openai.com/gptbot)"
74.7.242.38 - - [06/Jul/2026:09:33:21 -0400] "GET /buy.php?detail/0970234130276 HTTP/1.1" 200 20142 "https://apkmodguru.com/buy.php?item/176029248" "Mozilla/5.0 AppleWebKit/537.36 (KHTML, like Gecko; compatible; GPTBot/1.4; +https://openai.com/gptbot)"
74.7.242.38 - - [06/Jul/2026:09:33:22 -0400] "GET /buy.php?item/077010905 HTTP/1.1" 200 19080 "https://apkmodguru.com/buy.php?item/282026668" "Mozilla/5.0 AppleWebKit/537.36 (KHTML, like Gecko; compatible; GPTBot/1.4; +https://openai.com/gptbot)"
74.7.242.38 - - [06/Jul/2026:09:33:22 -0400] "GET /buy.php?item/139047665 HTTP/1.1" 200 20027 "https://apkmodguru.com/buy.php?item/139044587" "Mozilla/5.0 AppleWebKit/537.36 (KHTML, like Gecko; compatible; GPTBot/1.4; +https://openai.com/gptbot)"
74.7.242.38 - - [06/Jul/2026:09:33:23 -0400] "GET /buy.php?item/257034167 HTTP/1.1" 200 20 "https://apkmodguru.com/buy.php?item/111049617" "Mozilla/5.0 AppleWebKit/537.36 (KHTML, like Gecko; compatible; GPTBot/1.4; +https://openai.com/gptbot)"
74.7.242.38 - - [06/Jul/2026:09:33:43 -0400] "GET /buy.php?item/279032865 HTTP/1.1" 200 19321 "https://apkmodguru.com/buy.php?item/279005341" "Mozilla/5.0 AppleWebKit/537.36 (KHTML, like Gecko; compatible; GPTBot/1.4; +https://openai.com/gptbot)"
74.7.242.38 - - [06/Jul/2026:09:33:43 -0400] "GET /buy.php?item/125037961 HTTP/1.1" 200 19504 "https://apkmodguru.com/buy.php?item/187046639" "Mozilla/5.0 AppleWebKit/537.36 (KHTML, like Gecko; compatible; GPTBot/1.4; +https://openai.com/gptbot)"
74.7.242.38 - - [06/Jul/2026:09:33:44 -0400] "GET /buy.php?item/169024575 HTTP/1.1" 200 19572 "https://apkmodguru.com/buy.php?item/169024581" "Mozilla/5.0 AppleWebKit/537.36 (KHTML, like Gecko; compatible; GPTBot/1.4; +https://openai.com/gptbot)"
74.7.242.38 - - [06/Jul/2026:09:33:45 -0400] "GET /buy.php?item/136017458 HTTP/1.1" 200 19283 "https://apkmodguru.com/buy.php?item/136017424" "Mozilla/5.0 AppleWebKit/537.36 (KHTML, like Gecko; compatible; GPTBot/1.4; +https://openai.com/gptbot)"
74.7.242.38 - - [06/Jul/2026:09:33:47 -0400] "GET /buy.php?item/129043569 HTTP/1.1" 200 19336 "https://apkmodguru.com/buy.php?item/008048358" "Mozilla/5.0 AppleWebKit/537.36 (KHTML, like Gecko; compatible; GPTBot/1.4; +https://openai.com/gptbot)"
74.7.242.38 - - [06/Jul/2026:09:33:48 -0400] "GET /buy.php?item/274021386 HTTP/1.1" 200 20409 "https://apkmodguru.com/buy.php?item/298000916" "Mozilla/5.0 AppleWebKit/537.36 (KHTML, like Gecko; compatible; GPTBot/1.4; +https://openai.com/gptbot)"
74.7.242.38 - - [06/Jul/2026:09:33:48 -0400] "GET /buy.php?item/056004344 HTTP/1.1" 200 19298 "https://apkmodguru.com/buy.php?item/287000739" "Mozilla/5.0 AppleWebKit/537.36 (KHTML, like Gecko; compatible; GPTBot/1.4; +https://openai.com/gptbot)"
74.7.242.38 - - [06/Jul/2026:09:33:53 -0400] "GET /buy.php?item/032022780 HTTP/1.1" 200 19703 "https://apkmodguru.com/buy.php?item/287000739" "Mozilla/5.0 AppleWebKit/537.36 (KHTML, like Gecko; compatible; GPTBot/1.4; +https://openai.com/gptbot)"
74.7.242.38 - - [06/Jul/2026:09:33:56 -0400] "GET /buy.php?item/113042589 HTTP/1.1" 200 19926 "https://apkmodguru.com/buy.php?item/113010821" "Mozilla/5.0 AppleWebKit/537.36 (KHTML, like Gecko; compatible; GPTBot/1.4; +https://openai.com/gptbot)"
185.170.167.18 - - [06/Jul/2026:09:33:57 -0400] "GET /?items%2FJ98471234136%2F HTTP/1.1" 200 0 "-" "Mozilla/5.0 (compatible; BacklinksExtendedBot)"
74.7.242.38 - - [06/Jul/2026:09:33:57 -0400] "GET /buy.php?item/287046459 HTTP/1.1" 200 20062 "https://apkmodguru.com/buy.php?item/041000489" "Mozilla/5.0 AppleWebKit/537.36 (KHTML, like Gecko; compatible; GPTBot/1.4; +https://openai.com/gptbot)"
74.7.242.38 - - [06/Jul/2026:09:33:58 -0400] "GET /buy.php?item/291035481 HTTP/1.1" 200 19934 "https://apkmodguru.com/buy.php?item/225015191" "Mozilla/5.0 AppleWebKit/537.36 (KHTML, like Gecko; compatible; GPTBot/1.4; +https://openai.com/gptbot)"
74.7.242.38 - - [06/Jul/2026:09:33:59 -0400] "GET /buy.php?item/265017835 HTTP/1.1" 200 19875 "https://apkmodguru.com/buy.php?item/220023482" "Mozilla/5.0 AppleWebKit/537.36 (KHTML, like Gecko; compatible; GPTBot/1.4; +https://openai.com/gptbot)"
74.7.242.38 - - [06/Jul/2026:09:34:00 -0400] "GET /buy.php?item/160043952 HTTP/1.1" 200 19994 "https://apkmodguru.com/buy.php?item/040007536" "Mozilla/5.0 AppleWebKit/537.36 (KHTML, like Gecko; compatible; GPTBot/1.4; +https://openai.com/gptbot)"
74.7.242.38 - - [06/Jul/2026:09:34:00 -0400] "GET /buy.php?item/169024585 HTTP/1.1" 200 19670 "https://apkmodguru.com/buy.php?item/169024575" "Mozilla/5.0 AppleWebKit/537.36 (KHTML, like Gecko; compatible; GPTBot/1.4; +https://openai.com/gptbot)"
74.7.242.38 - - [06/Jul/2026:09:34:01 -0400] "GET /buy.php?item/147049253 HTTP/1.1" 200 19725 "https://apkmodguru.com/buy.php?item/169024575" "Mozilla/5.0 AppleWebKit/537.36 (KHTML, like Gecko; compatible; GPTBot/1.4; +https://openai.com/gptbot)"
74.7.242.38 - - [06/Jul/2026:09:34:02 -0400] "GET /buy.php?item/160021666 HTTP/1.1" 200 19936 "https://apkmodguru.com/buy.php?item/129043569" "Mozilla/5.0 AppleWebKit/537.36 (KHTML, like Gecko; compatible; GPTBot/1.4; +https://openai.com/gptbot)"
74.7.242.38 - - [06/Jul/2026:09:34:02 -0400] "GET /buy.php?item/168027436 HTTP/1.1" 200 19628 "https://apkmodguru.com/buy.php?item/136017458" "Mozilla/5.0 AppleWebKit/537.36 (KHTML, like Gecko; compatible; GPTBot/1.4; +https://openai.com/gptbot)"
74.7.242.38 - - [06/Jul/2026:09:34:03 -0400] "GET /buy.php?item/107045823 HTTP/1.1" 200 20114 "https://apkmodguru.com/buy.php?item/222002630" "Mozilla/5.0 AppleWebKit/537.36 (KHTML, like Gecko; compatible; GPTBot/1.4; +https://openai.com/gptbot)"
74.7.242.38 - - [06/Jul/2026:09:34:04 -0400] "GET /buy.php?item/132033338 HTTP/1.1" 200 19797 "https://apkmodguru.com/buy.php?item/032022780" "Mozilla/5.0 AppleWebKit/537.36 (KHTML, like Gecko; compatible; GPTBot/1.4; +https://openai.com/gptbot)"
74.7.242.38 - - [06/Jul/2026:09:34:12 -0400] "GET /buy.php?item/200004282 HTTP/1.1" 200 20652 "https://apkmodguru.com/buy.php?item/113042589" "Mozilla/5.0 AppleWebKit/537.36 (KHTML, like Gecko; compatible; GPTBot/1.4; +https://openai.com/gptbot)"
74.7.242.38 - - [06/Jul/2026:09:34:13 -0400] "GET /buy.php?item/275031839 HTTP/1.1" 200 19700 "https://apkmodguru.com/buy.php?item/275031847" "Mozilla/5.0 AppleWebKit/537.36 (KHTML, like Gecko; compatible; GPTBot/1.4; +https://openai.com/gptbot)"
74.7.242.38 - - [06/Jul/2026:09:34:13 -0400] "GET /buy.php?item/172006384 HTTP/1.1" 200 19621 "https://apkmodguru.com/buy.php?item/166000478" "Mozilla/5.0 AppleWebKit/537.36 (KHTML, like Gecko; compatible; GPTBot/1.4; +https://openai.com/gptbot)"
74.7.242.38 - - [06/Jul/2026:09:34:14 -0400] "GET /buy.php?item/127045365 HTTP/1.1" 200 19244 "https://apkmodguru.com/buy.php?item/111006897" "Mozilla/5.0 AppleWebKit/537.36 (KHTML, like Gecko; compatible; GPTBot/1.4; +https://openai.com/gptbot)"
74.7.242.38 - - [06/Jul/2026:09:34:15 -0400] "GET /buy.php?item/277034189 HTTP/1.1" 200 20553 "https://apkmodguru.com/buy.php?item/277009507" "Mozilla/5.0 AppleWebKit/537.36 (KHTML, like Gecko; compatible; GPTBot/1.4; +https://openai.com/gptbot)"
74.7.242.38 - - [06/Jul/2026:09:34:16 -0400] "GET /buy.php?item/028047196 HTTP/1.1" 200 19495 "https://apkmodguru.com/buy.php?item/100010812" "Mozilla/5.0 AppleWebKit/537.36 (KHTML, like Gecko; compatible; GPTBot/1.4; +https://openai.com/gptbot)"
74.7.242.38 - - [06/Jul/2026:09:34:17 -0400] "GET /buy.php?item/191046583 HTTP/1.1" 200 19723 "https://apkmodguru.com/buy.php?item/100002792" "Mozilla/5.0 AppleWebKit/537.36 (KHTML, like Gecko; compatible; GPTBot/1.4; +https://openai.com/gptbot)"
185.191.171.10 - - [06/Jul/2026:09:34:18 -0400] "GET /?items%2FT19987124215%2F HTTP/1.1" 200 0 "-" "Mozilla/5.0 (compatible; SemrushBot/7~bl; +http://www.semrush.com/bot.html)"
85.208.96.202 - - [06/Jul/2026:09:34:22 -0400] "GET /?items%2FD55487244553%2F HTTP/1.1" 200 0 "-" "Mozilla/5.0 (compatible; SemrushBot/7~bl; +http://www.semrush.com/bot.html)"
85.208.96.209 - - [06/Jul/2026:09:34:25 -0400] "GET /?items%2FG59858166784%2F HTTP/1.1" 200 0 "-" "Mozilla/5.0 (compatible; SemrushBot/7~bl; +http://www.semrush.com/bot.html)"
85.208.96.207 - - [06/Jul/2026:09:34:27 -0400] "GET /?items%2FW30104132834%2F HTTP/1.1" 200 0 "-" "Mozilla/5.0 (compatible; SemrushBot/7~bl; +http://www.semrush.com/bot.html)"
74.7.242.38 - - [06/Jul/2026:09:34:17 -0400] "GET /buy.php?item/177048293 HTTP/1.1" 200 20012 "https://apkmodguru.com/buy.php?item/100004680" "Mozilla/5.0 AppleWebKit/537.36 (KHTML, like Gecko; compatible; GPTBot/1.4; +https://openai.com/gptbot)"
74.7.242.38 - - [06/Jul/2026:09:34:29 -0400] "GET /buy.php?item/145038237 HTTP/1.1" 200 19112 "https://apkmodguru.com/buy.php?item/210039178" "Mozilla/5.0 AppleWebKit/537.36 (KHTML, like Gecko; compatible; GPTBot/1.4; +https://openai.com/gptbot)"
74.7.242.38 - - [06/Jul/2026:09:34:30 -0400] "GET /buy.php?item/168027444 HTTP/1.1" 200 19547 "https://apkmodguru.com/buy.php?item/168027436" "Mozilla/5.0 AppleWebKit/537.36 (KHTML, like Gecko; compatible; GPTBot/1.4; +https://openai.com/gptbot)"
74.7.242.38 - - [06/Jul/2026:09:34:32 -0400] "GET /buy.php?item/215000341 HTTP/1.1" 200 19272 "https://apkmodguru.com/buy.php?item/132033338" "Mozilla/5.0 AppleWebKit/537.36 (KHTML, like Gecko; compatible; GPTBot/1.4; +https://openai.com/gptbot)"
74.7.242.38 - - [06/Jul/2026:09:34:32 -0400] "GET /buy.php?item/200004276 HTTP/1.1" 200 19972 "https://apkmodguru.com/buy.php?item/200004282" "Mozilla/5.0 AppleWebKit/537.36 (KHTML, like Gecko; compatible; GPTBot/1.4; +https://openai.com/gptbot)"
185.191.171.12 - - [06/Jul/2026:09:34:39 -0400] "GET /?items%2FM2827444526%2F HTTP/1.1" 200 0 "-" "Mozilla/5.0 (compatible; SemrushBot/7~bl; +http://www.semrush.com/bot.html)"
85.208.96.207 - - [06/Jul/2026:09:34:41 -0400] "GET /?items%2FG598586965%2F HTTP/1.1" 200 0 "-" "Mozilla/5.0 (compatible; SemrushBot/7~bl; +http://www.semrush.com/bot.html)"
85.208.96.200 - - [06/Jul/2026:09:34:43 -0400] "GET /?items%2FW30104253606%2F HTTP/1.1" 200 0 "-" "Mozilla/5.0 (compatible; SemrushBot/7~bl; +http://www.semrush.com/bot.html)"
192.178.6.104 - - [06/Jul/2026:09:34:43 -0400] "GET /items/M562550583/ HTTP/1.1" 200 19523 "-" "Mozilla/5.0 (Linux; Android 6.0.1; Nexus 5X Build/MMB29P) AppleWebKit/537.36 (KHTML, like Gecko) Chrome/150.0.7871.46 Mobile Safari/537.36 (compatible; Googlebot/2.1; +http://www.google.com/bot.html)"
85.208.96.209 - - [06/Jul/2026:09:34:45 -0400] "GET /?items%2FD55487198598%2F HTTP/1.1" 200 0 "-" "Mozilla/5.0 (compatible; SemrushBot/7~bl; +http://www.semrush.com/bot.html)"
74.7.242.38 - - [06/Jul/2026:09:34:33 -0400] "GET /buy.php?item/200004278 HTTP/1.1" 200 19909 "https://apkmodguru.com/buy.php?item/200004282" "Mozilla/5.0 AppleWebKit/537.36 (KHTML, like Gecko; compatible; GPTBot/1.4; +https://openai.com/gptbot)"
74.7.242.38 - - [06/Jul/2026:09:34:45 -0400] "GET /buy.php?item/170006634 HTTP/1.1" 200 19651 "https://apkmodguru.com/buy.php?item/265017835" "Mozilla/5.0 AppleWebKit/537.36 (KHTML, like Gecko; compatible; GPTBot/1.4; +https://openai.com/gptbot)"
185.191.171.16 - - [06/Jul/2026:09:34:46 -0400] "GET /?items%2FO68550266805%2F HTTP/1.1" 200 0 "-" "Mozilla/5.0 (compatible; SemrushBot/7~bl; +http://www.semrush.com/bot.html)"
74.7.242.38 - - [06/Jul/2026:09:34:46 -0400] "GET /buy.php?item/250006818 HTTP/1.1" 200 19456 "https://apkmodguru.com/buy.php?item/287046459" "Mozilla/5.0 AppleWebKit/537.36 (KHTML, like Gecko; compatible; GPTBot/1.4; +https://openai.com/gptbot)"
74.7.242.38 - - [06/Jul/2026:09:34:47 -0400] "GET /buy.php?item/053033801 HTTP/1.1" 200 20977 "https://apkmodguru.com/buy.php?item/132033338" "Mozilla/5.0 AppleWebKit/537.36 (KHTML, like Gecko; compatible; GPTBot/1.4; +https://openai.com/gptbot)"
74.7.242.38 - - [06/Jul/2026:09:34:47 -0400] "GET /buy.php?item/028000144 HTTP/1.1" 200 20417 "https://apkmodguru.com/buy.php?item/028047196" "Mozilla/5.0 AppleWebKit/537.36 (KHTML, like Gecko; compatible; GPTBot/1.4; +https://openai.com/gptbot)"
74.7.242.38 - - [06/Jul/2026:09:34:48 -0400] "GET /buy.php?item/284000054 HTTP/1.1" 200 19376 "https://apkmodguru.com/buy.php?item/191046583" "Mozilla/5.0 AppleWebKit/537.36 (KHTML, like Gecko; compatible; GPTBot/1.4; +https://openai.com/gptbot)"
74.7.242.38 - - [06/Jul/2026:09:34:57 -0400] "GET /buy.php?item/011041207 HTTP/1.1" 200 19575 "https://apkmodguru.com/buy.php?item/291035481" "Mozilla/5.0 AppleWebKit/537.36 (KHTML, like Gecko; compatible; GPTBot/1.4; +https://openai.com/gptbot)"
74.7.242.38 - - [06/Jul/2026:09:34:57 -0400] "GET /buy.php?item/221020003 HTTP/1.1" 200 20654 "https://apkmodguru.com/buy.php?item/145038237" "Mozilla/5.0 AppleWebKit/537.36 (KHTML, like Gecko; compatible; GPTBot/1.4; +https://openai.com/gptbot)"
74.7.242.38 - - [06/Jul/2026:09:34:58 -0400] "GET /buy.php?item/127032589 HTTP/1.1" 200 20537 "https://apkmodguru.com/buy.php?item/127045365" "Mozilla/5.0 AppleWebKit/537.36 (KHTML, like Gecko; compatible; GPTBot/1.4; +https://openai.com/gptbot)"
74.7.242.38 - - [06/Jul/2026:09:35:00 -0400] "GET /buy.php?item/249016713 HTTP/1.1" 200 20897 "https://apkmodguru.com/buy.php?item/277034189" "Mozilla/5.0 AppleWebKit/537.36 (KHTML, like Gecko; compatible; GPTBot/1.4; +https://openai.com/gptbot)"
74.7.242.38 - - [06/Jul/2026:09:35:01 -0400] "GET /buy.php?item/200019664 HTTP/1.1" 200 19342 "https://apkmodguru.com/buy.php?item/200004276" "Mozilla/5.0 AppleWebKit/537.36 (KHTML, like Gecko; compatible; GPTBot/1.4; +https://openai.com/gptbot)"
74.7.242.38 - - [06/Jul/2026:09:35:01 -0400] "GET /buy.php?item/173036111 HTTP/1.1" 200 19356 "https://apkmodguru.com/buy.php?item/200004278" "Mozilla/5.0 AppleWebKit/537.36 (KHTML, like Gecko; compatible; GPTBot/1.4; +https://openai.com/gptbot)"
74.7.242.38 - - [06/Jul/2026:09:35:05 -0400] "GET /buy.php?item/200015444 HTTP/1.1" 200 19994 "https://apkmodguru.com/buy.php?item/200004278" "Mozilla/5.0 AppleWebKit/537.36 (KHTML, like Gecko; compatible; GPTBot/1.4; +https://openai.com/gptbot)"
74.7.242.38 - - [06/Jul/2026:09:35:06 -0400] "GET /buy.php?item/200015442 HTTP/1.1" 200 19805 "https://apkmodguru.com/buy.php?item/200004278" "Mozilla/5.0 AppleWebKit/537.36 (KHTML, like Gecko; compatible; GPTBot/1.4; +https://openai.com/gptbot)"
74.7.242.38 - - [06/Jul/2026:09:35:07 -0400] "GET /buy.php?item/200019654 HTTP/1.1" 200 19228 "https://apkmodguru.com/buy.php?item/200004276" "Mozilla/5.0 AppleWebKit/537.36 (KHTML, like Gecko; compatible; GPTBot/1.4; +https://openai.com/gptbot)"
74.7.242.38 - - [06/Jul/2026:09:35:10 -0400] "GET /buy.php?item/143013319 HTTP/1.1" 200 19494 "https://apkmodguru.com/buy.php?item/200004276" "Mozilla/5.0 AppleWebKit/537.36 (KHTML, like Gecko; compatible; GPTBot/1.4; +https://openai.com/gptbot)"
74.7.242.38 - - [06/Jul/2026:09:35:11 -0400] "GET /buy.php?item/269010537 HTTP/1.1" 200 19193 "https://apkmodguru.com/buy.php?item/170006634" "Mozilla/5.0 AppleWebKit/537.36 (KHTML, like Gecko; compatible; GPTBot/1.4; +https://openai.com/gptbot)"
74.7.242.38 - - [06/Jul/2026:09:35:11 -0400] "GET /buy.php?item/174012658 HTTP/1.1" 200 19701 "https://apkmodguru.com/buy.php?item/250006818" "Mozilla/5.0 AppleWebKit/537.36 (KHTML, like Gecko; compatible; GPTBot/1.4; +https://openai.com/gptbot)"
74.7.242.38 - - [06/Jul/2026:09:35:12 -0400] "GET /buy.php?item/189035487 HTTP/1.1" 200 19172 "https://apkmodguru.com/buy.php?item/250006818" "Mozilla/5.0 AppleWebKit/537.36 (KHTML, like Gecko; compatible; GPTBot/1.4; +https://openai.com/gptbot)"
74.7.242.38 - - [06/Jul/2026:09:35:13 -0400] "GET /buy.php?item/053028961 HTTP/1.1" 200 19738 "https://apkmodguru.com/buy.php?item/053033801" "Mozilla/5.0 AppleWebKit/537.36 (KHTML, like Gecko; compatible; GPTBot/1.4; +https://openai.com/gptbot)"
74.7.242.38 - - [06/Jul/2026:09:35:14 -0400] "GET /buy.php?item/077023619 HTTP/1.1" 200 19459 "https://apkmodguru.com/buy.php?item/284000054" "Mozilla/5.0 AppleWebKit/537.36 (KHTML, like Gecko; compatible; GPTBot/1.4; +https://openai.com/gptbot)"
74.7.242.38 - - [06/Jul/2026:09:35:14 -0400] "GET /buy.php?item/200004296 HTTP/1.1" 200 19274 "https://apkmodguru.com/buy.php?item/200019664" "Mozilla/5.0 AppleWebKit/537.36 (KHTML, like Gecko; compatible; GPTBot/1.4; +https://openai.com/gptbot)"
74.7.242.38 - - [06/Jul/2026:09:35:15 -0400] "GET /buy.php?item/200009074 HTTP/1.1" 200 19712 "https://apkmodguru.com/buy.php?item/200019664" "Mozilla/5.0 AppleWebKit/537.36 (KHTML, like Gecko; compatible; GPTBot/1.4; +https://openai.com/gptbot)"
74.7.242.38 - - [06/Jul/2026:09:35:16 -0400] "GET /buy.php?item/200009072 HTTP/1.1" 200 19170 "https://apkmodguru.com/buy.php?item/200019664" "Mozilla/5.0 AppleWebKit/537.36 (KHTML, like Gecko; compatible; GPTBot/1.4; +https://openai.com/gptbot)"
74.7.242.38 - - [06/Jul/2026:09:35:16 -0400] "GET /buy.php?item/200009078 HTTP/1.1" 200 19220 "https://apkmodguru.com/buy.php?item/200015442" "Mozilla/5.0 AppleWebKit/537.36 (KHTML, like Gecko; compatible; GPTBot/1.4; +https://openai.com/gptbot)"
185.191.171.10 - - [06/Jul/2026:09:35:19 -0400] "GET /?items%2FW30104221810%2F HTTP/1.1" 200 0 "-" "Mozilla/5.0 (compatible; SemrushBot/7~bl; +http://www.semrush.com/bot.html)"
74.7.242.38 - - [06/Jul/2026:09:35:17 -0400] "GET /buy.php?item/300016532 HTTP/1.1" 200 19284 "https://apkmodguru.com/buy.php?item/249016713" "Mozilla/5.0 AppleWebKit/537.36 (KHTML, like Gecko; compatible; GPTBot/1.4; +https://openai.com/gptbot)"
74.7.242.38 - - [06/Jul/2026:09:35:21 -0400] "GET /buy.php?item/143013335 HTTP/1.1" 200 19250 "https://apkmodguru.com/buy.php?item/143013319" "Mozilla/5.0 AppleWebKit/537.36 (KHTML, like Gecko; compatible; GPTBot/1.4; +https://openai.com/gptbot)"
74.7.242.38 - - [06/Jul/2026:09:35:22 -0400] "GET /buy.php?item/143013333 HTTP/1.1" 200 19521 "https://apkmodguru.com/buy.php?item/143013319" "Mozilla/5.0 AppleWebKit/537.36 (KHTML, like Gecko; compatible; GPTBot/1.4; +https://openai.com/gptbot)"
74.7.242.38 - - [06/Jul/2026:09:35:23 -0400] "GET /buy.php?item/174004480 HTTP/1.1" 200 19193 "https://apkmodguru.com/buy.php?item/174012658" "Mozilla/5.0 AppleWebKit/537.36 (KHTML, like Gecko; compatible; GPTBot/1.4; +https://openai.com/gptbot)"
66.249.77.34 - - [06/Jul/2026:09:35:29 -0400] "GET /items/S684283365/ HTTP/1.1" 200 19411 "-" "Mozilla/5.0 (Linux; Android 6.0.1; Nexus 5X Build/MMB29P) AppleWebKit/537.36 (KHTML, like Gecko) Chrome/150.0.7871.46 Mobile Safari/537.36 (compatible; Googlebot/2.1; +http://www.google.com/bot.html)"
192.178.6.104 - - [06/Jul/2026:09:35:29 -0400] "GET /items/M274436762/ HTTP/1.1" 200 20321 "-" "Mozilla/5.0 (Linux; Android 6.0.1; Nexus 5X Build/MMB29P) AppleWebKit/537.36 (KHTML, like Gecko) Chrome/150.0.7871.46 Mobile Safari/537.36 (compatible; Googlebot/2.1; +http://www.google.com/bot.html)"
74.7.242.38 - - [06/Jul/2026:09:35:28 -0400] "GET /buy.php?item/200015458 HTTP/1.1" 200 19571 "https://apkmodguru.com/buy.php?item/200015444" "Mozilla/5.0 AppleWebKit/537.36 (KHTML, like Gecko; compatible; GPTBot/1.4; +https://openai.com/gptbot)"
74.7.242.38 - - [06/Jul/2026:09:35:30 -0400] "GET /buy.php?item/060008180 HTTP/1.1" 200 20572 "https://apkmodguru.com/buy.php?item/053028961" "Mozilla/5.0 AppleWebKit/537.36 (KHTML, like Gecko; compatible; GPTBot/1.4; +https://openai.com/gptbot)"
74.7.242.38 - - [06/Jul/2026:09:35:36 -0400] "GET /buy.php?item/066002018 HTTP/1.1" 200 19752 "https://apkmodguru.com/buy.php?item/200019664" "Mozilla/5.0 AppleWebKit/537.36 (KHTML, like Gecko; compatible; GPTBot/1.4; +https://openai.com/gptbot)"
185.191.171.10 - - [06/Jul/2026:09:35:37 -0400] "GET /?items%2FO6855016178%2F HTTP/1.1" 200 0 "-" "Mozilla/5.0 (compatible; SemrushBot/7~bl; +http://www.semrush.com/bot.html)"
74.7.242.38 - - [06/Jul/2026:09:35:37 -0400] "GET /buy.php?jp/200022294.html HTTP/1.1" 200 19385 "https://apkmodguru.com/buy.php?item/200004296" "Mozilla/5.0 AppleWebKit/537.36 (KHTML, like Gecko; compatible; GPTBot/1.4; +https://openai.com/gptbot)"
74.7.242.38 - - [06/Jul/2026:09:35:38 -0400] "GET /buy.php?item/200022298 HTTP/1.1" 200 19739 "https://apkmodguru.com/buy.php?item/200004296" "Mozilla/5.0 AppleWebKit/537.36 (KHTML, like Gecko; compatible; GPTBot/1.4; +https://openai.com/gptbot)"
74.7.242.38 - - [06/Jul/2026:09:35:42 -0400] "GET /buy.php?item/200015454 HTTP/1.1" 200 20 "https://apkmodguru.com/buy.php?item/200009074" "Mozilla/5.0 AppleWebKit/537.36 (KHTML, like Gecko; compatible; GPTBot/1.4; +https://openai.com/gptbot)"
85.208.96.198 - - [06/Jul/2026:09:36:01 -0400] "GET /?items%2FM28274247665%2F HTTP/1.1" 200 0 "-" "Mozilla/5.0 (compatible; SemrushBot/7~bl; +http://www.semrush.com/bot.html)"
74.7.242.38 - - [06/Jul/2026:09:36:01 -0400] "GET /buy.php?item/200022284 HTTP/1.1" 200 19616 "https://apkmodguru.com/buy.php?item/200009078" "Mozilla/5.0 AppleWebKit/537.36 (KHTML, like Gecko; compatible; GPTBot/1.4; +https://openai.com/gptbot)"
77.75.79.95 - - [06/Jul/2026:09:36:06 -0400] "GET /items/A131792981/ HTTP/1.1" 200 0 "-" "Mozilla/5.0 (compatible; SeznamBot/4.0; +https://o-seznam.cz/napoveda/vyhledavani/en/seznambot-crawler/)"
85.208.96.201 - - [06/Jul/2026:09:36:11 -0400] "GET /?items%2FD55487140898%2F HTTP/1.1" 200 0 "-" "Mozilla/5.0 (compatible; SemrushBot/7~bl; +http://www.semrush.com/bot.html)"
74.7.242.38 - - [06/Jul/2026:09:36:03 -0400] "GET /buy.php?item/237010749 HTTP/1.1" 200 20603 "https://apkmodguru.com/buy.php?item/300016532" "Mozilla/5.0 AppleWebKit/537.36 (KHTML, like Gecko; compatible; GPTBot/1.4; +https://openai.com/gptbot)"
74.7.242.38 - - [06/Jul/2026:09:36:15 -0400] "GET /buy.php?item/300016494 HTTP/1.1" 200 19278 "https://apkmodguru.com/buy.php?item/300016532" "Mozilla/5.0 AppleWebKit/537.36 (KHTML, like Gecko; compatible; GPTBot/1.4; +https://openai.com/gptbot)"
74.7.242.38 - - [06/Jul/2026:09:36:16 -0400] "GET /buy.php?item/017028139 HTTP/1.1" 200 20652 "https://apkmodguru.com/buy.php?item/143013333" "Mozilla/5.0 AppleWebKit/537.36 (KHTML, like Gecko; compatible; GPTBot/1.4; +https://openai.com/gptbot)"
74.7.242.38 - - [06/Jul/2026:09:36:17 -0400] "GET /buy.php?item/300016496 HTTP/1.1" 200 19117 "https://apkmodguru.com/buy.php?item/300016532" "Mozilla/5.0 AppleWebKit/537.36 (KHTML, like Gecko; compatible; GPTBot/1.4; +https://openai.com/gptbot)"
74.7.242.38 - - [06/Jul/2026:09:36:18 -0400] "GET /buy.php?item/170004234 HTTP/1.1" 200 19513 "https://apkmodguru.com/buy.php?item/200015458" "Mozilla/5.0 AppleWebKit/537.36 (KHTML, like Gecko; compatible; GPTBot/1.4; +https://openai.com/gptbot)"
74.7.242.38 - - [06/Jul/2026:09:36:19 -0400] "GET /buy.php?item/200015456 HTTP/1.1" 200 19260 "https://apkmodguru.com/buy.php?item/200009074" "Mozilla/5.0 AppleWebKit/537.36 (KHTML, like Gecko; compatible; GPTBot/1.4; +https://openai.com/gptbot)"
85.208.96.202 - - [06/Jul/2026:09:36:23 -0400] "GET /?items%2FT19987257452%2F HTTP/1.1" 200 0 "-" "Mozilla/5.0 (compatible; SemrushBot/7~bl; +http://www.semrush.com/bot.html)"
74.7.242.38 - - [06/Jul/2026:09:36:19 -0400] "GET /buy.php?item/011025009 HTTP/1.1" 200 20 "https://apkmodguru.com/buy.php?item/200015458" "Mozilla/5.0 AppleWebKit/537.36 (KHTML, like Gecko; compatible; GPTBot/1.4; +https://openai.com/gptbot)"
185.191.171.15 - - [06/Jul/2026:09:36:40 -0400] "GET /?items%2FJ98471244415%2F HTTP/1.1" 200 0 "-" "Mozilla/5.0 (compatible; SemrushBot/7~bl; +http://www.semrush.com/bot.html)"
