74.7.242.38 - - [06/Jul/2026:09:59:26 -0400] "GET /buy.php?item/200038268 HTTP/1.1" 200 19894 "https://apkmodguru.com/buy.php?item/200018464" "Mozilla/5.0 AppleWebKit/537.36 (KHTML, like Gecko; compatible; GPTBot/1.4; +https://openai.com/gptbot)"
85.208.96.211 - - [06/Jul/2026:09:59:28 -0400] "GET /?items%2FO68550117180%2F HTTP/1.1" 200 0 "-" "Mozilla/5.0 (compatible; SemrushBot/7~bl; +http://www.semrush.com/bot.html)"
74.7.242.38 - - [06/Jul/2026:09:59:27 -0400] "GET /buy.php?item/200038264 HTTP/1.1" 200 19429 "https://apkmodguru.com/buy.php?item/200018464" "Mozilla/5.0 AppleWebKit/537.36 (KHTML, like Gecko; compatible; GPTBot/1.4; +https://openai.com/gptbot)"
185.191.171.2 - - [06/Jul/2026:09:59:30 -0400] "GET /?items%2FD5548758025%2F HTTP/1.1" 200 0 "-" "Mozilla/5.0 (compatible; SemrushBot/7~bl; +http://www.semrush.com/bot.html)"
74.7.242.38 - - [06/Jul/2026:09:59:30 -0400] "GET /buy.php?goods/027001228 HTTP/1.1" 200 19640 "https://apkmodguru.com/buy.php?item/200008854" "Mozilla/5.0 AppleWebKit/537.36 (KHTML, like Gecko; compatible; GPTBot/1.4; +https://openai.com/gptbot)"
74.7.242.38 - - [06/Jul/2026:09:59:31 -0400] "GET /buy.php?item/200038266 HTTP/1.1" 200 20101 "https://apkmodguru.com/buy.php?item/200018464" "Mozilla/5.0 AppleWebKit/537.36 (KHTML, like Gecko; compatible; GPTBot/1.4; +https://openai.com/gptbot)"
185.191.171.7 - - [06/Jul/2026:09:59:33 -0400] "GET /?items%2FO68550134130%2F HTTP/1.1" 200 0 "-" "Mozilla/5.0 (compatible; SemrushBot/7~bl; +http://www.semrush.com/bot.html)"
74.7.242.38 - - [06/Jul/2026:09:59:33 -0400] "GET /buy.php?item/200014968 HTTP/1.1" 200 19567 "https://apkmodguru.com/buy.php?item/200042122" "Mozilla/5.0 AppleWebKit/537.36 (KHTML, like Gecko; compatible; GPTBot/1.4; +https://openai.com/gptbot)"
74.7.242.38 - - [06/Jul/2026:09:59:33 -0400] "GET /buy.php?item/200002532 HTTP/1.1" 200 19860 "https://apkmodguru.com/buy.php?item/200043340" "Mozilla/5.0 AppleWebKit/537.36 (KHTML, like Gecko; compatible; GPTBot/1.4; +https://openai.com/gptbot)"
85.208.96.211 - - [06/Jul/2026:09:59:38 -0400] "GET /?items%2FO42394258723%2F HTTP/1.1" 200 0 "-" "Mozilla/5.0 (compatible; SemrushBot/7~bl; +http://www.semrush.com/bot.html)"
185.191.171.2 - - [06/Jul/2026:09:59:42 -0400] "GET /?items%2FO42394204539%2F HTTP/1.1" 200 0 "-" "Mozilla/5.0 (compatible; SemrushBot/7~bl; +http://www.semrush.com/bot.html)"
74.7.242.38 - - [06/Jul/2026:09:59:34 -0400] "GET /buy.php?item/200015298 HTTP/1.1" 200 20 "https://apkmodguru.com/buy.php?item/200015340" "Mozilla/5.0 AppleWebKit/537.36 (KHTML, like Gecko; compatible; GPTBot/1.4; +https://openai.com/gptbot)"
74.7.242.38 - - [06/Jul/2026:09:59:54 -0400] "GET /buy.php?item/300026820 HTTP/1.1" 200 19454 "https://apkmodguru.com/buy.php?item/300008770" "Mozilla/5.0 AppleWebKit/537.36 (KHTML, like Gecko; compatible; GPTBot/1.4; +https://openai.com/gptbot)"
74.7.242.38 - - [06/Jul/2026:09:59:55 -0400] "GET /buy.php?item/300018886 HTTP/1.1" 200 19557 "https://apkmodguru.com/buy.php?item/300018884" "Mozilla/5.0 AppleWebKit/537.36 (KHTML, like Gecko; compatible; GPTBot/1.4; +https://openai.com/gptbot)"
74.7.242.38 - - [06/Jul/2026:09:59:55 -0400] "GET /buy.php?item/100048676 HTTP/1.1" 200 19756 "https://apkmodguru.com/buy.php?item/100033068" "Mozilla/5.0 AppleWebKit/537.36 (KHTML, like Gecko; compatible; GPTBot/1.4; +https://openai.com/gptbot)"
74.7.242.38 - - [06/Jul/2026:09:59:56 -0400] "GET /buy.php?item/300018882 HTTP/1.1" 200 19664 "https://apkmodguru.com/buy.php?item/300018884" "Mozilla/5.0 AppleWebKit/537.36 (KHTML, like Gecko; compatible; GPTBot/1.4; +https://openai.com/gptbot)"
74.7.242.38 - - [06/Jul/2026:09:59:57 -0400] "GET /buy.php?item/200014072 HTTP/1.1" 200 19428 "https://apkmodguru.com/buy.php?item/200038268" "Mozilla/5.0 AppleWebKit/537.36 (KHTML, like Gecko; compatible; GPTBot/1.4; +https://openai.com/gptbot)"
74.7.242.38 - - [06/Jul/2026:09:59:58 -0400] "GET /buy.php?item/200043054 HTTP/1.1" 200 20994 "https://apkmodguru.com/buy.php?item/200038264" "Mozilla/5.0 AppleWebKit/537.36 (KHTML, like Gecko; compatible; GPTBot/1.4; +https://openai.com/gptbot)"
74.7.242.38 - - [06/Jul/2026:09:59:58 -0400] "GET /buy.php?item/100046868 HTTP/1.1" 200 19270 "https://apkmodguru.com/buy.php?item/100033068" "Mozilla/5.0 AppleWebKit/537.36 (KHTML, like Gecko; compatible; GPTBot/1.4; +https://openai.com/gptbot)"
74.7.242.38 - - [06/Jul/2026:09:59:59 -0400] "GET /buy.php?item/200026356 HTTP/1.1" 200 19304 "https://apkmodguru.com/buy.php?item/200038266" "Mozilla/5.0 AppleWebKit/537.36 (KHTML, like Gecko; compatible; GPTBot/1.4; +https://openai.com/gptbot)"
74.7.242.38 - - [06/Jul/2026:10:00:00 -0400] "GET /buy.php?item/200014512 HTTP/1.1" 200 19688 "https://apkmodguru.com/buy.php?item/200014968" "Mozilla/5.0 AppleWebKit/537.36 (KHTML, like Gecko; compatible; GPTBot/1.4; +https://openai.com/gptbot)"
74.7.242.38 - - [06/Jul/2026:10:00:01 -0400] "GET /buy.php?item/100015924 HTTP/1.1" 200 19875 "https://apkmodguru.com/buy.php?item/100034844" "Mozilla/5.0 AppleWebKit/537.36 (KHTML, like Gecko; compatible; GPTBot/1.4; +https://openai.com/gptbot)"
74.7.242.38 - - [06/Jul/2026:10:00:01 -0400] "GET /buy.php?item/300026818 HTTP/1.1" 200 19240 "https://apkmodguru.com/buy.php?item/300008770" "Mozilla/5.0 AppleWebKit/537.36 (KHTML, like Gecko; compatible; GPTBot/1.4; +https://openai.com/gptbot)"
74.7.242.38 - - [06/Jul/2026:10:00:02 -0400] "GET /buy.php?item/200026678 HTTP/1.1" 200 19939 "https://apkmodguru.com/buy.php?item/200002532" "Mozilla/5.0 AppleWebKit/537.36 (KHTML, like Gecko; compatible; GPTBot/1.4; +https://openai.com/gptbot)"
74.7.242.38 - - [06/Jul/2026:10:00:04 -0400] "GET /buy.php?item/300018880 HTTP/1.1" 200 19488 "https://apkmodguru.com/buy.php?item/300018886" "Mozilla/5.0 AppleWebKit/537.36 (KHTML, like Gecko; compatible; GPTBot/1.4; +https://openai.com/gptbot)"
77.75.78.169 - - [06/Jul/2026:10:00:05 -0400] "GET /items/A134846746/ HTTP/1.1" 200 0 "-" "Mozilla/5.0 (compatible; SeznamBot/4.0; +https://o-seznam.cz/napoveda/vyhledavani/en/seznambot-crawler/)"
74.7.242.38 - - [06/Jul/2026:10:00:05 -0400] "GET /buy.php?item/100018520 HTTP/1.1" 200 19973 "https://apkmodguru.com/buy.php?item/100048676" "Mozilla/5.0 AppleWebKit/537.36 (KHTML, like Gecko; compatible; GPTBot/1.4; +https://openai.com/gptbot)"
74.7.242.38 - - [06/Jul/2026:10:00:08 -0400] "GET /buy.php?item/100018518 HTTP/1.1" 200 20101 "https://apkmodguru.com/buy.php?item/100048676" "Mozilla/5.0 AppleWebKit/537.36 (KHTML, like Gecko; compatible; GPTBot/1.4; +https://openai.com/gptbot)"
74.7.242.38 - - [06/Jul/2026:10:00:09 -0400] "GET /buy.php?item/200024126 HTTP/1.1" 200 20542 "https://apkmodguru.com/buy.php?item/200014072" "Mozilla/5.0 AppleWebKit/537.36 (KHTML, like Gecko; compatible; GPTBot/1.4; +https://openai.com/gptbot)"
74.7.242.38 - - [06/Jul/2026:10:00:10 -0400] "GET /buy.php?item/200024128 HTTP/1.1" 200 20755 "https://apkmodguru.com/buy.php?item/200014072" "Mozilla/5.0 AppleWebKit/537.36 (KHTML, like Gecko; compatible; GPTBot/1.4; +https://openai.com/gptbot)"
74.7.242.38 - - [06/Jul/2026:10:00:11 -0400] "GET /buy.php?item/100033064 HTTP/1.1" 200 19632 "https://apkmodguru.com/buy.php?item/100046868" "Mozilla/5.0 AppleWebKit/537.36 (KHTML, like Gecko; compatible; GPTBot/1.4; +https://openai.com/gptbot)"
74.7.242.38 - - [06/Jul/2026:10:00:11 -0400] "GET /buy.php?item/200040748 HTTP/1.1" 200 20162 "https://apkmodguru.com/buy.php?item/200026356" "Mozilla/5.0 AppleWebKit/537.36 (KHTML, like Gecko; compatible; GPTBot/1.4; +https://openai.com/gptbot)"
74.7.242.38 - - [06/Jul/2026:10:00:12 -0400] "GET /buy.php?item/300018894 HTTP/1.1" 200 20003 "https://apkmodguru.com/buy.php?item/300018882" "Mozilla/5.0 AppleWebKit/537.36 (KHTML, like Gecko; compatible; GPTBot/1.4; +https://openai.com/gptbot)"
74.7.242.38 - - [06/Jul/2026:10:00:14 -0400] "GET /buy.php?item/100034852 HTTP/1.1" 200 19809 "https://apkmodguru.com/buy.php?item/100015924" "Mozilla/5.0 AppleWebKit/537.36 (KHTML, like Gecko; compatible; GPTBot/1.4; +https://openai.com/gptbot)"
185.191.171.19 - - [06/Jul/2026:10:00:18 -0400] "GET /?items%2FO68550215431%2F HTTP/1.1" 200 0 "-" "Mozilla/5.0 (compatible; SemrushBot/7~bl; +http://www.semrush.com/bot.html)"
66.249.77.34 - - [06/Jul/2026:10:00:17 -0400] "GET /items/D464970231 HTTP/1.1" 200 20037 "-" "Mozilla/5.0 (Linux; Android 6.0.1; Nexus 5X Build/MMB29P) AppleWebKit/537.36 (KHTML, like Gecko) Chrome/150.0.7871.46 Mobile Safari/537.36 (compatible; Googlebot/2.1; +http://www.google.com/bot.html)"
85.208.96.212 - - [06/Jul/2026:10:00:29 -0400] "GET /?items%2FW30104229275%2F HTTP/1.1" 200 0 "-" "Mozilla/5.0 (compatible; SemrushBot/7~bl; +http://www.semrush.com/bot.html)"
185.191.171.9 - - [06/Jul/2026:10:00:34 -0400] "GET /robots.txt HTTP/1.1" 200 130 "-" "Mozilla/5.0 (compatible; SemrushBot/7~bl; +http://www.semrush.com/bot.html)"
74.7.242.38 - - [06/Jul/2026:10:00:15 -0400] "GET /buy.php?item/200031632 HTTP/1.1" 200 20 "https://apkmodguru.com/buy.php?item/200026356" "Mozilla/5.0 AppleWebKit/537.36 (KHTML, like Gecko; compatible; GPTBot/1.4; +https://openai.com/gptbot)"
85.208.96.206 - - [06/Jul/2026:10:00:35 -0400] "GET /?items%2FW30104274897%2F HTTP/1.1" 200 0 "-" "Mozilla/5.0 (compatible; SemrushBot/7~bl; +http://www.semrush.com/bot.html)"
74.7.242.38 - - [06/Jul/2026:10:00:34 -0400] "GET /buy.php?item/200012188 HTTP/1.1" 200 19954 "https://apkmodguru.com/buy.php?item/200026678" "Mozilla/5.0 AppleWebKit/537.36 (KHTML, like Gecko; compatible; GPTBot/1.4; +https://openai.com/gptbot)"
74.7.242.38 - - [06/Jul/2026:10:00:35 -0400] "GET /buy.php?item/300008772 HTTP/1.1" 200 19800 "https://apkmodguru.com/buy.php?item/300018880" "Mozilla/5.0 AppleWebKit/537.36 (KHTML, like Gecko; compatible; GPTBot/1.4; +https://openai.com/gptbot)"
74.7.242.38 - - [06/Jul/2026:10:00:36 -0400] "GET /buy.php?item/100002392 HTTP/1.1" 200 19935 "https://apkmodguru.com/buy.php?item/100018520" "Mozilla/5.0 AppleWebKit/537.36 (KHTML, like Gecko; compatible; GPTBot/1.4; +https://openai.com/gptbot)"
74.7.242.38 - - [06/Jul/2026:10:00:37 -0400] "GET /buy.php?item/100002388 HTTP/1.1" 200 19428 "https://apkmodguru.com/buy.php?item/100018518" "Mozilla/5.0 AppleWebKit/537.36 (KHTML, like Gecko; compatible; GPTBot/1.4; +https://openai.com/gptbot)"
74.7.242.38 - - [06/Jul/2026:10:00:38 -0400] "GET /buy.php?item/300008774 HTTP/1.1" 200 19623 "https://apkmodguru.com/buy.php?item/300018880" "Mozilla/5.0 AppleWebKit/537.36 (KHTML, like Gecko; compatible; GPTBot/1.4; +https://openai.com/gptbot)"
74.7.242.38 - - [06/Jul/2026:10:00:38 -0400] "GET /buy.php?item/300008776 HTTP/1.1" 200 19063 "https://apkmodguru.com/buy.php?item/300018880" "Mozilla/5.0 AppleWebKit/537.36 (KHTML, like Gecko; compatible; GPTBot/1.4; +https://openai.com/gptbot)"
74.7.242.38 - - [06/Jul/2026:10:00:39 -0400] "GET /buy.php?item/200046616 HTTP/1.1" 200 19831 "https://apkmodguru.com/buy.php?item/100033064" "Mozilla/5.0 AppleWebKit/537.36 (KHTML, like Gecko; compatible; GPTBot/1.4; +https://openai.com/gptbot)"
74.7.242.38 - - [06/Jul/2026:10:00:40 -0400] "GET /buy.php?item/100033062 HTTP/1.1" 200 19839 "https://apkmodguru.com/buy.php?item/100033064" "Mozilla/5.0 AppleWebKit/537.36 (KHTML, like Gecko; compatible; GPTBot/1.4; +https://openai.com/gptbot)"
74.7.242.38 - - [06/Jul/2026:10:00:41 -0400] "GET /buy.php?item/100002390 HTTP/1.1" 200 19915 "https://apkmodguru.com/buy.php?item/100018518" "Mozilla/5.0 AppleWebKit/537.36 (KHTML, like Gecko; compatible; GPTBot/1.4; +https://openai.com/gptbot)"
74.7.242.38 - - [06/Jul/2026:10:00:42 -0400] "GET /buy.php?item/200013254 HTTP/1.1" 200 20133 "https://apkmodguru.com/buy.php?item/200026678" "Mozilla/5.0 AppleWebKit/537.36 (KHTML, like Gecko; compatible; GPTBot/1.4; +https://openai.com/gptbot)"
185.191.171.9 - - [06/Jul/2026:10:00:42 -0400] "GET /?items%2FM28274181508%2F HTTP/1.1" 200 0 "-" "Mozilla/5.0 (compatible; SemrushBot/7~bl; +http://www.semrush.com/bot.html)"
74.7.242.38 - - [06/Jul/2026:10:00:42 -0400] "GET /buy.php?item/200031634 HTTP/1.1" 200 20035 "https://apkmodguru.com/buy.php?item/200026356" "Mozilla/5.0 AppleWebKit/537.36 (KHTML, like Gecko; compatible; GPTBot/1.4; +https://openai.com/gptbot)"
85.208.96.194 - - [06/Jul/2026:10:00:48 -0400] "GET /?items%2FG59858111001%2F HTTP/1.1" 200 0 "-" "Mozilla/5.0 (compatible; SemrushBot/7~bl; +http://www.semrush.com/bot.html)"
185.191.171.14 - - [06/Jul/2026:10:01:00 -0400] "GET /?items%2FF4745571157%2F HTTP/1.1" 200 0 "-" "Mozilla/5.0 (compatible; SemrushBot/7~bl; +http://www.semrush.com/bot.html)"
74.7.242.38 - - [06/Jul/2026:10:00:43 -0400] "GET /buy.php?item/200014966 HTTP/1.1" 200 20 "https://apkmodguru.com/buy.php?item/200043050" "Mozilla/5.0 AppleWebKit/537.36 (KHTML, like Gecko; compatible; GPTBot/1.4; +https://openai.com/gptbot)"
85.208.96.212 - - [06/Jul/2026:10:01:03 -0400] "GET /?items%2FG59858132063%2F HTTP/1.1" 200 0 "-" "Mozilla/5.0 (compatible; SemrushBot/7~bl; +http://www.semrush.com/bot.html)"
74.7.242.38 - - [06/Jul/2026:10:01:03 -0400] "GET /buy.php?item/100034846 HTTP/1.1" 200 19591 "https://apkmodguru.com/buy.php?item/100034858" "Mozilla/5.0 AppleWebKit/537.36 (KHTML, like Gecko; compatible; GPTBot/1.4; +https://openai.com/gptbot)"
192.178.6.103 - - [06/Jul/2026:10:01:03 -0400] "GET /items/Z142598624/ HTTP/1.1" 200 19180 "-" "Mozilla/5.0 (Linux; Android 6.0.1; Nexus 5X Build/MMB29P) AppleWebKit/537.36 (KHTML, like Gecko) Chrome/150.0.7871.46 Mobile Safari/537.36 (compatible; Googlebot/2.1; +http://www.google.com/bot.html)"
74.7.242.38 - - [06/Jul/2026:10:01:04 -0400] "GET /buy.php?item/200031626 HTTP/1.1" 200 20223 "https://apkmodguru.com/buy.php?item/200018772" "Mozilla/5.0 AppleWebKit/537.36 (KHTML, like Gecko; compatible; GPTBot/1.4; +https://openai.com/gptbot)"
74.7.242.38 - - [06/Jul/2026:10:01:05 -0400] "GET /buy.php?item/100018526 HTTP/1.1" 200 19326 "https://apkmodguru.com/buy.php?item/100002388" "Mozilla/5.0 AppleWebKit/537.36 (KHTML, like Gecko; compatible; GPTBot/1.4; +https://openai.com/gptbot)"
74.7.242.38 - - [06/Jul/2026:10:01:08 -0400] "GET /buy.php?item/300026822 HTTP/1.1" 200 20195 "https://apkmodguru.com/buy.php?item/300008774" "Mozilla/5.0 AppleWebKit/537.36 (KHTML, like Gecko; compatible; GPTBot/1.4; +https://openai.com/gptbot)"
74.7.242.38 - - [06/Jul/2026:10:01:12 -0400] "GET /buy.php?item/290004498 HTTP/1.1" 200 19691 "https://apkmodguru.com/buy.php?item/200024128" "Mozilla/5.0 AppleWebKit/537.36 (KHTML, like Gecko; compatible; GPTBot/1.4; +https://openai.com/gptbot)"
74.7.242.38 - - [06/Jul/2026:10:01:14 -0400] "GET /buy.php?item/300026816 HTTP/1.1" 200 20030 "https://apkmodguru.com/buy.php?item/300018882" "Mozilla/5.0 AppleWebKit/537.36 (KHTML, like Gecko; compatible; GPTBot/1.4; +https://openai.com/gptbot)"
74.7.242.38 - - [06/Jul/2026:10:01:18 -0400] "GET /buy.php?item/100034854 HTTP/1.1" 200 19613 "https://apkmodguru.com/buy.php?item/100015924" "Mozilla/5.0 AppleWebKit/537.36 (KHTML, like Gecko; compatible; GPTBot/1.4; +https://openai.com/gptbot)"
74.7.242.38 - - [06/Jul/2026:10:01:19 -0400] "GET /buy.php?item/300026814 HTTP/1.1" 200 19533 "https://apkmodguru.com/buy.php?item/300018882" "Mozilla/5.0 AppleWebKit/537.36 (KHTML, like Gecko; compatible; GPTBot/1.4; +https://openai.com/gptbot)"
74.7.242.38 - - [06/Jul/2026:10:01:19 -0400] "GET /buy.php?item/200015294 HTTP/1.1" 200 19601 "https://apkmodguru.com/buy.php?item/200031624" "Mozilla/5.0 AppleWebKit/537.36 (KHTML, like Gecko; compatible; GPTBot/1.4; +https://openai.com/gptbot)"
74.7.242.38 - - [06/Jul/2026:10:01:23 -0400] "GET /buy.php?item/174036668 HTTP/1.1" 200 19313 "https://apkmodguru.com/buy.php?item/200024126" "Mozilla/5.0 AppleWebKit/537.36 (KHTML, like Gecko; compatible; GPTBot/1.4; +https://openai.com/gptbot)"
74.7.242.38 - - [06/Jul/2026:10:01:29 -0400] "GET /buy.php?item/100049932 HTTP/1.1" 200 19421 "https://apkmodguru.com/buy.php?item/100033068" "Mozilla/5.0 AppleWebKit/537.36 (KHTML, like Gecko; compatible; GPTBot/1.4; +https://openai.com/gptbot)"
74.7.242.38 - - [06/Jul/2026:10:01:34 -0400] "GET /buy.php?item/100034848 HTTP/1.1" 200 19463 "https://apkmodguru.com/buy.php?item/100034846" "Mozilla/5.0 AppleWebKit/537.36 (KHTML, like Gecko; compatible; GPTBot/1.4; +https://openai.com/gptbot)"
74.7.242.38 - - [06/Jul/2026:10:01:35 -0400] "GET /buy.php?item/200040212 HTTP/1.1" 200 19876 "https://apkmodguru.com/buy.php?item/200031626" "Mozilla/5.0 AppleWebKit/537.36 (KHTML, like Gecko; compatible; GPTBot/1.4; +https://openai.com/gptbot)"
74.7.242.38 - - [06/Jul/2026:10:01:36 -0400] "GET /buy.php?item/100018516 HTTP/1.1" 200 19275 "https://apkmodguru.com/buy.php?item/100018526" "Mozilla/5.0 AppleWebKit/537.36 (KHTML, like Gecko; compatible; GPTBot/1.4; +https://openai.com/gptbot)"
74.7.242.38 - - [06/Jul/2026:10:01:37 -0400] "GET /buy.php?item/200040214 HTTP/1.1" 200 19189 "https://apkmodguru.com/buy.php?item/200031626" "Mozilla/5.0 AppleWebKit/537.36 (KHTML, like Gecko; compatible; GPTBot/1.4; +https://openai.com/gptbot)"
85.208.96.201 - - [06/Jul/2026:10:01:37 -0400] "GET /?items%2FT199877583%2F HTTP/1.1" 200 0 "-" "Mozilla/5.0 (compatible; SemrushBot/7~bl; +http://www.semrush.com/bot.html)"
74.7.242.38 - - [06/Jul/2026:10:01:38 -0400] "GET /buy.php?item/100030942 HTTP/1.1" 200 19536 "https://apkmodguru.com/buy.php?item/100034846" "Mozilla/5.0 AppleWebKit/537.36 (KHTML, like Gecko; compatible; GPTBot/1.4; +https://openai.com/gptbot)"
74.7.242.38 - - [06/Jul/2026:10:01:38 -0400] "GET /buy.php?item/100034850 HTTP/1.1" 200 19652 "https://apkmodguru.com/buy.php?item/100034846" "Mozilla/5.0 AppleWebKit/537.36 (KHTML, like Gecko; compatible; GPTBot/1.4; +https://openai.com/gptbot)"
74.7.242.38 - - [06/Jul/2026:10:01:39 -0400] "GET /buy.php?item/100035712 HTTP/1.1" 200 19997 "https://apkmodguru.com/buy.php?item/100034854" "Mozilla/5.0 AppleWebKit/537.36 (KHTML, like Gecko; compatible; GPTBot/1.4; +https://openai.com/gptbot)"
74.7.242.38 - - [06/Jul/2026:10:01:40 -0400] "GET /buy.php?item/069005979 HTTP/1.1" 200 19718 "https://apkmodguru.com/buy.php?item/200031634" "Mozilla/5.0 AppleWebKit/537.36 (KHTML, like Gecko; compatible; GPTBot/1.4; +https://openai.com/gptbot)"
85.208.96.209 - - [06/Jul/2026:10:01:42 -0400] "GET /?items%2FF47455301110%2F HTTP/1.1" 200 0 "-" "Mozilla/5.0 (compatible; SemrushBot/7~bl; +http://www.semrush.com/bot.html)"
74.7.242.38 - - [06/Jul/2026:10:01:41 -0400] "GET /buy.php?item/191031337 HTTP/1.1" 200 19522 "https://apkmodguru.com/buy.php?item/200024122" "Mozilla/5.0 AppleWebKit/537.36 (KHTML, like Gecko; compatible; GPTBot/1.4; +https://openai.com/gptbot)"
74.7.242.38 - - [06/Jul/2026:10:01:43 -0400] "GET /buy.php?item/300018890 HTTP/1.1" 200 19223 "https://apkmodguru.com/buy.php?item/300026814" "Mozilla/5.0 AppleWebKit/537.36 (KHTML, like Gecko; compatible; GPTBot/1.4; +https://openai.com/gptbot)"
85.208.96.196 - - [06/Jul/2026:10:01:48 -0400] "GET /?items%2FF47455264986%2F HTTP/1.1" 200 0 "-" "Mozilla/5.0 (compatible; SemrushBot/7~bl; +http://www.semrush.com/bot.html)"
74.7.242.38 - - [06/Jul/2026:10:01:44 -0400] "GET /buy.php?item/200031154 HTTP/1.1" 200 20 "https://apkmodguru.com/buy.php?item/200015294" "Mozilla/5.0 AppleWebKit/537.36 (KHTML, like Gecko; compatible; GPTBot/1.4; +https://openai.com/gptbot)"
74.7.242.38 - - [06/Jul/2026:10:02:04 -0400] "GET /buy.php?item/100046866 HTTP/1.1" 200 19242 "https://apkmodguru.com/buy.php?item/100034848" "Mozilla/5.0 AppleWebKit/537.36 (KHTML, like Gecko; compatible; GPTBot/1.4; +https://openai.com/gptbot)"
185.191.171.13 - - [06/Jul/2026:10:02:06 -0400] "GET /?items%2FW30104265893%2F HTTP/1.1" 200 0 "-" "Mozilla/5.0 (compatible; SemrushBot/7~bl; +http://www.semrush.com/bot.html)"
74.7.242.38 - - [06/Jul/2026:10:02:05 -0400] "GET /buy.php?item/044005416 HTTP/1.1" 200 19951 "https://apkmodguru.com/buy.php?m21565393569" "Mozilla/5.0 AppleWebKit/537.36 (KHTML, like Gecko; compatible; GPTBot/1.4; +https://openai.com/gptbot)"
51.68.111.209 - - [06/Jul/2026:10:02:11 -0400] "GET /robots.txt HTTP/1.1" 200 106 "-" "Mozilla/5.0 (compatible; MJ12bot/v2.0.5; http://mj12bot.com/)"
51.68.111.209 - - [06/Jul/2026:10:02:12 -0400] "GET / HTTP/1.1" 200 0 "-" "Mozilla/5.0 (compatible; MJ12bot/v2.0.5; http://mj12bot.com/)"
74.7.242.38 - - [06/Jul/2026:10:02:08 -0400] "GET /buy.php?item/207045289 HTTP/1.1" 200 20 "https://apkmodguru.com/buy.php?item/100018516" "Mozilla/5.0 AppleWebKit/537.36 (KHTML, like Gecko; compatible; GPTBot/1.4; +https://openai.com/gptbot)"
74.7.242.38 - - [06/Jul/2026:10:02:27 -0400] "GET /buy.php?item/100000146 HTTP/1.1" 200 20130 "https://apkmodguru.com/buy.php?item/100018516" "Mozilla/5.0 AppleWebKit/537.36 (KHTML, like Gecko; compatible; GPTBot/1.4; +https://openai.com/gptbot)"
74.7.242.38 - - [06/Jul/2026:10:02:28 -0400] "GET /buy.php?item/200038262 HTTP/1.1" 200 19552 "https://apkmodguru.com/buy.php?item/200040214" "Mozilla/5.0 AppleWebKit/537.36 (KHTML, like Gecko; compatible; GPTBot/1.4; +https://openai.com/gptbot)"
74.7.242.38 - - [06/Jul/2026:10:02:28 -0400] "GET /buy.php?item/100002382 HTTP/1.1" 200 19558 "https://apkmodguru.com/buy.php?item/100018516" "Mozilla/5.0 AppleWebKit/537.36 (KHTML, like Gecko; compatible; GPTBot/1.4; +https://openai.com/gptbot)"
74.7.242.38 - - [06/Jul/2026:10:02:29 -0400] "GET /buy.php?item/100045032 HTTP/1.1" 200 20001 "https://apkmodguru.com/buy.php?item/100030942" "Mozilla/5.0 AppleWebKit/537.36 (KHTML, like Gecko; compatible; GPTBot/1.4; +https://openai.com/gptbot)"
74.7.242.38 - - [06/Jul/2026:10:02:31 -0400] "GET /buy.php?item/100042858 HTTP/1.1" 200 19616 "https://apkmodguru.com/buy.php?item/100030942" "Mozilla/5.0 AppleWebKit/537.36 (KHTML, like Gecko; compatible; GPTBot/1.4; +https://openai.com/gptbot)"
74.7.242.38 - - [06/Jul/2026:10:02:32 -0400] "GET /buy.php?item/200037098 HTTP/1.1" 200 20281 "https://apkmodguru.com/buy.php?item/200040214" "Mozilla/5.0 AppleWebKit/537.36 (KHTML, like Gecko; compatible; GPTBot/1.4; +https://openai.com/gptbot)"
74.7.242.38 - - [06/Jul/2026:10:02:33 -0400] "GET /buy.php?item/300018878 HTTP/1.1" 200 19854 "https://apkmodguru.com/buy.php?item/300018890" "Mozilla/5.0 AppleWebKit/537.36 (KHTML, like Gecko; compatible; GPTBot/1.4; +https://openai.com/gptbot)"
74.7.242.38 - - [06/Jul/2026:10:02:34 -0400] "GET /buy.php?item/200036538 HTTP/1.1" 200 19861 "https://apkmodguru.com/buy.php?item/200040214" "Mozilla/5.0 AppleWebKit/537.36 (KHTML, like Gecko; compatible; GPTBot/1.4; +https://openai.com/gptbot)"
74.7.242.38 - - [06/Jul/2026:10:02:36 -0400] "GET /buy.php?item/110008330 HTTP/1.1" 200 19667 "https://apkmodguru.com/buy.php?item/100046866" "Mozilla/5.0 AppleWebKit/537.36 (KHTML, like Gecko; compatible; GPTBot/1.4; +https://openai.com/gptbot)"
74.7.242.38 - - [06/Jul/2026:10:02:38 -0400] "GET /buy.php?item/300018876 HTTP/1.1" 200 20294 "https://apkmodguru.com/buy.php?item/300018890" "Mozilla/5.0 AppleWebKit/537.36 (KHTML, like Gecko; compatible; GPTBot/1.4; +https://openai.com/gptbot)"
74.7.242.38 - - [06/Jul/2026:10:02:39 -0400] "GET /buy.php?item/259000185 HTTP/1.1" 200 20517 "https://apkmodguru.com/buy.php?item/100030942" "Mozilla/5.0 AppleWebKit/537.36 (KHTML, like Gecko; compatible; GPTBot/1.4; +https://openai.com/gptbot)"
185.191.171.16 - - [06/Jul/2026:10:02:41 -0400] "GET /?items%2FF47455106272%2F HTTP/1.1" 200 0 "-" "Mozilla/5.0 (compatible; SemrushBot/7~bl; +http://www.semrush.com/bot.html)"
74.7.242.38 - - [06/Jul/2026:10:02:41 -0400] "GET /buy.php?item/210009458 HTTP/1.1" 200 19497 "https://apkmodguru.com/buy.php?item/100000146" "Mozilla/5.0 AppleWebKit/537.36 (KHTML, like Gecko; compatible; GPTBot/1.4; +https://openai.com/gptbot)"
74.7.242.38 - - [06/Jul/2026:10:02:42 -0400] "GET /buy.php?item/200006638 HTTP/1.1" 200 19668 "https://apkmodguru.com/buy.php?item/200038262" "Mozilla/5.0 AppleWebKit/537.36 (KHTML, like Gecko; compatible; GPTBot/1.4; +https://openai.com/gptbot)"
185.191.171.14 - - [06/Jul/2026:10:02:50 -0400] "GET /?items%2FG59858151702%2F HTTP/1.1" 200 0 "-" "Mozilla/5.0 (compatible; SemrushBot/7~bl; +http://www.semrush.com/bot.html)"
74.7.242.38 - - [06/Jul/2026:10:02:48 -0400] "GET /buy.php?item/200008638 HTTP/1.1" 200 19151 "https://apkmodguru.com/buy.php?item/200038262" "Mozilla/5.0 AppleWebKit/537.36 (KHTML, like Gecko; compatible; GPTBot/1.4; +https://openai.com/gptbot)"
192.178.6.102 - - [06/Jul/2026:10:02:56 -0400] "GET /index.php?items/Z664829657/ HTTP/1.1" 200 19614 "-" "Mozilla/5.0 (Linux; Android 6.0.1; Nexus 5X Build/MMB29P) AppleWebKit/537.36 (KHTML, like Gecko) Chrome/150.0.7871.46 Mobile Safari/537.36 (compatible; Googlebot/2.1; +http://www.google.com/bot.html)"
192.178.6.103 - - [06/Jul/2026:10:02:56 -0400] "GET /index.php?items/G542038277 HTTP/1.1" 200 19451 "-" "Mozilla/5.0 (Linux; Android 6.0.1; Nexus 5X Build/MMB29P) AppleWebKit/537.36 (KHTML, like Gecko) Chrome/150.0.7871.46 Mobile Safari/537.36 (compatible; Googlebot/2.1; +http://www.google.com/bot.html)"
74.7.242.38 - - [06/Jul/2026:10:02:52 -0400] "GET /buy.php?item/205040955 HTTP/1.1" 200 19574 "https://apkmodguru.com/buy.php?item/200018966" "Mozilla/5.0 AppleWebKit/537.36 (KHTML, like Gecko; compatible; GPTBot/1.4; +https://openai.com/gptbot)"
185.191.171.3 - - [06/Jul/2026:10:03:01 -0400] "GET /?items%2FW30104252390%2F HTTP/1.1" 200 0 "-" "Mozilla/5.0 (compatible; SemrushBot/7~bl; +http://www.semrush.com/bot.html)"
74.7.242.38 - - [06/Jul/2026:10:03:00 -0400] "GET /buy.php?item/100028096 HTTP/1.1" 200 19629 "https://apkmodguru.com/buy.php?item/100042858" "Mozilla/5.0 AppleWebKit/537.36 (KHTML, like Gecko; compatible; GPTBot/1.4; +https://openai.com/gptbot)"
85.208.96.202 - - [06/Jul/2026:10:03:09 -0400] "GET /?items%2FO8771248986%2F HTTP/1.1" 200 0 "-" "Mozilla/5.0 (compatible; SemrushBot/7~bl; +http://www.semrush.com/bot.html)"
192.178.6.103 - - [06/Jul/2026:10:03:19 -0400] "GET /page/10/?_g=3214026 HTTP/1.1" 200 19135 "-" "Mozilla/5.0 (Linux; Android 6.0.1; Nexus 5X Build/MMB29P) AppleWebKit/537.36 (KHTML, like Gecko) Chrome/150.0.7871.46 Mobile Safari/537.36 (compatible; Googlebot/2.1; +http://www.google.com/bot.html)"
192.178.6.102 - - [06/Jul/2026:10:03:20 -0400] "GET /items/T081946779/ HTTP/1.1" 200 18928 "-" "Mozilla/5.0 (Linux; Android 6.0.1; Nexus 5X Build/MMB29P) AppleWebKit/537.36 (KHTML, like Gecko) Chrome/150.0.7871.46 Mobile Safari/537.36 (compatible; Googlebot/2.1; +http://www.google.com/bot.html)"
74.7.242.38 - - [06/Jul/2026:10:03:08 -0400] "GET /buy.php?item/100028094 HTTP/1.1" 200 20 "https://apkmodguru.com/buy.php?item/100042858" "Mozilla/5.0 AppleWebKit/537.36 (KHTML, like Gecko; compatible; GPTBot/1.4; +https://openai.com/gptbot)"
74.7.242.38 - - [06/Jul/2026:10:03:28 -0400] "GET /buy.php?item/240046844 HTTP/1.1" 200 20581 "https://apkmodguru.com/buy.php?item/100042858" "Mozilla/5.0 AppleWebKit/537.36 (KHTML, like Gecko; compatible; GPTBot/1.4; +https://openai.com/gptbot)"
85.208.96.194 - - [06/Jul/2026:10:03:35 -0400] "GET /?items%2FO68550113488%2F HTTP/1.1" 200 0 "-" "Mozilla/5.0 (compatible; SemrushBot/7~bl; +http://www.semrush.com/bot.html)"
85.208.96.208 - - [06/Jul/2026:10:03:40 -0400] "GET /?items%2FO87712270971%2F HTTP/1.1" 200 0 "-" "Mozilla/5.0 (compatible; SemrushBot/7~bl; +http://www.semrush.com/bot.html)"
74.7.242.38 - - [06/Jul/2026:10:03:29 -0400] "GET /buy.php?item/057002725 HTTP/1.1" 200 20180 "https://apkmodguru.com/buy.php?item/222046336" "Mozilla/5.0 AppleWebKit/537.36 (KHTML, like Gecko; compatible; GPTBot/1.4; +https://openai.com/gptbot)"
74.7.242.38 - - [06/Jul/2026:10:03:41 -0400] "GET /buy.php?item/110008336 HTTP/1.1" 200 20642 "https://apkmodguru.com/buy.php?item/110008330" "Mozilla/5.0 AppleWebKit/537.36 (KHTML, like Gecko; compatible; GPTBot/1.4; +https://openai.com/gptbot)"
185.191.171.11 - - [06/Jul/2026:10:03:42 -0400] "GET /?items%2FT19987187691%2F HTTP/1.1" 200 0 "-" "Mozilla/5.0 (compatible; SemrushBot/7~bl; +http://www.semrush.com/bot.html)"
66.249.77.35 - - [06/Jul/2026:10:03:43 -0400] "GET /items/D771713756/ HTTP/1.1" 200 19499 "-" "Mozilla/5.0 (Linux; Android 6.0.1; Nexus 5X Build/MMB29P) AppleWebKit/537.36 (KHTML, like Gecko) Chrome/150.0.7871.46 Mobile Safari/537.36 (compatible; Googlebot/2.1; +http://www.google.com/bot.html)"
85.208.96.203 - - [06/Jul/2026:10:03:50 -0400] "GET /?items%2FO87712204371%2F HTTP/1.1" 200 0 "-" "Mozilla/5.0 (compatible; SemrushBot/7~bl; +http://www.semrush.com/bot.html)"
85.208.96.209 - - [06/Jul/2026:10:03:57 -0400] "GET /?items%2FO4239435438%2F HTTP/1.1" 200 0 "-" "Mozilla/5.0 (compatible; SemrushBot/7~bl; +http://www.semrush.com/bot.html)"
74.7.242.38 - - [06/Jul/2026:10:03:42 -0400] "GET /buy.php?item/044026100 HTTP/1.1" 200 20 "https://apkmodguru.com/buy.php?m21565393569" "Mozilla/5.0 AppleWebKit/537.36 (KHTML, like Gecko; compatible; GPTBot/1.4; +https://openai.com/gptbot)"
74.7.242.38 - - [06/Jul/2026:10:04:01 -0400] "GET /buy.php?item/214000468 HTTP/1.1" 200 19138 "https://apkmodguru.com/buy.php?item/259000185" "Mozilla/5.0 AppleWebKit/537.36 (KHTML, like Gecko; compatible; GPTBot/1.4; +https://openai.com/gptbot)"
74.7.242.38 - - [06/Jul/2026:10:04:02 -0400] "GET /buy.php?item/144009460 HTTP/1.1" 200 19694 "https://apkmodguru.com/buy.php?item/100018516" "Mozilla/5.0 AppleWebKit/537.36 (KHTML, like Gecko; compatible; GPTBot/1.4; +https://openai.com/gptbot)"
74.7.242.38 - - [06/Jul/2026:10:04:03 -0400] "GET /buy.php?item/204025092 HTTP/1.1" 200 19633 "https://apkmodguru.com/buy.php?item/290004498" "Mozilla/5.0 AppleWebKit/537.36 (KHTML, like Gecko; compatible; GPTBot/1.4; +https://openai.com/gptbot)"
74.7.242.38 - - [06/Jul/2026:10:04:09 -0400] "GET /buy.php?item/245000291 HTTP/1.1" 200 19946 "https://apkmodguru.com/buy.php?item/200008638" "Mozilla/5.0 AppleWebKit/537.36 (KHTML, like Gecko; compatible; GPTBot/1.4; +https://openai.com/gptbot)"
74.7.242.38 - - [06/Jul/2026:10:04:09 -0400] "GET /buy.php?item/070029282 HTTP/1.1" 200 19062 "https://apkmodguru.com/buy.php?item/200036538" "Mozilla/5.0 AppleWebKit/537.36 (KHTML, like Gecko; compatible; GPTBot/1.4; +https://openai.com/gptbot)"
74.7.242.38 - - [06/Jul/2026:10:04:10 -0400] "GET /buy.php?item/100003530 HTTP/1.1" 200 19253 "https://apkmodguru.com/buy.php?item/100028096" "Mozilla/5.0 AppleWebKit/537.36 (KHTML, like Gecko; compatible; GPTBot/1.4; +https://openai.com/gptbot)"
74.7.242.38 - - [06/Jul/2026:10:04:11 -0400] "GET /buy.php?item/053033983 HTTP/1.1" 200 19502 "https://apkmodguru.com/buy.php?item/200039244" "Mozilla/5.0 AppleWebKit/537.36 (KHTML, like Gecko; compatible; GPTBot/1.4; +https://openai.com/gptbot)"
74.7.242.38 - - [06/Jul/2026:10:04:12 -0400] "GET /buy.php?item/240000728 HTTP/1.1" 200 20843 "https://apkmodguru.com/buy.php?item/240046844" "Mozilla/5.0 AppleWebKit/537.36 (KHTML, like Gecko; compatible; GPTBot/1.4; +https://openai.com/gptbot)"
74.7.242.38 - - [06/Jul/2026:10:04:12 -0400] "GET /buy.php?item/240000732 HTTP/1.1" 200 19940 "https://apkmodguru.com/buy.php?item/240046844" "Mozilla/5.0 AppleWebKit/537.36 (KHTML, like Gecko; compatible; GPTBot/1.4; +https://openai.com/gptbot)"
66.249.77.33 - - [06/Jul/2026:10:04:28 -0400] "GET /shopping/224015572 HTTP/1.1" 200 19522 "-" "Mozilla/5.0 (Linux; Android 6.0.1; Nexus 5X Build/MMB29P) AppleWebKit/537.36 (KHTML, like Gecko) Chrome/150.0.7871.46 Mobile Safari/537.36 (compatible; Googlebot/2.1; +http://www.google.com/bot.html)"
74.7.242.38 - - [06/Jul/2026:10:04:13 -0400] "GET /buy.php?item/240000730 HTTP/1.1" 200 20 "https://apkmodguru.com/buy.php?item/240046844" "Mozilla/5.0 AppleWebKit/537.36 (KHTML, like Gecko; compatible; GPTBot/1.4; +https://openai.com/gptbot)"
74.7.242.38 - - [06/Jul/2026:10:04:33 -0400] "GET /buy.php?item/203007025 HTTP/1.1" 200 19735 "https://apkmodguru.com/buy.php?item/057002725" "Mozilla/5.0 AppleWebKit/537.36 (KHTML, like Gecko; compatible; GPTBot/1.4; +https://openai.com/gptbot)"
185.191.171.16 - - [06/Jul/2026:10:04:34 -0400] "GET /?items%2FT1998726974%2F HTTP/1.1" 200 0 "-" "Mozilla/5.0 (compatible; SemrushBot/7~bl; +http://www.semrush.com/bot.html)"
85.208.96.202 - - [06/Jul/2026:10:04:35 -0400] "GET /?items%2FF47455252463%2F HTTP/1.1" 200 0 "-" "Mozilla/5.0 (compatible; SemrushBot/7~bl; +http://www.semrush.com/bot.html)"
74.7.242.38 - - [06/Jul/2026:10:04:34 -0400] "GET /buy.php?item/214000434 HTTP/1.1" 200 19490 "https://apkmodguru.com/buy.php?item/214000468" "Mozilla/5.0 AppleWebKit/537.36 (KHTML, like Gecko; compatible; GPTBot/1.4; +https://openai.com/gptbot)"
74.7.242.38 - - [06/Jul/2026:10:04:37 -0400] "GET /buy.php?item/214000436 HTTP/1.1" 200 19631 "https://apkmodguru.com/buy.php?item/214000468" "Mozilla/5.0 AppleWebKit/537.36 (KHTML, like Gecko; compatible; GPTBot/1.4; +https://openai.com/gptbot)"
192.178.6.102 - - [06/Jul/2026:10:04:38 -0400] "GET /shopping/166010418 HTTP/1.1" 200 19111 "-" "Mozilla/5.0 (Linux; Android 6.0.1; Nexus 5X Build/MMB29P) AppleWebKit/537.36 (KHTML, like Gecko) Chrome/150.0.7871.46 Mobile Safari/537.36 (compatible; Googlebot/2.1; +http://www.google.com/bot.html)"
74.7.242.38 - - [06/Jul/2026:10:04:38 -0400] "GET /buy.php?item/030043860 HTTP/1.1" 200 19905 "https://apkmodguru.com/buy.php?item/100002388" "Mozilla/5.0 AppleWebKit/537.36 (KHTML, like Gecko; compatible; GPTBot/1.4; +https://openai.com/gptbot)"
85.208.96.202 - - [06/Jul/2026:10:04:39 -0400] "GET /?items%2FD5548769892%2F HTTP/1.1" 200 0 "-" "Mozilla/5.0 (compatible; SemrushBot/7~bl; +http://www.semrush.com/bot.html)"
74.7.242.38 - - [06/Jul/2026:10:04:39 -0400] "GET /buy.php?item/245015111 HTTP/1.1" 200 19517 "https://apkmodguru.com/buy.php?item/245000291" "Mozilla/5.0 AppleWebKit/537.36 (KHTML, like Gecko; compatible; GPTBot/1.4; +https://openai.com/gptbot)"
74.7.242.38 - - [06/Jul/2026:10:04:40 -0400] "GET /buy.php?item/047039995 HTTP/1.1" 200 20220 "https://apkmodguru.com/buy.php?item/245000291" "Mozilla/5.0 AppleWebKit/537.36 (KHTML, like Gecko; compatible; GPTBot/1.4; +https://openai.com/gptbot)"
74.7.242.38 - - [06/Jul/2026:10:04:42 -0400] "GET /buy.php?item/100031186 HTTP/1.1" 200 20309 "https://apkmodguru.com/buy.php?item/100003530" "Mozilla/5.0 AppleWebKit/537.36 (KHTML, like Gecko; compatible; GPTBot/1.4; +https://openai.com/gptbot)"
74.7.242.38 - - [06/Jul/2026:10:04:43 -0400] "GET /buy.php?shopping/091009734 HTTP/1.1" 200 19564 "https://apkmodguru.com/buy.php?item/053033983" "Mozilla/5.0 AppleWebKit/537.36 (KHTML, like Gecko; compatible; GPTBot/1.4; +https://openai.com/gptbot)"
185.191.171.3 - - [06/Jul/2026:10:04:46 -0400] "GET /?items%2FD5548732966%2F HTTP/1.1" 200 0 "-" "Mozilla/5.0 (compatible; SemrushBot/7~bl; +http://www.semrush.com/bot.html)"
185.191.171.13 - - [06/Jul/2026:10:04:49 -0400] "GET /?items%2FJ98471214002%2F HTTP/1.1" 200 0 "-" "Mozilla/5.0 (compatible; SemrushBot/7~bl; +http://www.semrush.com/bot.html)"
185.191.171.8 - - [06/Jul/2026:10:05:00 -0400] "GET /?items%2FF47455247585%2F HTTP/1.1" 200 0 "-" "Mozilla/5.0 (compatible; SemrushBot/7~bl; +http://www.semrush.com/bot.html)"
192.178.6.102 - - [06/Jul/2026:10:05:01 -0400] "GET /?_g=4898090 HTTP/1.1" 200 20122 "-" "Mozilla/5.0 (Linux; Android 6.0.1; Nexus 5X Build/MMB29P) AppleWebKit/537.36 (KHTML, like Gecko) Chrome/150.0.7871.46 Mobile Safari/537.36 (compatible; Googlebot/2.1; +http://www.google.com/bot.html)"
74.7.242.38 - - [06/Jul/2026:10:04:43 -0400] "GET /buy.php?item/240001800 HTTP/1.1" 200 20 "https://apkmodguru.com/buy.php?item/240000728" "Mozilla/5.0 AppleWebKit/537.36 (KHTML, like Gecko; compatible; GPTBot/1.4; +https://openai.com/gptbot)"
74.7.242.38 - - [06/Jul/2026:10:05:03 -0400] "GET /buy.php?item/100031190 HTTP/1.1" 200 19967 "https://apkmodguru.com/buy.php?item/100003530" "Mozilla/5.0 AppleWebKit/537.36 (KHTML, like Gecko; compatible; GPTBot/1.4; +https://openai.com/gptbot)"
74.7.242.38 - - [06/Jul/2026:10:05:04 -0400] "GET /buy.php?item/240001830 HTTP/1.1" 200 19363 "https://apkmodguru.com/buy.php?item/240000728" "Mozilla/5.0 AppleWebKit/537.36 (KHTML, like Gecko; compatible; GPTBot/1.4; +https://openai.com/gptbot)"
74.7.242.38 - - [06/Jul/2026:10:05:05 -0400] "GET /buy.php?item/118048318 HTTP/1.1" 200 19359 "https://apkmodguru.com/buy.php?item/203007025" "Mozilla/5.0 AppleWebKit/537.36 (KHTML, like Gecko; compatible; GPTBot/1.4; +https://openai.com/gptbot)"
185.191.171.14 - - [06/Jul/2026:10:05:05 -0400] "GET /?items%2FJ98471247900%2F HTTP/1.1" 200 0 "-" "Mozilla/5.0 (compatible; SemrushBot/7~bl; +http://www.semrush.com/bot.html)"
74.7.242.38 - - [06/Jul/2026:10:05:05 -0400] "GET /buy.php?item/230005086 HTTP/1.1" 200 20814 "https://apkmodguru.com/buy.php?item/203007025" "Mozilla/5.0 AppleWebKit/537.36 (KHTML, like Gecko; compatible; GPTBot/1.4; +https://openai.com/gptbot)"
77.75.78.169 - - [06/Jul/2026:10:05:11 -0400] "GET /items/A134881486/ HTTP/1.1" 200 0 "-" "Mozilla/5.0 (compatible; SeznamBot/4.0; +https://o-seznam.cz/napoveda/vyhledavani/en/seznambot-crawler/)"
74.7.242.38 - - [06/Jul/2026:10:05:06 -0400] "GET /buy.php?item/240001798 HTTP/1.1" 200 20 "https://apkmodguru.com/buy.php?item/240000728" "Mozilla/5.0 AppleWebKit/537.36 (KHTML, like Gecko; compatible; GPTBot/1.4; +https://openai.com/gptbot)"
74.7.242.38 - - [06/Jul/2026:10:05:26 -0400] "GET /buy.php?item/232001622 HTTP/1.1" 200 19230 "https://apkmodguru.com/buy.php?shopping/232005169" "Mozilla/5.0 AppleWebKit/537.36 (KHTML, like Gecko; compatible; GPTBot/1.4; +https://openai.com/gptbot)"
74.7.242.38 - - [06/Jul/2026:10:05:27 -0400] "GET /buy.php?item/045002053 HTTP/1.1" 200 19775 "https://apkmodguru.com/buy.php?item/200043052" "Mozilla/5.0 AppleWebKit/537.36 (KHTML, like Gecko; compatible; GPTBot/1.4; +https://openai.com/gptbot)"
74.7.242.38 - - [06/Jul/2026:10:05:27 -0400] "GET /buy.php?item/110016714 HTTP/1.1" 200 19353 "https://apkmodguru.com/buy.php?item/100034848" "Mozilla/5.0 AppleWebKit/537.36 (KHTML, like Gecko; compatible; GPTBot/1.4; +https://openai.com/gptbot)"
74.7.242.38 - - [06/Jul/2026:10:05:28 -0400] "GET /buy.php?item/069005991 HTTP/1.1" 200 19453 "https://apkmodguru.com/buy.php?item/069005979" "Mozilla/5.0 AppleWebKit/537.36 (KHTML, like Gecko; compatible; GPTBot/1.4; +https://openai.com/gptbot)"
74.7.242.38 - - [06/Jul/2026:10:05:29 -0400] "GET /buy.php?item/214033000 HTTP/1.1" 200 19873 "https://apkmodguru.com/buy.php?item/214000434" "Mozilla/5.0 AppleWebKit/537.36 (KHTML, like Gecko; compatible; GPTBot/1.4; +https://openai.com/gptbot)"
74.7.242.38 - - [06/Jul/2026:10:05:29 -0400] "GET /buy.php?item/100028110 HTTP/1.1" 200 19943 "https://apkmodguru.com/buy.php?item/100031186" "Mozilla/5.0 AppleWebKit/537.36 (KHTML, like Gecko; compatible; GPTBot/1.4; +https://openai.com/gptbot)"
74.7.242.38 - - [06/Jul/2026:10:05:30 -0400] "GET /buy.php?item/210006628 HTTP/1.1" 200 19631 "https://apkmodguru.com/buy.php?item/030043860" "Mozilla/5.0 AppleWebKit/537.36 (KHTML, like Gecko; compatible; GPTBot/1.4; +https://openai.com/gptbot)"
74.7.242.38 - - [06/Jul/2026:10:05:31 -0400] "GET /buy.php?item/230001676 HTTP/1.1" 200 20045 "https://apkmodguru.com/buy.php?item/047039995" "Mozilla/5.0 AppleWebKit/537.36 (KHTML, like Gecko; compatible; GPTBot/1.4; +https://openai.com/gptbot)"
74.7.242.38 - - [06/Jul/2026:10:05:35 -0400] "GET /buy.php?item/245000293 HTTP/1.1" 200 19926 "https://apkmodguru.com/buy.php?item/245015111" "Mozilla/5.0 AppleWebKit/537.36 (KHTML, like Gecko; compatible; GPTBot/1.4; +https://openai.com/gptbot)"
74.7.242.38 - - [06/Jul/2026:10:05:35 -0400] "GET /buy.php?item/230014888 HTTP/1.1" 200 19392 "https://apkmodguru.com/buy.php?item/230005086" "Mozilla/5.0 AppleWebKit/537.36 (KHTML, like Gecko; compatible; GPTBot/1.4; +https://openai.com/gptbot)"
74.7.242.38 - - [06/Jul/2026:10:05:38 -0400] "GET /buy.php?item/245000295 HTTP/1.1" 200 19337 "https://apkmodguru.com/buy.php?item/245015111" "Mozilla/5.0 AppleWebKit/537.36 (KHTML, like Gecko; compatible; GPTBot/1.4; +https://openai.com/gptbot)"
74.7.242.38 - - [06/Jul/2026:10:05:42 -0400] "GET /buy.php?item/113001993 HTTP/1.1" 200 19475 "https://apkmodguru.com/buy.php?item/144009460" "Mozilla/5.0 AppleWebKit/537.36 (KHTML, like Gecko; compatible; GPTBot/1.4; +https://openai.com/gptbot)"
74.7.242.38 - - [06/Jul/2026:10:05:43 -0400] "GET /buy.php?item/144047200 HTTP/1.1" 200 19502 "https://apkmodguru.com/buy.php?item/100031186" "Mozilla/5.0 AppleWebKit/537.36 (KHTML, like Gecko; compatible; GPTBot/1.4; +https://openai.com/gptbot)"
185.191.171.9 - - [06/Jul/2026:10:05:43 -0400] "GET /?items%2FG59858267375%2F HTTP/1.1" 200 0 "-" "Mozilla/5.0 (compatible; SemrushBot/7~bl; +http://www.semrush.com/bot.html)"
85.208.96.203 - - [06/Jul/2026:10:05:46 -0400] "GET /?items%2FT19987213365%2F HTTP/1.1" 200 0 "-" "Mozilla/5.0 (compatible; SemrushBot/7~bl; +http://www.semrush.com/bot.html)"
66.249.77.35 - - [06/Jul/2026:10:05:47 -0400] "GET /items/G894356549/ HTTP/1.1" 200 19501 "-" "Mozilla/5.0 (Linux; Android 6.0.1; Nexus 5X Build/MMB29P) AppleWebKit/537.36 (KHTML, like Gecko) Chrome/150.0.7871.46 Mobile Safari/537.36 (compatible; Googlebot/2.1; +http://www.google.com/bot.html)"
74.7.242.38 - - [06/Jul/2026:10:05:44 -0400] "GET /buy.php?item/054027916 HTTP/1.1" 200 20 "https://apkmodguru.com/buy.php?item/200043050" "Mozilla/5.0 AppleWebKit/537.36 (KHTML, like Gecko; compatible; GPTBot/1.4; +https://openai.com/gptbot)"
85.208.96.199 - - [06/Jul/2026:10:06:04 -0400] "GET /?items%2FO4239419163%2F HTTP/1.1" 200 0 "-" "Mozilla/5.0 (compatible; SemrushBot/7~bl; +http://www.semrush.com/bot.html)"
185.191.171.11 - - [06/Jul/2026:10:06:20 -0400] "GET /?items%2FM28274196577%2F HTTP/1.1" 200 0 "-" "Mozilla/5.0 (compatible; SemrushBot/7~bl; +http://www.semrush.com/bot.html)"
74.7.242.38 - - [06/Jul/2026:10:06:03 -0400] "GET /buy.php?item/069034009 HTTP/1.1" 200 20 "https://apkmodguru.com/buy.php?item/069005991" "Mozilla/5.0 AppleWebKit/537.36 (KHTML, like Gecko; compatible; GPTBot/1.4; +https://openai.com/gptbot)"
74.7.242.38 - - [06/Jul/2026:10:06:23 -0400] "GET /buy.php?item/170009680 HTTP/1.1" 200 19544 "https://apkmodguru.com/buy.php?item/214033000" "Mozilla/5.0 AppleWebKit/537.36 (KHTML, like Gecko; compatible; GPTBot/1.4; +https://openai.com/gptbot)"
74.7.242.38 - - [06/Jul/2026:10:06:24 -0400] "GET /buy.php?item/100003536 HTTP/1.1" 200 20819 "https://apkmodguru.com/buy.php?item/100028110" "Mozilla/5.0 AppleWebKit/537.36 (KHTML, like Gecko; compatible; GPTBot/1.4; +https://openai.com/gptbot)"
74.7.242.38 - - [06/Jul/2026:10:06:24 -0400] "GET /buy.php?item/100003534 HTTP/1.1" 200 20764 "https://apkmodguru.com/buy.php?item/100028110" "Mozilla/5.0 AppleWebKit/537.36 (KHTML, like Gecko; compatible; GPTBot/1.4; +https://openai.com/gptbot)"
74.7.242.38 - - [06/Jul/2026:10:06:25 -0400] "GET /buy.php?item/210011704 HTTP/1.1" 200 19318 "https://apkmodguru.com/buy.php?item/210006628" "Mozilla/5.0 AppleWebKit/537.36 (KHTML, like Gecko; compatible; GPTBot/1.4; +https://openai.com/gptbot)"
74.7.242.38 - - [06/Jul/2026:10:06:26 -0400] "GET /buy.php?item/128005946 HTTP/1.1" 200 19653 "https://apkmodguru.com/buy.php?item/222035068" "Mozilla/5.0 AppleWebKit/537.36 (KHTML, like Gecko; compatible; GPTBot/1.4; +https://openai.com/gptbot)"
74.7.242.38 - - [06/Jul/2026:10:06:27 -0400] "GET /buy.php?item/134018562 HTTP/1.1" 200 20357 "https://apkmodguru.com/buy.php?item/134005296" "Mozilla/5.0 AppleWebKit/537.36 (KHTML, like Gecko; compatible; GPTBot/1.4; +https://openai.com/gptbot)"
74.7.242.38 - - [06/Jul/2026:10:06:30 -0400] "GET /buy.php?item/245000275 HTTP/1.1" 200 19950 "https://apkmodguru.com/buy.php?item/245000295" "Mozilla/5.0 AppleWebKit/537.36 (KHTML, like Gecko; compatible; GPTBot/1.4; +https://openai.com/gptbot)"
74.7.242.38 - - [06/Jul/2026:10:06:30 -0400] "GET /buy.php?shopping/113039732 HTTP/1.1" 200 19298 "https://apkmodguru.com/buy.php?item/113001993" "Mozilla/5.0 AppleWebKit/537.36 (KHTML, like Gecko; compatible; GPTBot/1.4; +https://openai.com/gptbot)"
185.191.171.5 - - [06/Jul/2026:10:06:40 -0400] "GET /?items%2FO87712262434%2F HTTP/1.1" 200 0 "-" "Mozilla/5.0 (compatible; SemrushBot/7~bl; +http://www.semrush.com/bot.html)"
74.7.242.38 - - [06/Jul/2026:10:06:35 -0400] "GET /buy.php?item/245000277 HTTP/1.1" 200 19409 "https://apkmodguru.com/buy.php?item/245000295" "Mozilla/5.0 AppleWebKit/537.36 (KHTML, like Gecko; compatible; GPTBot/1.4; +https://openai.com/gptbot)"
74.7.242.38 - - [06/Jul/2026:10:06:41 -0400] "GET /buy.php?item/253000187 HTTP/1.1" 200 20371 "https://apkmodguru.com/buy.php?item/144047200" "Mozilla/5.0 AppleWebKit/537.36 (KHTML, like Gecko; compatible; GPTBot/1.4; +https://openai.com/gptbot)"
74.7.242.38 - - [06/Jul/2026:10:06:42 -0400] "GET /buy.php?item/113039733 HTTP/1.1" 200 20390 "https://apkmodguru.com/buy.php?item/113001993" "Mozilla/5.0 AppleWebKit/537.36 (KHTML, like Gecko; compatible; GPTBot/1.4; +https://openai.com/gptbot)"
74.7.242.38 - - [06/Jul/2026:10:06:43 -0400] "GET /buy.php?item/217017771 HTTP/1.1" 200 20210 "https://apkmodguru.com/buy.php?item/170009680" "Mozilla/5.0 AppleWebKit/537.36 (KHTML, like Gecko; compatible; GPTBot/1.4; +https://openai.com/gptbot)"
74.7.242.38 - - [06/Jul/2026:10:06:44 -0400] "GET /buy.php?item/100028086 HTTP/1.1" 200 20091 "https://apkmodguru.com/buy.php?item/100003536" "Mozilla/5.0 AppleWebKit/537.36 (KHTML, like Gecko; compatible; GPTBot/1.4; +https://openai.com/gptbot)"
74.7.242.38 - - [06/Jul/2026:10:06:45 -0400] "GET /buy.php?item/100047682 HTTP/1.1" 200 20854 "https://apkmodguru.com/buy.php?item/100003534" "Mozilla/5.0 AppleWebKit/537.36 (KHTML, like Gecko; compatible; GPTBot/1.4; +https://openai.com/gptbot)"
74.7.242.38 - - [06/Jul/2026:10:06:45 -0400] "GET /buy.php?item/100047680 HTTP/1.1" 200 20017 "https://apkmodguru.com/buy.php?item/100003534" "Mozilla/5.0 AppleWebKit/537.36 (KHTML, like Gecko; compatible; GPTBot/1.4; +https://openai.com/gptbot)"
74.7.242.38 - - [06/Jul/2026:10:06:47 -0400] "GET /buy.php?item/210003656 HTTP/1.1" 200 19470 "https://apkmodguru.com/buy.php?item/210011704" "Mozilla/5.0 AppleWebKit/537.36 (KHTML, like Gecko; compatible; GPTBot/1.4; +https://openai.com/gptbot)"
74.7.242.38 - - [06/Jul/2026:10:06:59 -0400] "GET /buy.php?item/218000688 HTTP/1.1" 200 19575 "https://apkmodguru.com/buy.php?item/134018562" "Mozilla/5.0 AppleWebKit/537.36 (KHTML, like Gecko; compatible; GPTBot/1.4; +https://openai.com/gptbot)"
74.7.242.38 - - [06/Jul/2026:10:06:59 -0400] "GET /buy.php?item/245000299 HTTP/1.1" 200 20034 "https://apkmodguru.com/buy.php?item/245000275" "Mozilla/5.0 AppleWebKit/537.36 (KHTML, like Gecko; compatible; GPTBot/1.4; +https://openai.com/gptbot)"
74.7.242.38 - - [06/Jul/2026:10:07:00 -0400] "GET /buy.php?item/120007856 HTTP/1.1" 200 19429 "https://apkmodguru.com/buy.php?shopping/113039732" "Mozilla/5.0 AppleWebKit/537.36 (KHTML, like Gecko; compatible; GPTBot/1.4; +https://openai.com/gptbot)"
74.7.242.38 - - [06/Jul/2026:10:07:01 -0400] "GET /buy.php?item/134029468 HTTP/1.1" 200 20487 "https://apkmodguru.com/buy.php?item/134018562" "Mozilla/5.0 AppleWebKit/537.36 (KHTML, like Gecko; compatible; GPTBot/1.4; +https://openai.com/gptbot)"
185.191.171.8 - - [06/Jul/2026:10:07:06 -0400] "GET /?items%2FJ9847145858%2F HTTP/1.1" 200 0 "-" "Mozilla/5.0 (compatible; SemrushBot/7~bl; +http://www.semrush.com/bot.html)"
185.191.171.2 - - [06/Jul/2026:10:07:08 -0400] "GET /?items%2FJ98471200112%2F HTTP/1.1" 200 0 "-" "Mozilla/5.0 (compatible; SemrushBot/7~bl; +http://www.semrush.com/bot.html)"
192.178.6.103 - - [06/Jul/2026:10:07:10 -0400] "GET /index.php?items/D383913342/ HTTP/1.1" 200 19296 "-" "Mozilla/5.0 (Linux; Android 6.0.1; Nexus 5X Build/MMB29P) AppleWebKit/537.36 (KHTML, like Gecko) Chrome/150.0.7871.46 Mobile Safari/537.36 (compatible; Googlebot/2.1; +http://www.google.com/bot.html)"
192.178.6.103 - - [06/Jul/2026:10:07:10 -0400] "GET /items/U083020724/ HTTP/1.1" 200 19374 "-" "Mozilla/5.0 (Linux; Android 6.0.1; Nexus 5X Build/MMB29P) AppleWebKit/537.36 (KHTML, like Gecko) Chrome/150.0.7871.46 Mobile Safari/537.36 (compatible; Googlebot/2.1; +http://www.google.com/bot.html)"
185.191.171.8 - - [06/Jul/2026:10:07:17 -0400] "GET /?items%2FO6855017204%2F HTTP/1.1" 200 0 "-" "Mozilla/5.0 (compatible; SemrushBot/7~bl; +http://www.semrush.com/bot.html)"
74.7.242.38 - - [06/Jul/2026:10:07:02 -0400] "GET /buy.php?item/137046279 HTTP/1.1" 200 20 "https://apkmodguru.com/buy.php?item/134005296" "Mozilla/5.0 AppleWebKit/537.36 (KHTML, like Gecko; compatible; GPTBot/1.4; +https://openai.com/gptbot)"
74.7.242.38 - - [06/Jul/2026:10:07:21 -0400] "GET /buy.php?item/253046471 HTTP/1.1" 200 19877 "https://apkmodguru.com/buy.php?item/253000187" "Mozilla/5.0 AppleWebKit/537.36 (KHTML, like Gecko; compatible; GPTBot/1.4; +https://openai.com/gptbot)"
85.208.96.210 - - [06/Jul/2026:10:07:37 -0400] "GET /?items%2FO42394257203%2F HTTP/1.1" 200 0 "-" "Mozilla/5.0 (compatible; SemrushBot/7~bl; +http://www.semrush.com/bot.html)"
74.7.242.38 - - [06/Jul/2026:10:07:22 -0400] "GET /buy.php?item/278021596 HTTP/1.1" 200 20 "https://apkmodguru.com/buy.php?item/290008976" "Mozilla/5.0 AppleWebKit/537.36 (KHTML, like Gecko; compatible; GPTBot/1.4; +https://openai.com/gptbot)"
74.7.242.38 - - [06/Jul/2026:10:07:42 -0400] "GET /buy.php?item/174037526 HTTP/1.1" 200 19380 "https://apkmodguru.com/buy.php?item/174036668" "Mozilla/5.0 AppleWebKit/537.36 (KHTML, like Gecko; compatible; GPTBot/1.4; +https://openai.com/gptbot)"
185.191.171.4 - - [06/Jul/2026:10:07:44 -0400] "GET /?items%2FO87712127497%2F HTTP/1.1" 200 0 "-" "Mozilla/5.0 (compatible; SemrushBot/7~bl; +http://www.semrush.com/bot.html)"
74.7.242.38 - - [06/Jul/2026:10:07:44 -0400] "GET /buy.php?item/100030944 HTTP/1.1" 200 19519 "https://apkmodguru.com/buy.php?item/100047682" "Mozilla/5.0 AppleWebKit/537.36 (KHTML, like Gecko; compatible; GPTBot/1.4; +https://openai.com/gptbot)"
74.7.242.38 - - [06/Jul/2026:10:07:44 -0400] "GET /buy.php?item/100030938 HTTP/1.1" 200 19501 "https://apkmodguru.com/buy.php?item/100047680" "Mozilla/5.0 AppleWebKit/537.36 (KHTML, like Gecko; compatible; GPTBot/1.4; +https://openai.com/gptbot)"
74.7.242.38 - - [06/Jul/2026:10:07:45 -0400] "GET /buy.php?item/172043196 HTTP/1.1" 200 20343 "https://apkmodguru.com/buy.php?item/245000293" "Mozilla/5.0 AppleWebKit/537.36 (KHTML, like Gecko; compatible; GPTBot/1.4; +https://openai.com/gptbot)"
