85.208.96.209 - - [06/Jul/2026:09:20:59 -0400] "GET /?items%2FD55487132765%2F HTTP/1.1" 200 0 "-" "Mozilla/5.0 (compatible; SemrushBot/7~bl; +http://www.semrush.com/bot.html)"
74.7.242.38 - - [06/Jul/2026:09:20:49 -0400] "GET /buy.php?item/050008276 HTTP/1.1" 200 20 "https://apkmodguru.com/buy.php?item/050017388" "Mozilla/5.0 AppleWebKit/537.36 (KHTML, like Gecko; compatible; GPTBot/1.4; +https://openai.com/gptbot)"
74.7.242.38 - - [06/Jul/2026:09:21:09 -0400] "GET /buy.php?item/070002178 HTTP/1.1" 200 19750 "https://apkmodguru.com/buy.php?item/070008840" "Mozilla/5.0 AppleWebKit/537.36 (KHTML, like Gecko; compatible; GPTBot/1.4; +https://openai.com/gptbot)"
74.7.242.38 - - [06/Jul/2026:09:21:10 -0400] "GET /buy.php?item/243000543 HTTP/1.1" 200 19108 "https://apkmodguru.com/buy.php?item/050017388" "Mozilla/5.0 AppleWebKit/537.36 (KHTML, like Gecko; compatible; GPTBot/1.4; +https://openai.com/gptbot)"
74.7.242.38 - - [06/Jul/2026:09:21:10 -0400] "GET /buy.php?item/136019528 HTTP/1.1" 200 19553 "https://apkmodguru.com/buy.php?item/300025246" "Mozilla/5.0 AppleWebKit/537.36 (KHTML, like Gecko; compatible; GPTBot/1.4; +https://openai.com/gptbot)"
74.7.242.38 - - [06/Jul/2026:09:21:11 -0400] "GET /buy.php?item/243022933 HTTP/1.1" 200 19213 "https://apkmodguru.com/buy.php?shopping/100027771" "Mozilla/5.0 AppleWebKit/537.36 (KHTML, like Gecko; compatible; GPTBot/1.4; +https://openai.com/gptbot)"
74.7.242.38 - - [06/Jul/2026:09:21:12 -0400] "GET /buy.php?item/266031748 HTTP/1.1" 200 19828 "https://apkmodguru.com/buy.php?item/096000782" "Mozilla/5.0 AppleWebKit/537.36 (KHTML, like Gecko; compatible; GPTBot/1.4; +https://openai.com/gptbot)"
74.7.242.38 - - [06/Jul/2026:09:21:13 -0400] "GET /buy.php?item/283016757 HTTP/1.1" 200 19615 "https://apkmodguru.com/buy.php?item/222014364" "Mozilla/5.0 AppleWebKit/537.36 (KHTML, like Gecko; compatible; GPTBot/1.4; +https://openai.com/gptbot)"
74.7.242.38 - - [06/Jul/2026:09:21:18 -0400] "GET /buy.php?item/213041867 HTTP/1.1" 200 20113 "https://apkmodguru.com/buy.php?item/300006372" "Mozilla/5.0 AppleWebKit/537.36 (KHTML, like Gecko; compatible; GPTBot/1.4; +https://openai.com/gptbot)"
74.7.242.38 - - [06/Jul/2026:09:21:19 -0400] "GET /buy.php?item/284038176 HTTP/1.1" 200 20498 "https://apkmodguru.com/buy.php?item/300023724" "Mozilla/5.0 AppleWebKit/537.36 (KHTML, like Gecko; compatible; GPTBot/1.4; +https://openai.com/gptbot)"
192.178.6.103 - - [06/Jul/2026:09:21:19 -0400] "GET /index.php?items/D065083795/ HTTP/1.1" 200 19344 "-" "Mozilla/5.0 (Linux; Android 6.0.1; Nexus 5X Build/MMB29P) AppleWebKit/537.36 (KHTML, like Gecko) Chrome/150.0.7871.46 Mobile Safari/537.36 (compatible; Googlebot/2.1; +http://www.google.com/bot.html)"
66.249.77.35 - - [06/Jul/2026:09:21:20 -0400] "GET /items/D574391601 HTTP/1.1" 200 19633 "-" "Mozilla/5.0 (Linux; Android 6.0.1; Nexus 5X Build/MMB29P) AppleWebKit/537.36 (KHTML, like Gecko) Chrome/150.0.7871.46 Mobile Safari/537.36 (compatible; Googlebot/2.1; +http://www.google.com/bot.html)"
66.249.77.33 - - [06/Jul/2026:09:21:20 -0400] "GET /items/V463241095/ HTTP/1.1" 200 20645 "-" "Mozilla/5.0 (Linux; Android 6.0.1; Nexus 5X Build/MMB29P) AppleWebKit/537.36 (KHTML, like Gecko) Chrome/150.0.7871.46 Mobile Safari/537.36 (compatible; Googlebot/2.1; +http://www.google.com/bot.html)"
185.191.171.3 - - [06/Jul/2026:09:21:38 -0400] "GET /?items%2FO4239480754%2F HTTP/1.1" 200 0 "-" "Mozilla/5.0 (compatible; SemrushBot/7~bl; +http://www.semrush.com/bot.html)"
74.7.242.38 - - [06/Jul/2026:09:21:20 -0400] "GET /buy.php?item/163009425 HTTP/1.1" 200 20 "https://apkmodguru.com/buy.php?item/100045184" "Mozilla/5.0 AppleWebKit/537.36 (KHTML, like Gecko; compatible; GPTBot/1.4; +https://openai.com/gptbot)"
74.7.242.38 - - [06/Jul/2026:09:21:40 -0400] "GET /buy.php?shopping/071023696 HTTP/1.1" 200 19426 "https://apkmodguru.com/buy.php?item/050008278" "Mozilla/5.0 AppleWebKit/537.36 (KHTML, like Gecko; compatible; GPTBot/1.4; +https://openai.com/gptbot)"
185.191.171.16 - - [06/Jul/2026:09:21:50 -0400] "GET /?items%2FO42394155622%2F HTTP/1.1" 200 0 "-" "Mozilla/5.0 (compatible; SemrushBot/7~bl; +http://www.semrush.com/bot.html)"
185.191.171.8 - - [06/Jul/2026:09:21:52 -0400] "GET /?items%2FJ98471180406%2F HTTP/1.1" 200 0 "-" "Mozilla/5.0 (compatible; SemrushBot/7~bl; +http://www.semrush.com/bot.html)"
74.7.242.38 - - [06/Jul/2026:09:21:41 -0400] "GET /buy.php?item/298042002 HTTP/1.1" 200 20518 "https://apkmodguru.com/buy.php?item/265044425" "Mozilla/5.0 AppleWebKit/537.36 (KHTML, like Gecko; compatible; GPTBot/1.4; +https://openai.com/gptbot)"
85.208.96.207 - - [06/Jul/2026:09:21:55 -0400] "GET /?items%2FT19987201925%2F HTTP/1.1" 200 0 "-" "Mozilla/5.0 (compatible; SemrushBot/7~bl; +http://www.semrush.com/bot.html)"
74.7.242.38 - - [06/Jul/2026:09:21:53 -0400] "GET /buy.php?item/134000180 HTTP/1.1" 200 19803 "https://apkmodguru.com/buy.php?item/134000186" "Mozilla/5.0 AppleWebKit/537.36 (KHTML, like Gecko; compatible; GPTBot/1.4; +https://openai.com/gptbot)"
85.208.96.201 - - [06/Jul/2026:09:22:12 -0400] "GET /?items%2FO4239466373%2F HTTP/1.1" 200 0 "-" "Mozilla/5.0 (compatible; SemrushBot/7~bl; +http://www.semrush.com/bot.html)"
51.222.168.147 - - [06/Jul/2026:09:22:14 -0400] "GET /robots.txt HTTP/1.1" 200 106 "-" "Mozilla/5.0 (compatible; AhrefsBot/7.0; +http://ahrefs.com/robot/)"
167.114.139.87 - - [06/Jul/2026:09:22:16 -0400] "GET /?sitemap398.xml HTTP/1.1" 200 17 "-" "Mozilla/5.0 (compatible; AhrefsBot/7.0; +http://ahrefs.com/robot/)"
85.208.96.208 - - [06/Jul/2026:09:22:17 -0400] "GET /?items%2FO6855087736%2F HTTP/1.1" 200 0 "-" "Mozilla/5.0 (compatible; SemrushBot/7~bl; +http://www.semrush.com/bot.html)"
74.7.242.38 - - [06/Jul/2026:09:21:59 -0400] "GET /buy.php?item/111008491 HTTP/1.1" 200 20 "https://apkmodguru.com/buy.php?item/111008489" "Mozilla/5.0 AppleWebKit/537.36 (KHTML, like Gecko; compatible; GPTBot/1.4; +https://openai.com/gptbot)"
74.7.242.38 - - [06/Jul/2026:09:22:19 -0400] "GET /buy.php?item/243000533 HTTP/1.1" 200 19115 "https://apkmodguru.com/buy.php?item/243000543" "Mozilla/5.0 AppleWebKit/537.36 (KHTML, like Gecko; compatible; GPTBot/1.4; +https://openai.com/gptbot)"
74.7.242.38 - - [06/Jul/2026:09:22:19 -0400] "GET /buy.php?item/265044419 HTTP/1.1" 200 19375 "https://apkmodguru.com/buy.php?item/265044425" "Mozilla/5.0 AppleWebKit/537.36 (KHTML, like Gecko; compatible; GPTBot/1.4; +https://openai.com/gptbot)"
74.7.242.38 - - [06/Jul/2026:09:22:20 -0400] "GET /buy.php?item/190006054 HTTP/1.1" 200 19310 "https://apkmodguru.com/buy.php?item/136019528" "Mozilla/5.0 AppleWebKit/537.36 (KHTML, like Gecko; compatible; GPTBot/1.4; +https://openai.com/gptbot)"
85.208.96.212 - - [06/Jul/2026:09:22:31 -0400] "GET /?items%2FO8771277236%2F HTTP/1.1" 200 0 "-" "Mozilla/5.0 (compatible; SemrushBot/7~bl; +http://www.semrush.com/bot.html)"
85.208.96.209 - - [06/Jul/2026:09:22:34 -0400] "GET /?items%2FD55487276679%2F HTTP/1.1" 200 0 "-" "Mozilla/5.0 (compatible; SemrushBot/7~bl; +http://www.semrush.com/bot.html)"
185.191.171.1 - - [06/Jul/2026:09:22:36 -0400] "GET /?items%2FD5548727176%2F HTTP/1.1" 200 0 "-" "Mozilla/5.0 (compatible; SemrushBot/7~bl; +http://www.semrush.com/bot.html)"
74.7.242.38 - - [06/Jul/2026:09:22:21 -0400] "GET /buy.php?item/134000178 HTTP/1.1" 200 20 "https://apkmodguru.com/buy.php?item/134000186" "Mozilla/5.0 AppleWebKit/537.36 (KHTML, like Gecko; compatible; GPTBot/1.4; +https://openai.com/gptbot)"
74.7.242.38 - - [06/Jul/2026:09:22:40 -0400] "GET /buy.php?item/034022222 HTTP/1.1" 200 20342 "https://apkmodguru.com/buy.php?item/213041867" "Mozilla/5.0 AppleWebKit/537.36 (KHTML, like Gecko; compatible; GPTBot/1.4; +https://openai.com/gptbot)"
74.7.242.38 - - [06/Jul/2026:09:22:41 -0400] "GET /buy.php?item/200045498 HTTP/1.1" 200 20266 "https://apkmodguru.com/buy.php?item/200032788" "Mozilla/5.0 AppleWebKit/537.36 (KHTML, like Gecko; compatible; GPTBot/1.4; +https://openai.com/gptbot)"
74.7.242.38 - - [06/Jul/2026:09:22:42 -0400] "GET /buy.php?item/243000531 HTTP/1.1" 200 19490 "https://apkmodguru.com/buy.php?item/243000543" "Mozilla/5.0 AppleWebKit/537.36 (KHTML, like Gecko; compatible; GPTBot/1.4; +https://openai.com/gptbot)"
74.7.242.38 - - [06/Jul/2026:09:22:43 -0400] "GET /buy.php?item/071027523 HTTP/1.1" 200 19292 "https://apkmodguru.com/buy.php?shopping/071023696" "Mozilla/5.0 AppleWebKit/537.36 (KHTML, like Gecko; compatible; GPTBot/1.4; +https://openai.com/gptbot)"
74.7.242.38 - - [06/Jul/2026:09:22:44 -0400] "GET /buy.php?item/144042084 HTTP/1.1" 200 19375 "https://apkmodguru.com/buy.php?item/283016757" "Mozilla/5.0 AppleWebKit/537.36 (KHTML, like Gecko; compatible; GPTBot/1.4; +https://openai.com/gptbot)"
74.7.242.38 - - [06/Jul/2026:09:22:44 -0400] "GET /buy.php?item/074006662 HTTP/1.1" 200 19618 "https://apkmodguru.com/buy.php?item/134000180" "Mozilla/5.0 AppleWebKit/537.36 (KHTML, like Gecko; compatible; GPTBot/1.4; +https://openai.com/gptbot)"
74.7.242.38 - - [06/Jul/2026:09:22:45 -0400] "GET /buy.php?item/176025558 HTTP/1.1" 200 19306 "https://apkmodguru.com/buy.php?item/134000180" "Mozilla/5.0 AppleWebKit/537.36 (KHTML, like Gecko; compatible; GPTBot/1.4; +https://openai.com/gptbot)"
74.7.242.38 - - [06/Jul/2026:09:22:46 -0400] "GET /buy.php?item/243000541 HTTP/1.1" 200 19141 "https://apkmodguru.com/buy.php?item/243000533" "Mozilla/5.0 AppleWebKit/537.36 (KHTML, like Gecko; compatible; GPTBot/1.4; +https://openai.com/gptbot)"
192.178.6.103 - - [06/Jul/2026:09:22:46 -0400] "GET /index.php?items/T822969348/ HTTP/1.1" 200 18506 "-" "Mozilla/5.0 (Linux; Android 6.0.1; Nexus 5X Build/MMB29P) AppleWebKit/537.36 (KHTML, like Gecko) Chrome/150.0.7871.46 Mobile Safari/537.36 (compatible; Googlebot/2.1; +http://www.google.com/bot.html)"
74.7.242.38 - - [06/Jul/2026:09:22:47 -0400] "GET /buy.php?item/243000539 HTTP/1.1" 200 19132 "https://apkmodguru.com/buy.php?item/243000533" "Mozilla/5.0 AppleWebKit/537.36 (KHTML, like Gecko; compatible; GPTBot/1.4; +https://openai.com/gptbot)"
74.7.242.38 - - [06/Jul/2026:09:22:49 -0400] "GET /buy.php?item/213041865 HTTP/1.1" 200 20331 "https://apkmodguru.com/buy.php?item/213041867" "Mozilla/5.0 AppleWebKit/537.36 (KHTML, like Gecko; compatible; GPTBot/1.4; +https://openai.com/gptbot)"
74.7.242.38 - - [06/Jul/2026:09:22:49 -0400] "GET /buy.php?item/192048762 HTTP/1.1" 200 19534 "https://apkmodguru.com/buy.php?item/283016757" "Mozilla/5.0 AppleWebKit/537.36 (KHTML, like Gecko; compatible; GPTBot/1.4; +https://openai.com/gptbot)"
74.7.242.38 - - [06/Jul/2026:09:22:51 -0400] "GET /buy.php?item/284031958 HTTP/1.1" 200 19334 "https://apkmodguru.com/buy.php?item/284038176" "Mozilla/5.0 AppleWebKit/537.36 (KHTML, like Gecko; compatible; GPTBot/1.4; +https://openai.com/gptbot)"
74.7.242.38 - - [06/Jul/2026:09:22:52 -0400] "GET /buy.php?item/200033036 HTTP/1.1" 200 20331 "https://apkmodguru.com/buy.php?item/200045498" "Mozilla/5.0 AppleWebKit/537.36 (KHTML, like Gecko; compatible; GPTBot/1.4; +https://openai.com/gptbot)"
74.7.242.38 - - [06/Jul/2026:09:22:53 -0400] "GET /buy.php?item/202000866 HTTP/1.1" 200 20101 "https://apkmodguru.com/buy.php?item/243000531" "Mozilla/5.0 AppleWebKit/537.36 (KHTML, like Gecko; compatible; GPTBot/1.4; +https://openai.com/gptbot)"
74.7.242.38 - - [06/Jul/2026:09:22:53 -0400] "GET /buy.php?item/200033038 HTTP/1.1" 200 20435 "https://apkmodguru.com/buy.php?item/200045498" "Mozilla/5.0 AppleWebKit/537.36 (KHTML, like Gecko; compatible; GPTBot/1.4; +https://openai.com/gptbot)"
74.7.242.38 - - [06/Jul/2026:09:22:54 -0400] "GET /buy.php?item/243000535 HTTP/1.1" 200 19302 "https://apkmodguru.com/buy.php?item/243000531" "Mozilla/5.0 AppleWebKit/537.36 (KHTML, like Gecko; compatible; GPTBot/1.4; +https://openai.com/gptbot)"
74.7.242.38 - - [06/Jul/2026:09:22:55 -0400] "GET /buy.php?item/074032000 HTTP/1.1" 200 20558 "https://apkmodguru.com/buy.php?item/074006662" "Mozilla/5.0 AppleWebKit/537.36 (KHTML, like Gecko; compatible; GPTBot/1.4; +https://openai.com/gptbot)"
74.7.242.38 - - [06/Jul/2026:09:22:55 -0400] "GET /buy.php?item/177044481 HTTP/1.1" 200 19615 "https://apkmodguru.com/buy.php?item/074006662" "Mozilla/5.0 AppleWebKit/537.36 (KHTML, like Gecko; compatible; GPTBot/1.4; +https://openai.com/gptbot)"
74.7.242.38 - - [06/Jul/2026:09:22:56 -0400] "GET /buy.php?item/074032002 HTTP/1.1" 200 19187 "https://apkmodguru.com/buy.php?item/074006662" "Mozilla/5.0 AppleWebKit/537.36 (KHTML, like Gecko; compatible; GPTBot/1.4; +https://openai.com/gptbot)"
85.208.96.207 - - [06/Jul/2026:09:22:58 -0400] "GET /?items%2FM28274201862%2F HTTP/1.1" 200 0 "-" "Mozilla/5.0 (compatible; SemrushBot/7~bl; +http://www.semrush.com/bot.html)"
74.7.242.38 - - [06/Jul/2026:09:22:57 -0400] "GET /buy.php?item/140016118 HTTP/1.1" 200 19578 "https://apkmodguru.com/buy.php?item/200045498" "Mozilla/5.0 AppleWebKit/537.36 (KHTML, like Gecko; compatible; GPTBot/1.4; +https://openai.com/gptbot)"
74.7.242.38 - - [06/Jul/2026:09:23:00 -0400] "GET /buy.php?item/270001254 HTTP/1.1" 200 19310 "https://apkmodguru.com/buy.php?item/213041865" "Mozilla/5.0 AppleWebKit/537.36 (KHTML, like Gecko; compatible; GPTBot/1.4; +https://openai.com/gptbot)"
74.7.242.38 - - [06/Jul/2026:09:23:01 -0400] "GET /buy.php?item/095008051 HTTP/1.1" 200 19533 "https://apkmodguru.com/buy.php?item/192048762" "Mozilla/5.0 AppleWebKit/537.36 (KHTML, like Gecko; compatible; GPTBot/1.4; +https://openai.com/gptbot)"
74.7.242.38 - - [06/Jul/2026:09:23:02 -0400] "GET /buy.php?item/063013335 HTTP/1.1" 200 19647 "https://apkmodguru.com/buy.php?item/284031958" "Mozilla/5.0 AppleWebKit/537.36 (KHTML, like Gecko; compatible; GPTBot/1.4; +https://openai.com/gptbot)"
74.7.242.38 - - [06/Jul/2026:09:23:02 -0400] "GET /buy.php?item/200026956 HTTP/1.1" 200 20252 "https://apkmodguru.com/buy.php?item/200033036" "Mozilla/5.0 AppleWebKit/537.36 (KHTML, like Gecko; compatible; GPTBot/1.4; +https://openai.com/gptbot)"
192.178.6.103 - - [06/Jul/2026:09:23:05 -0400] "GET /index.php?items/J034963128 HTTP/1.1" 200 19294 "-" "Mozilla/5.0 (Linux; Android 6.0.1; Nexus 5X Build/MMB29P) AppleWebKit/537.36 (KHTML, like Gecko) Chrome/150.0.7871.46 Mobile Safari/537.36 (compatible; Googlebot/2.1; +http://www.google.com/bot.html)"
74.7.242.38 - - [06/Jul/2026:09:23:04 -0400] "GET /buy.php?item/200026954 HTTP/1.1" 200 20601 "https://apkmodguru.com/buy.php?item/200033036" "Mozilla/5.0 AppleWebKit/537.36 (KHTML, like Gecko; compatible; GPTBot/1.4; +https://openai.com/gptbot)"
74.7.242.38 - - [06/Jul/2026:09:23:05 -0400] "GET /buy.php?item/156000306 HTTP/1.1" 200 19713 "https://apkmodguru.com/buy.php?item/200033038" "Mozilla/5.0 AppleWebKit/537.36 (KHTML, like Gecko; compatible; GPTBot/1.4; +https://openai.com/gptbot)"
74.7.242.38 - - [06/Jul/2026:09:23:06 -0400] "GET /buy.php?item/200012070 HTTP/1.1" 200 20188 "https://apkmodguru.com/buy.php?item/200033038" "Mozilla/5.0 AppleWebKit/537.36 (KHTML, like Gecko; compatible; GPTBot/1.4; +https://openai.com/gptbot)"
74.7.242.38 - - [06/Jul/2026:09:23:07 -0400] "GET /buy.php?item/243000529 HTTP/1.1" 200 19517 "https://apkmodguru.com/buy.php?item/243000535" "Mozilla/5.0 AppleWebKit/537.36 (KHTML, like Gecko; compatible; GPTBot/1.4; +https://openai.com/gptbot)"
74.7.242.38 - - [06/Jul/2026:09:23:08 -0400] "GET /buy.php?item/075028913 HTTP/1.1" 200 18559 "https://apkmodguru.com/buy.php?item/298042002" "Mozilla/5.0 AppleWebKit/537.36 (KHTML, like Gecko; compatible; GPTBot/1.4; +https://openai.com/gptbot)"
74.7.242.38 - - [06/Jul/2026:09:23:08 -0400] "GET /buy.php?shopping/074026629 HTTP/1.1" 200 20127 "https://apkmodguru.com/buy.php?item/074032002" "Mozilla/5.0 AppleWebKit/537.36 (KHTML, like Gecko; compatible; GPTBot/1.4; +https://openai.com/gptbot)"
74.7.242.38 - - [06/Jul/2026:09:23:09 -0400] "GET /buy.php?item/195026373 HTTP/1.1" 200 19841 "https://apkmodguru.com/buy.php?item/195042677" "Mozilla/5.0 AppleWebKit/537.36 (KHTML, like Gecko; compatible; GPTBot/1.4; +https://openai.com/gptbot)"
185.191.171.7 - - [06/Jul/2026:09:23:15 -0400] "GET /?items%2FJ9847177494%2F HTTP/1.1" 200 0 "-" "Mozilla/5.0 (compatible; SemrushBot/7~bl; +http://www.semrush.com/bot.html)"
74.7.242.38 - - [06/Jul/2026:09:23:10 -0400] "GET /buy.php?item/270001262 HTTP/1.1" 200 19600 "https://apkmodguru.com/buy.php?item/270001254" "Mozilla/5.0 AppleWebKit/537.36 (KHTML, like Gecko; compatible; GPTBot/1.4; +https://openai.com/gptbot)"
74.7.242.38 - - [06/Jul/2026:09:23:18 -0400] "GET /buy.php?item/270001264 HTTP/1.1" 200 20153 "https://apkmodguru.com/buy.php?item/270001254" "Mozilla/5.0 AppleWebKit/537.36 (KHTML, like Gecko; compatible; GPTBot/1.4; +https://openai.com/gptbot)"
74.7.242.38 - - [06/Jul/2026:09:23:20 -0400] "GET /buy.php?item/095008053 HTTP/1.1" 200 19688 "https://apkmodguru.com/buy.php?item/095008051" "Mozilla/5.0 AppleWebKit/537.36 (KHTML, like Gecko; compatible; GPTBot/1.4; +https://openai.com/gptbot)"
74.7.242.38 - - [06/Jul/2026:09:23:20 -0400] "GET /buy.php?item/200045494 HTTP/1.1" 200 20739 "https://apkmodguru.com/buy.php?item/200026956" "Mozilla/5.0 AppleWebKit/537.36 (KHTML, like Gecko; compatible; GPTBot/1.4; +https://openai.com/gptbot)"
74.7.242.38 - - [06/Jul/2026:09:23:21 -0400] "GET /buy.php?item/200014644 HTTP/1.1" 200 19470 "https://apkmodguru.com/buy.php?item/200026954" "Mozilla/5.0 AppleWebKit/537.36 (KHTML, like Gecko; compatible; GPTBot/1.4; +https://openai.com/gptbot)"
74.7.242.38 - - [06/Jul/2026:09:23:22 -0400] "GET /buy.php?item/200045492 HTTP/1.1" 200 20382 "https://apkmodguru.com/buy.php?item/200026956" "Mozilla/5.0 AppleWebKit/537.36 (KHTML, like Gecko; compatible; GPTBot/1.4; +https://openai.com/gptbot)"
74.7.242.38 - - [06/Jul/2026:09:23:22 -0400] "GET /buy.php?item/200007738 HTTP/1.1" 200 20053 "https://apkmodguru.com/buy.php?item/200012070" "Mozilla/5.0 AppleWebKit/537.36 (KHTML, like Gecko; compatible; GPTBot/1.4; +https://openai.com/gptbot)"
185.191.171.16 - - [06/Jul/2026:09:23:37 -0400] "GET /?items%2FT1998727178%2F HTTP/1.1" 200 0 "-" "Mozilla/5.0 (compatible; SemrushBot/7~bl; +http://www.semrush.com/bot.html)"
66.249.77.35 - - [06/Jul/2026:09:23:41 -0400] "GET /items/B312839564/ HTTP/1.1" 200 19498 "-" "Mozilla/5.0 (Linux; Android 6.0.1; Nexus 5X Build/MMB29P) AppleWebKit/537.36 (KHTML, like Gecko) Chrome/150.0.7871.46 Mobile Safari/537.36 (compatible; Googlebot/2.1; +http://www.google.com/bot.html)"
74.7.242.38 - - [06/Jul/2026:09:23:23 -0400] "GET /buy.php?item/200007740 HTTP/1.1" 200 20 "https://apkmodguru.com/buy.php?item/200012070" "Mozilla/5.0 AppleWebKit/537.36 (KHTML, like Gecko; compatible; GPTBot/1.4; +https://openai.com/gptbot)"
74.7.242.38 - - [06/Jul/2026:09:23:43 -0400] "GET /buy.php?item/200045496 HTTP/1.1" 200 19259 "https://apkmodguru.com/buy.php?item/200026956" "Mozilla/5.0 AppleWebKit/537.36 (KHTML, like Gecko; compatible; GPTBot/1.4; +https://openai.com/gptbot)"
74.7.242.38 - - [06/Jul/2026:09:23:44 -0400] "GET /buy.php?item/200014642 HTTP/1.1" 200 20369 "https://apkmodguru.com/buy.php?item/200026954" "Mozilla/5.0 AppleWebKit/537.36 (KHTML, like Gecko; compatible; GPTBot/1.4; +https://openai.com/gptbot)"
74.7.242.38 - - [06/Jul/2026:09:23:45 -0400] "GET /buy.php?item/062044026 HTTP/1.1" 200 19848 "https://apkmodguru.com/buy.php?item/156000306" "Mozilla/5.0 AppleWebKit/537.36 (KHTML, like Gecko; compatible; GPTBot/1.4; +https://openai.com/gptbot)"
74.7.242.38 - - [06/Jul/2026:09:23:45 -0400] "GET /buy.php?item/270001260 HTTP/1.1" 200 19086 "https://apkmodguru.com/buy.php?item/270001262" "Mozilla/5.0 AppleWebKit/537.36 (KHTML, like Gecko; compatible; GPTBot/1.4; +https://openai.com/gptbot)"
74.7.242.38 - - [06/Jul/2026:09:23:46 -0400] "GET /buy.php?item/285000291 HTTP/1.1" 200 19752 "https://apkmodguru.com/buy.php?item/270001262" "Mozilla/5.0 AppleWebKit/537.36 (KHTML, like Gecko; compatible; GPTBot/1.4; +https://openai.com/gptbot)"
85.208.96.193 - - [06/Jul/2026:09:24:03 -0400] "GET /?items%2FG59858168551%2F HTTP/1.1" 200 0 "-" "Mozilla/5.0 (compatible; SemrushBot/7~bl; +http://www.semrush.com/bot.html)"
185.191.171.15 - - [06/Jul/2026:09:24:06 -0400] "GET /?items%2FO68550197474%2F HTTP/1.1" 200 0 "-" "Mozilla/5.0 (compatible; SemrushBot/7~bl; +http://www.semrush.com/bot.html)"
74.7.242.38 - - [06/Jul/2026:09:23:50 -0400] "GET /buy.php?item/152027368 HTTP/1.1" 200 20 "https://apkmodguru.com/buy.php?item/300014944" "Mozilla/5.0 AppleWebKit/537.36 (KHTML, like Gecko; compatible; GPTBot/1.4; +https://openai.com/gptbot)"
74.7.242.38 - - [06/Jul/2026:09:24:10 -0400] "GET /buy.php?item/200012954 HTTP/1.1" 200 20621 "https://apkmodguru.com/buy.php?item/200045494" "Mozilla/5.0 AppleWebKit/537.36 (KHTML, like Gecko; compatible; GPTBot/1.4; +https://openai.com/gptbot)"
74.7.242.38 - - [06/Jul/2026:09:24:10 -0400] "GET /buy.php?item/200033034 HTTP/1.1" 200 20630 "https://apkmodguru.com/buy.php?item/200014644" "Mozilla/5.0 AppleWebKit/537.36 (KHTML, like Gecko; compatible; GPTBot/1.4; +https://openai.com/gptbot)"
74.7.242.38 - - [06/Jul/2026:09:24:11 -0400] "GET /buy.php?item/200014244 HTTP/1.1" 200 20595 "https://apkmodguru.com/buy.php?item/200045492" "Mozilla/5.0 AppleWebKit/537.36 (KHTML, like Gecko; compatible; GPTBot/1.4; +https://openai.com/gptbot)"
74.7.242.38 - - [06/Jul/2026:09:24:12 -0400] "GET /buy.php?item/200012956 HTTP/1.1" 200 19452 "https://apkmodguru.com/buy.php?item/200045494" "Mozilla/5.0 AppleWebKit/537.36 (KHTML, like Gecko; compatible; GPTBot/1.4; +https://openai.com/gptbot)"
74.7.242.38 - - [06/Jul/2026:09:24:12 -0400] "GET /buy.php?item/200014248 HTTP/1.1" 200 19972 "https://apkmodguru.com/buy.php?item/200045492" "Mozilla/5.0 AppleWebKit/537.36 (KHTML, like Gecko; compatible; GPTBot/1.4; +https://openai.com/gptbot)"
74.7.242.38 - - [06/Jul/2026:09:24:13 -0400] "GET /buy.php?item/200012074 HTTP/1.1" 200 20261 "https://apkmodguru.com/buy.php?item/200045496" "Mozilla/5.0 AppleWebKit/537.36 (KHTML, like Gecko; compatible; GPTBot/1.4; +https://openai.com/gptbot)"
66.249.77.35 - - [06/Jul/2026:09:24:14 -0400] "GET /items/Q944175763 HTTP/1.1" 200 20238 "-" "Mozilla/5.0 (Linux; Android 6.0.1; Nexus 5X Build/MMB29P) AppleWebKit/537.36 (KHTML, like Gecko) Chrome/150.0.7871.46 Mobile Safari/537.36 (compatible; Googlebot/2.1; +http://www.google.com/bot.html)"
74.7.242.38 - - [06/Jul/2026:09:24:14 -0400] "GET /buy.php?item/200026952 HTTP/1.1" 200 20618 "https://apkmodguru.com/buy.php?item/200014642" "Mozilla/5.0 AppleWebKit/537.36 (KHTML, like Gecko; compatible; GPTBot/1.4; +https://openai.com/gptbot)"
14.174.182.218 - - [06/Jul/2026:09:24:17 -0400] "GET /siddharth-roy-movie/ HTTP/1.1" 200 0 "-" "Mozilla/5.0 (Windows NT 10.0; Win64; x64) AppleWebKit/537.36 (KHTML, like Gecko) Chrome/129.0.0.0 Safari/537.36"
185.191.171.15 - - [06/Jul/2026:09:24:21 -0400] "GET /?items%2FJ98471144617%2F HTTP/1.1" 200 0 "-" "Mozilla/5.0 (compatible; SemrushBot/7~bl; +http://www.semrush.com/bot.html)"
85.208.96.196 - - [06/Jul/2026:09:24:22 -0400] "GET /?items%2FO4239441363%2F HTTP/1.1" 200 0 "-" "Mozilla/5.0 (compatible; SemrushBot/7~bl; +http://www.semrush.com/bot.html)"
74.7.242.38 - - [06/Jul/2026:09:24:15 -0400] "GET /buy.php?item/062002800 HTTP/1.1" 200 20 "https://apkmodguru.com/buy.php?item/062044026" "Mozilla/5.0 AppleWebKit/537.36 (KHTML, like Gecko; compatible; GPTBot/1.4; +https://openai.com/gptbot)"
74.7.242.38 - - [06/Jul/2026:09:24:35 -0400] "GET /buy.php?item/111037121 HTTP/1.1" 200 19616 "https://apkmodguru.com/buy.php?item/062044026" "Mozilla/5.0 AppleWebKit/537.36 (KHTML, like Gecko; compatible; GPTBot/1.4; +https://openai.com/gptbot)"
74.7.242.38 - - [06/Jul/2026:09:24:35 -0400] "GET /buy.php?item/060006432 HTTP/1.1" 200 20386 "https://apkmodguru.com/buy.php?item/285000291" "Mozilla/5.0 AppleWebKit/537.36 (KHTML, like Gecko; compatible; GPTBot/1.4; +https://openai.com/gptbot)"
74.7.242.38 - - [06/Jul/2026:09:24:36 -0400] "GET /buy.php?item/200012072 HTTP/1.1" 200 20812 "https://apkmodguru.com/buy.php?item/200045496" "Mozilla/5.0 AppleWebKit/537.36 (KHTML, like Gecko; compatible; GPTBot/1.4; +https://openai.com/gptbot)"
185.191.171.6 - - [06/Jul/2026:09:24:37 -0400] "GET /?items%2FO4239469054%2F HTTP/1.1" 200 0 "-" "Mozilla/5.0 (compatible; SemrushBot/7~bl; +http://www.semrush.com/bot.html)"
74.7.242.38 - - [06/Jul/2026:09:24:37 -0400] "GET /buy.php?item/200005324 HTTP/1.1" 200 19550 "https://apkmodguru.com/buy.php?item/200012954" "Mozilla/5.0 AppleWebKit/537.36 (KHTML, like Gecko; compatible; GPTBot/1.4; +https://openai.com/gptbot)"
74.7.242.38 - - [06/Jul/2026:09:24:38 -0400] "GET /buy.php?item/200005326 HTTP/1.1" 200 20567 "https://apkmodguru.com/buy.php?item/200012954" "Mozilla/5.0 AppleWebKit/537.36 (KHTML, like Gecko; compatible; GPTBot/1.4; +https://openai.com/gptbot)"
74.7.242.38 - - [06/Jul/2026:09:24:38 -0400] "GET /buy.php?item/279040999 HTTP/1.1" 200 19608 "https://apkmodguru.com/buy.php?item/200014244" "Mozilla/5.0 AppleWebKit/537.36 (KHTML, like Gecko; compatible; GPTBot/1.4; +https://openai.com/gptbot)"
74.7.242.38 - - [06/Jul/2026:09:24:39 -0400] "GET /buy.php?item/200003214 HTTP/1.1" 200 20231 "https://apkmodguru.com/buy.php?item/200014244" "Mozilla/5.0 AppleWebKit/537.36 (KHTML, like Gecko; compatible; GPTBot/1.4; +https://openai.com/gptbot)"
185.191.171.11 - - [06/Jul/2026:09:24:40 -0400] "GET /?items%2FO87712142361%2F HTTP/1.1" 200 0 "-" "Mozilla/5.0 (compatible; SemrushBot/7~bl; +http://www.semrush.com/bot.html)"
74.7.242.38 - - [06/Jul/2026:09:24:40 -0400] "GET /buy.php?item/200003212 HTTP/1.1" 200 19726 "https://apkmodguru.com/buy.php?item/200014244" "Mozilla/5.0 AppleWebKit/537.36 (KHTML, like Gecko; compatible; GPTBot/1.4; +https://openai.com/gptbot)"
74.7.242.38 - - [06/Jul/2026:09:24:42 -0400] "GET /buy.php?item/200038216 HTTP/1.1" 200 19298 "https://apkmodguru.com/buy.php?item/200033034" "Mozilla/5.0 AppleWebKit/537.36 (KHTML, like Gecko; compatible; GPTBot/1.4; +https://openai.com/gptbot)"
74.7.242.38 - - [06/Jul/2026:09:24:43 -0400] "GET /buy.php?item/027019993 HTTP/1.1" 200 20780 "https://apkmodguru.com/buy.php?item/200033034" "Mozilla/5.0 AppleWebKit/537.36 (KHTML, like Gecko; compatible; GPTBot/1.4; +https://openai.com/gptbot)"
74.7.242.38 - - [06/Jul/2026:09:24:44 -0400] "GET /buy.php?item/200032796 HTTP/1.1" 200 20263 "https://apkmodguru.com/buy.php?item/200014248" "Mozilla/5.0 AppleWebKit/537.36 (KHTML, like Gecko; compatible; GPTBot/1.4; +https://openai.com/gptbot)"
74.7.242.38 - - [06/Jul/2026:09:24:44 -0400] "GET /buy.php?item/200014630 HTTP/1.1" 200 20360 "https://apkmodguru.com/buy.php?item/200012956" "Mozilla/5.0 AppleWebKit/537.36 (KHTML, like Gecko; compatible; GPTBot/1.4; +https://openai.com/gptbot)"
74.7.242.38 - - [06/Jul/2026:09:24:45 -0400] "GET /buy.php?item/200032798 HTTP/1.1" 200 20180 "https://apkmodguru.com/buy.php?item/200014248" "Mozilla/5.0 AppleWebKit/537.36 (KHTML, like Gecko; compatible; GPTBot/1.4; +https://openai.com/gptbot)"
74.7.242.38 - - [06/Jul/2026:09:24:51 -0400] "GET /buy.php?item/200007736 HTTP/1.1" 200 20791 "https://apkmodguru.com/buy.php?item/200012072" "Mozilla/5.0 AppleWebKit/537.36 (KHTML, like Gecko; compatible; GPTBot/1.4; +https://openai.com/gptbot)"
185.191.171.2 - - [06/Jul/2026:09:24:56 -0400] "GET /?items%2FJ98471146960%2F HTTP/1.1" 200 0 "-" "Mozilla/5.0 (compatible; SemrushBot/7~bl; +http://www.semrush.com/bot.html)"
66.249.77.34 - - [06/Jul/2026:09:24:59 -0400] "GET /items/B111670058 HTTP/1.1" 200 20173 "-" "Mozilla/5.0 (Linux; Android 6.0.1; Nexus 5X Build/MMB29P) AppleWebKit/537.36 (KHTML, like Gecko) Chrome/150.0.7871.46 Mobile Safari/537.36 (compatible; Googlebot/2.1; +http://www.google.com/bot.html)"
74.7.242.38 - - [06/Jul/2026:09:24:52 -0400] "GET /buy.php?item/165031405 HTTP/1.1" 200 20 "https://apkmodguru.com/buy.php?item/200005324" "Mozilla/5.0 AppleWebKit/537.36 (KHTML, like Gecko; compatible; GPTBot/1.4; +https://openai.com/gptbot)"
74.7.242.38 - - [06/Jul/2026:09:25:12 -0400] "GET /buy.php?item/200026950 HTTP/1.1" 200 20081 "https://apkmodguru.com/buy.php?item/200005326" "Mozilla/5.0 AppleWebKit/537.36 (KHTML, like Gecko; compatible; GPTBot/1.4; +https://openai.com/gptbot)"
74.7.242.38 - - [06/Jul/2026:09:25:16 -0400] "GET /buy.php?item/200032794 HTTP/1.1" 200 20173 "https://apkmodguru.com/buy.php?item/200014248" "Mozilla/5.0 AppleWebKit/537.36 (KHTML, like Gecko; compatible; GPTBot/1.4; +https://openai.com/gptbot)"
74.7.242.38 - - [06/Jul/2026:09:25:17 -0400] "GET /buy.php?item/222008736 HTTP/1.1" 200 19120 "https://apkmodguru.com/buy.php?item/200033034" "Mozilla/5.0 AppleWebKit/537.36 (KHTML, like Gecko; compatible; GPTBot/1.4; +https://openai.com/gptbot)"
74.7.242.38 - - [06/Jul/2026:09:25:17 -0400] "GET /buy.php?item/200038872 HTTP/1.1" 200 20765 "https://apkmodguru.com/buy.php?item/200033034" "Mozilla/5.0 AppleWebKit/537.36 (KHTML, like Gecko; compatible; GPTBot/1.4; +https://openai.com/gptbot)"
74.7.242.38 - - [06/Jul/2026:09:25:18 -0400] "GET /buy.php?item/270001258 HTTP/1.1" 200 19473 "https://apkmodguru.com/buy.php?item/270001260" "Mozilla/5.0 AppleWebKit/537.36 (KHTML, like Gecko; compatible; GPTBot/1.4; +https://openai.com/gptbot)"
74.7.242.38 - - [06/Jul/2026:09:25:23 -0400] "GET /buy.php?item/200017484 HTTP/1.1" 200 19345 "https://apkmodguru.com/buy.php?item/200005326" "Mozilla/5.0 AppleWebKit/537.36 (KHTML, like Gecko; compatible; GPTBot/1.4; +https://openai.com/gptbot)"
74.7.242.38 - - [06/Jul/2026:09:25:31 -0400] "GET /buy.php?item/200014638 HTTP/1.1" 200 20097 "https://apkmodguru.com/buy.php?item/200026952" "Mozilla/5.0 AppleWebKit/537.36 (KHTML, like Gecko; compatible; GPTBot/1.4; +https://openai.com/gptbot)"
74.7.242.38 - - [06/Jul/2026:09:25:32 -0400] "GET /buy.php?shopping/175037668 HTTP/1.1" 200 19305 "https://apkmodguru.com/buy.php?item/200038216" "Mozilla/5.0 AppleWebKit/537.36 (KHTML, like Gecko; compatible; GPTBot/1.4; +https://openai.com/gptbot)"
74.7.242.38 - - [06/Jul/2026:09:25:33 -0400] "GET /buy.php?item/240001106 HTTP/1.1" 200 19684 "https://apkmodguru.com/buy.php?item/200032798" "Mozilla/5.0 AppleWebKit/537.36 (KHTML, like Gecko; compatible; GPTBot/1.4; +https://openai.com/gptbot)"
74.7.242.38 - - [06/Jul/2026:09:25:34 -0400] "GET /buy.php?item/200014250 HTTP/1.1" 200 20022 "https://apkmodguru.com/buy.php?item/200007736" "Mozilla/5.0 AppleWebKit/537.36 (KHTML, like Gecko; compatible; GPTBot/1.4; +https://openai.com/gptbot)"
74.7.242.38 - - [06/Jul/2026:09:25:38 -0400] "GET /buy.php?item/200014252 HTTP/1.1" 200 19613 "https://apkmodguru.com/buy.php?item/200007736" "Mozilla/5.0 AppleWebKit/537.36 (KHTML, like Gecko; compatible; GPTBot/1.4; +https://openai.com/gptbot)"
74.7.242.38 - - [06/Jul/2026:09:25:39 -0400] "GET /buy.php?item/200038878 HTTP/1.1" 200 19355 "https://apkmodguru.com/buy.php?item/200026950" "Mozilla/5.0 AppleWebKit/537.36 (KHTML, like Gecko; compatible; GPTBot/1.4; +https://openai.com/gptbot)"
74.7.242.38 - - [06/Jul/2026:09:25:40 -0400] "GET /buy.php?item/200007682 HTTP/1.1" 200 20044 "https://apkmodguru.com/buy.php?item/200014630" "Mozilla/5.0 AppleWebKit/537.36 (KHTML, like Gecko; compatible; GPTBot/1.4; +https://openai.com/gptbot)"
74.7.242.38 - - [06/Jul/2026:09:25:41 -0400] "GET /buy.php?item/200007680 HTTP/1.1" 200 20523 "https://apkmodguru.com/buy.php?item/200014630" "Mozilla/5.0 AppleWebKit/537.36 (KHTML, like Gecko; compatible; GPTBot/1.4; +https://openai.com/gptbot)"
74.7.242.38 - - [06/Jul/2026:09:25:42 -0400] "GET /buy.php?item/200005322 HTTP/1.1" 200 19536 "https://apkmodguru.com/buy.php?item/200038216" "Mozilla/5.0 AppleWebKit/537.36 (KHTML, like Gecko; compatible; GPTBot/1.4; +https://openai.com/gptbot)"
74.7.242.38 - - [06/Jul/2026:09:25:43 -0400] "GET /buy.php?item/247016667 HTTP/1.1" 200 19415 "https://apkmodguru.com/buy.php?item/200014630" "Mozilla/5.0 AppleWebKit/537.36 (KHTML, like Gecko; compatible; GPTBot/1.4; +https://openai.com/gptbot)"
74.7.242.38 - - [06/Jul/2026:09:25:43 -0400] "GET /buy.php?item/200046572 HTTP/1.1" 200 19338 "https://apkmodguru.com/buy.php?item/200003214" "Mozilla/5.0 AppleWebKit/537.36 (KHTML, like Gecko; compatible; GPTBot/1.4; +https://openai.com/gptbot)"
74.7.242.38 - - [06/Jul/2026:09:25:45 -0400] "GET /buy.php?item/200038876 HTTP/1.1" 200 19741 "https://apkmodguru.com/buy.php?item/200026950" "Mozilla/5.0 AppleWebKit/537.36 (KHTML, like Gecko; compatible; GPTBot/1.4; +https://openai.com/gptbot)"
74.7.242.38 - - [06/Jul/2026:09:25:46 -0400] "GET /buy.php?item/197000815 HTTP/1.1" 200 19228 "https://apkmodguru.com/buy.php?item/200032796" "Mozilla/5.0 AppleWebKit/537.36 (KHTML, like Gecko; compatible; GPTBot/1.4; +https://openai.com/gptbot)"
74.7.242.38 - - [06/Jul/2026:09:25:47 -0400] "GET /buy.php?item/200038874 HTTP/1.1" 200 20195 "https://apkmodguru.com/buy.php?item/200032798" "Mozilla/5.0 AppleWebKit/537.36 (KHTML, like Gecko; compatible; GPTBot/1.4; +https://openai.com/gptbot)"
34.30.49.183 - - [06/Jul/2026:09:25:52 -0400] "GET /media/system/js/core.js HTTP/1.1" 200 0 "http://apkmodguru.com/media/system/js/core.js" "Mozilla/5.0 (Macintosh; Intel Mac OS X 10_10_1) AppleWebKit/537.36 (KHTML, like Gecko) Chrome/39.0.2171.95 Safari/537.36"
34.30.49.183 - - [06/Jul/2026:09:25:54 -0400] "GET /wp-includes/js/jquery/jquery.js HTTP/1.1" 200 98978 "http://apkmodguru.com/wp-includes/js/jquery/jquery.js" "Mozilla/5.0 (Macintosh; Intel Mac OS X 10_10_1) AppleWebKit/537.36 (KHTML, like Gecko) Chrome/39.0.2171.95 Safari/537.36"
85.208.96.195 - - [06/Jul/2026:09:26:03 -0400] "GET /?items%2FO68550249813%2F HTTP/1.1" 200 0 "-" "Mozilla/5.0 (compatible; SemrushBot/7~bl; +http://www.semrush.com/bot.html)"
185.191.171.3 - - [06/Jul/2026:09:26:04 -0400] "GET /?items%2FO4239465611%2F HTTP/1.1" 200 0 "-" "Mozilla/5.0 (compatible; SemrushBot/7~bl; +http://www.semrush.com/bot.html)"
192.178.6.103 - - [06/Jul/2026:09:26:07 -0400] "GET /items/E453069272 HTTP/1.1" 200 18904 "-" "Mozilla/5.0 (Linux; Android 6.0.1; Nexus 5X Build/MMB29P) AppleWebKit/537.36 (KHTML, like Gecko) Chrome/150.0.7871.46 Mobile Safari/537.36 (compatible; Googlebot/2.1; +http://www.google.com/bot.html)"
74.7.242.38 - - [06/Jul/2026:09:25:48 -0400] "GET /buy.php?item/200017392 HTTP/1.1" 200 20 "https://apkmodguru.com/buy.php?item/200003212" "Mozilla/5.0 AppleWebKit/537.36 (KHTML, like Gecko; compatible; GPTBot/1.4; +https://openai.com/gptbot)"
77.75.79.95 - - [06/Jul/2026:09:26:07 -0400] "GET /items/A133641796/ HTTP/1.1" 200 0 "-" "Mozilla/5.0 (compatible; SeznamBot/4.0; +https://o-seznam.cz/napoveda/vyhledavani/en/seznambot-crawler/)"
74.7.242.38 - - [06/Jul/2026:09:26:07 -0400] "GET /buy.php?item/130006456 HTTP/1.1" 200 19625 "https://apkmodguru.com/buy.php?item/200032794" "Mozilla/5.0 AppleWebKit/537.36 (KHTML, like Gecko; compatible; GPTBot/1.4; +https://openai.com/gptbot)"
185.191.171.8 - - [06/Jul/2026:09:26:08 -0400] "GET /?items%2FW30104258781%2F HTTP/1.1" 200 0 "-" "Mozilla/5.0 (compatible; SemrushBot/7~bl; +http://www.semrush.com/bot.html)"
185.191.171.9 - - [06/Jul/2026:09:26:15 -0400] "GET /?items%2FG5985866990%2F HTTP/1.1" 200 0 "-" "Mozilla/5.0 (compatible; SemrushBot/7~bl; +http://www.semrush.com/bot.html)"
85.208.96.198 - - [06/Jul/2026:09:26:18 -0400] "GET /?items%2FG59858303030%2F HTTP/1.1" 200 0 "-" "Mozilla/5.0 (compatible; SemrushBot/7~bl; +http://www.semrush.com/bot.html)"
185.191.171.9 - - [06/Jul/2026:09:26:22 -0400] "GET /?items%2FD55487171522%2F HTTP/1.1" 200 0 "-" "Mozilla/5.0 (compatible; SemrushBot/7~bl; +http://www.semrush.com/bot.html)"
74.7.242.38 - - [06/Jul/2026:09:26:08 -0400] "GET /buy.php?item/175037665 HTTP/1.1" 200 20 "https://apkmodguru.com/buy.php?shopping/175037668" "Mozilla/5.0 AppleWebKit/537.36 (KHTML, like Gecko; compatible; GPTBot/1.4; +https://openai.com/gptbot)"
74.7.242.38 - - [06/Jul/2026:09:26:28 -0400] "GET /buy.php?item/200038880 HTTP/1.1" 200 20092 "https://apkmodguru.com/buy.php?item/200017484" "Mozilla/5.0 AppleWebKit/537.36 (KHTML, like Gecko; compatible; GPTBot/1.4; +https://openai.com/gptbot)"
185.191.171.4 - - [06/Jul/2026:09:26:35 -0400] "GET /?items%2FF4745576168%2F HTTP/1.1" 200 0 "-" "Mozilla/5.0 (compatible; SemrushBot/7~bl; +http://www.semrush.com/bot.html)"
74.7.242.38 - - [06/Jul/2026:09:26:29 -0400] "GET /buy.php?item/200005328 HTTP/1.1" 200 20 "https://apkmodguru.com/buy.php?item/200014250" "Mozilla/5.0 AppleWebKit/537.36 (KHTML, like Gecko; compatible; GPTBot/1.4; +https://openai.com/gptbot)"
74.7.242.38 - - [06/Jul/2026:09:26:48 -0400] "GET /buy.php?item/200005332 HTTP/1.1" 200 19747 "https://apkmodguru.com/buy.php?item/200005322" "Mozilla/5.0 AppleWebKit/537.36 (KHTML, like Gecko; compatible; GPTBot/1.4; +https://openai.com/gptbot)"
74.7.242.38 - - [06/Jul/2026:09:26:49 -0400] "GET /buy.php?item/200005330 HTTP/1.1" 200 19357 "https://apkmodguru.com/buy.php?item/200014250" "Mozilla/5.0 AppleWebKit/537.36 (KHTML, like Gecko; compatible; GPTBot/1.4; +https://openai.com/gptbot)"
185.170.167.18 - - [06/Jul/2026:09:26:54 -0400] "GET /robots.txt HTTP/1.1" 200 130 "-" "Mozilla/5.0 (compatible; BacklinksExtendedBot)"
85.208.96.201 - - [06/Jul/2026:09:26:54 -0400] "GET /?items%2FD5548761662%2F HTTP/1.1" 200 0 "-" "Mozilla/5.0 (compatible; SemrushBot/7~bl; +http://www.semrush.com/bot.html)"
185.170.167.18 - - [06/Jul/2026:09:26:55 -0400] "GET /?items%2FW30104243621%2F HTTP/1.1" 200 0 "-" "Mozilla/5.0 (compatible; BacklinksExtendedBot)"
185.191.171.11 - - [06/Jul/2026:09:26:57 -0400] "GET /?items%2FD55487238631%2F HTTP/1.1" 200 0 "-" "Mozilla/5.0 (compatible; SemrushBot/7~bl; +http://www.semrush.com/bot.html)"
85.208.96.205 - - [06/Jul/2026:09:27:06 -0400] "GET /?items%2FO42394169194%2F HTTP/1.1" 200 0 "-" "Mozilla/5.0 (compatible; SemrushBot/7~bl; +http://www.semrush.com/bot.html)"
74.7.242.38 - - [06/Jul/2026:09:26:50 -0400] "GET /buy.php?item/200014640 HTTP/1.1" 200 20 "https://apkmodguru.com/buy.php?item/200046572" "Mozilla/5.0 AppleWebKit/537.36 (KHTML, like Gecko; compatible; GPTBot/1.4; +https://openai.com/gptbot)"
74.7.242.38 - - [06/Jul/2026:09:27:09 -0400] "GET /buy.php?item/147013149 HTTP/1.1" 200 19798 "https://apkmodguru.com/buy.php?item/200038876" "Mozilla/5.0 AppleWebKit/537.36 (KHTML, like Gecko; compatible; GPTBot/1.4; +https://openai.com/gptbot)"
74.7.242.38 - - [06/Jul/2026:09:27:10 -0400] "GET /buy.php?item/200007678 HTTP/1.1" 200 20319 "https://apkmodguru.com/buy.php?item/200038876" "Mozilla/5.0 AppleWebKit/537.36 (KHTML, like Gecko; compatible; GPTBot/1.4; +https://openai.com/gptbot)"
85.208.96.198 - - [06/Jul/2026:09:27:17 -0400] "GET /?items%2FT19987203788%2F HTTP/1.1" 200 0 "-" "Mozilla/5.0 (compatible; SemrushBot/7~bl; +http://www.semrush.com/bot.html)"
74.7.242.38 - - [06/Jul/2026:09:27:11 -0400] "GET /buy.php?item/200007676 HTTP/1.1" 200 20805 "https://apkmodguru.com/buy.php?item/200038876" "Mozilla/5.0 AppleWebKit/537.36 (KHTML, like Gecko; compatible; GPTBot/1.4; +https://openai.com/gptbot)"
192.178.6.103 - - [06/Jul/2026:09:27:38 -0400] "GET /?_g=3582258 HTTP/1.1" 200 18702 "-" "Mozilla/5.0 (Linux; Android 6.0.1; Nexus 5X Build/MMB29P) AppleWebKit/537.36 (KHTML, like Gecko) Chrome/150.0.7871.46 Mobile Safari/537.36 (compatible; Googlebot/2.1; +http://www.google.com/bot.html)"
74.7.242.38 - - [06/Jul/2026:09:27:23 -0400] "GET /buy.php?item/200005320 HTTP/1.1" 200 20 "https://apkmodguru.com/buy.php?item/200014638" "Mozilla/5.0 AppleWebKit/537.36 (KHTML, like Gecko; compatible; GPTBot/1.4; +https://openai.com/gptbot)"
185.191.171.15 - - [06/Jul/2026:09:27:45 -0400] "GET /?items%2FO68550171583%2F HTTP/1.1" 200 0 "-" "Mozilla/5.0 (compatible; SemrushBot/7~bl; +http://www.semrush.com/bot.html)"
74.7.242.38 - - [06/Jul/2026:09:27:43 -0400] "GET /buy.php?item/177041111 HTTP/1.1" 200 19467 "https://apkmodguru.com/buy.php?item/197000815" "Mozilla/5.0 AppleWebKit/537.36 (KHTML, like Gecko; compatible; GPTBot/1.4; +https://openai.com/gptbot)"
74.7.242.38 - - [06/Jul/2026:09:27:49 -0400] "GET /buy.php?item/200017388 HTTP/1.1" 200 19454 "https://apkmodguru.com/buy.php?item/200007682" "Mozilla/5.0 AppleWebKit/537.36 (KHTML, like Gecko; compatible; GPTBot/1.4; +https://openai.com/gptbot)"
74.7.242.38 - - [06/Jul/2026:09:27:49 -0400] "GET /buy.php?item/200039572 HTTP/1.1" 200 19593 "https://apkmodguru.com/buy.php?item/200014252" "Mozilla/5.0 AppleWebKit/537.36 (KHTML, like Gecko; compatible; GPTBot/1.4; +https://openai.com/gptbot)"
85.208.96.197 - - [06/Jul/2026:09:28:10 -0400] "GET /?items%2FJ98471161347%2F HTTP/1.1" 200 0 "-" "Mozilla/5.0 (compatible; SemrushBot/7~bl; +http://www.semrush.com/bot.html)"
74.7.242.38 - - [06/Jul/2026:09:27:51 -0400] "GET /buy.php?item/130009424 HTTP/1.1" 200 20 "https://apkmodguru.com/buy.php?item/130006456" "Mozilla/5.0 AppleWebKit/537.36 (KHTML, like Gecko; compatible; GPTBot/1.4; +https://openai.com/gptbot)"
74.7.242.38 - - [06/Jul/2026:09:28:11 -0400] "GET /buy.php?item/200046574 HTTP/1.1" 200 19710 "https://apkmodguru.com/buy.php?item/200038878" "Mozilla/5.0 AppleWebKit/537.36 (KHTML, like Gecko; compatible; GPTBot/1.4; +https://openai.com/gptbot)"
85.208.96.195 - - [06/Jul/2026:09:28:12 -0400] "GET /?items%2FT1998776858%2F HTTP/1.1" 200 0 "-" "Mozilla/5.0 (compatible; SemrushBot/7~bl; +http://www.semrush.com/bot.html)"
74.7.242.38 - - [06/Jul/2026:09:28:12 -0400] "GET /buy.php?item/200007742 HTTP/1.1" 200 20551 "https://apkmodguru.com/buy.php?item/200005330" "Mozilla/5.0 AppleWebKit/537.36 (KHTML, like Gecko; compatible; GPTBot/1.4; +https://openai.com/gptbot)"
74.7.242.38 - - [06/Jul/2026:09:28:12 -0400] "GET /buy.php?item/200007744 HTTP/1.1" 200 20680 "https://apkmodguru.com/buy.php?item/200005330" "Mozilla/5.0 AppleWebKit/537.36 (KHTML, like Gecko; compatible; GPTBot/1.4; +https://openai.com/gptbot)"
74.7.242.38 - - [06/Jul/2026:09:28:13 -0400] "GET /buy.php?item/268011168 HTTP/1.1" 200 19948 "https://apkmodguru.com/buy.php?item/200038878" "Mozilla/5.0 AppleWebKit/537.36 (KHTML, like Gecko; compatible; GPTBot/1.4; +https://openai.com/gptbot)"
74.7.242.38 - - [06/Jul/2026:09:28:14 -0400] "GET /buy.php?item/200014620 HTTP/1.1" 200 19626 "https://apkmodguru.com/buy.php?item/200007678" "Mozilla/5.0 AppleWebKit/537.36 (KHTML, like Gecko; compatible; GPTBot/1.4; +https://openai.com/gptbot)"
74.7.242.38 - - [06/Jul/2026:09:28:14 -0400] "GET /buy.php?item/200014618 HTTP/1.1" 200 19579 "https://apkmodguru.com/buy.php?item/200007678" "Mozilla/5.0 AppleWebKit/537.36 (KHTML, like Gecko; compatible; GPTBot/1.4; +https://openai.com/gptbot)"
74.7.242.38 - - [06/Jul/2026:09:28:15 -0400] "GET /buy.php?item/200046570 HTTP/1.1" 200 20738 "https://apkmodguru.com/buy.php?item/200007676" "Mozilla/5.0 AppleWebKit/537.36 (KHTML, like Gecko; compatible; GPTBot/1.4; +https://openai.com/gptbot)"
74.7.242.38 - - [06/Jul/2026:09:28:16 -0400] "GET /buy.php?item/200017390 HTTP/1.1" 200 19346 "https://apkmodguru.com/buy.php?item/200003212" "Mozilla/5.0 AppleWebKit/537.36 (KHTML, like Gecko; compatible; GPTBot/1.4; +https://openai.com/gptbot)"
85.208.96.207 - - [06/Jul/2026:09:28:28 -0400] "GET /?items%2FM2827468016%2F HTTP/1.1" 200 0 "-" "Mozilla/5.0 (compatible; SemrushBot/7~bl; +http://www.semrush.com/bot.html)"
74.7.242.38 - - [06/Jul/2026:09:28:18 -0400] "GET /buy.php?item/200006838 HTTP/1.1" 200 19632 "https://apkmodguru.com/buy.php?item/200017388" "Mozilla/5.0 AppleWebKit/537.36 (KHTML, like Gecko; compatible; GPTBot/1.4; +https://openai.com/gptbot)"
74.7.242.38 - - [06/Jul/2026:09:28:29 -0400] "GET /buy.php?item/200006840 HTTP/1.1" 200 20104 "https://apkmodguru.com/buy.php?item/200017388" "Mozilla/5.0 AppleWebKit/537.36 (KHTML, like Gecko; compatible; GPTBot/1.4; +https://openai.com/gptbot)"
74.7.242.38 - - [06/Jul/2026:09:28:30 -0400] "GET /buy.php?item/200039568 HTTP/1.1" 200 19381 "https://apkmodguru.com/buy.php?item/200039572" "Mozilla/5.0 AppleWebKit/537.36 (KHTML, like Gecko; compatible; GPTBot/1.4; +https://openai.com/gptbot)"
74.7.242.38 - - [06/Jul/2026:09:28:31 -0400] "GET /buy.php?item/034031666 HTTP/1.1" 200 19518 "https://apkmodguru.com/buy.php?item/200003212" "Mozilla/5.0 AppleWebKit/537.36 (KHTML, like Gecko; compatible; GPTBot/1.4; +https://openai.com/gptbot)"
74.7.242.38 - - [06/Jul/2026:09:28:32 -0400] "GET /buy.php?item/200014628 HTTP/1.1" 200 20525 "https://apkmodguru.com/buy.php?item/200012956" "Mozilla/5.0 AppleWebKit/537.36 (KHTML, like Gecko; compatible; GPTBot/1.4; +https://openai.com/gptbot)"
74.7.242.38 - - [06/Jul/2026:09:28:32 -0400] "GET /buy.php?item/200039570 HTTP/1.1" 200 19500 "https://apkmodguru.com/buy.php?item/200014252" "Mozilla/5.0 AppleWebKit/537.36 (KHTML, like Gecko; compatible; GPTBot/1.4; +https://openai.com/gptbot)"
185.191.171.16 - - [06/Jul/2026:09:28:36 -0400] "GET /?items%2FF47455137106%2F HTTP/1.1" 200 0 "-" "Mozilla/5.0 (compatible; SemrushBot/7~bl; +http://www.semrush.com/bot.html)"
185.191.171.3 - - [06/Jul/2026:09:28:45 -0400] "GET /?items%2FO42394145839%2F HTTP/1.1" 200 0 "-" "Mozilla/5.0 (compatible; SemrushBot/7~bl; +http://www.semrush.com/bot.html)"
192.178.6.104 - - [06/Jul/2026:09:28:46 -0400] "GET /items/Q661795848 HTTP/1.1" 200 19544 "-" "Mozilla/5.0 (Linux; Android 6.0.1; Nexus 5X Build/MMB29P) AppleWebKit/537.36 (KHTML, like Gecko) Chrome/150.0.7871.46 Mobile Safari/537.36 (compatible; Googlebot/2.1; +http://www.google.com/bot.html)"
85.208.96.193 - - [06/Jul/2026:09:28:46 -0400] "GET /?items%2FG5985895300%2F HTTP/1.1" 200 0 "-" "Mozilla/5.0 (compatible; SemrushBot/7~bl; +http://www.semrush.com/bot.html)"
66.249.77.34 - - [06/Jul/2026:09:28:47 -0400] "GET /items/B744248545/ HTTP/1.1" 200 20424 "-" "Mozilla/5.0 (Linux; Android 6.0.1; Nexus 5X Build/MMB29P) AppleWebKit/537.36 (KHTML, like Gecko) Chrome/150.0.7871.46 Mobile Safari/537.36 (compatible; Googlebot/2.1; +http://www.google.com/bot.html)"
74.7.242.38 - - [06/Jul/2026:09:28:33 -0400] "GET /buy.php?item/240049480 HTTP/1.1" 200 20 "https://apkmodguru.com/buy.php?item/240001106" "Mozilla/5.0 AppleWebKit/537.36 (KHTML, like Gecko; compatible; GPTBot/1.4; +https://openai.com/gptbot)"
185.191.171.12 - - [06/Jul/2026:09:28:56 -0400] "GET /?items%2FJ98471184472%2F HTTP/1.1" 200 0 "-" "Mozilla/5.0 (compatible; SemrushBot/7~bl; +http://www.semrush.com/bot.html)"
192.178.6.103 - - [06/Jul/2026:09:28:56 -0400] "GET /index.php?items/X524632703/ HTTP/1.1" 200 19745 "-" "Mozilla/5.0 (Linux; Android 6.0.1; Nexus 5X Build/MMB29P) AppleWebKit/537.36 (KHTML, like Gecko) Chrome/150.0.7871.46 Mobile Safari/537.36 (compatible; Googlebot/2.1; +http://www.google.com/bot.html)"
74.7.242.38 - - [06/Jul/2026:09:28:53 -0400] "GET /buy.php?item/137011781 HTTP/1.1" 200 20401 "https://apkmodguru.com/buy.php?item/111037121" "Mozilla/5.0 AppleWebKit/537.36 (KHTML, like Gecko; compatible; GPTBot/1.4; +https://openai.com/gptbot)"
74.7.242.38 - - [06/Jul/2026:09:29:05 -0400] "GET /buy.php?item/030014610 HTTP/1.1" 200 19558 "https://apkmodguru.com/buy.php?item/200014644" "Mozilla/5.0 AppleWebKit/537.36 (KHTML, like Gecko; compatible; GPTBot/1.4; +https://openai.com/gptbot)"
74.7.242.38 - - [06/Jul/2026:09:29:06 -0400] "GET /buy.php?item/011003167 HTTP/1.1" 200 19803 "https://apkmodguru.com/buy.php?item/200005330" "Mozilla/5.0 AppleWebKit/537.36 (KHTML, like Gecko; compatible; GPTBot/1.4; +https://openai.com/gptbot)"
74.7.242.38 - - [06/Jul/2026:09:29:06 -0400] "GET /buy.php?item/151046007 HTTP/1.1" 200 19747 "https://apkmodguru.com/buy.php?item/200046574" "Mozilla/5.0 AppleWebKit/537.36 (KHTML, like Gecko; compatible; GPTBot/1.4; +https://openai.com/gptbot)"
74.7.242.38 - - [06/Jul/2026:09:29:09 -0400] "GET /buy.php?item/200033840 HTTP/1.1" 200 19531 "https://apkmodguru.com/buy.php?item/200014618" "Mozilla/5.0 AppleWebKit/537.36 (KHTML, like Gecko; compatible; GPTBot/1.4; +https://openai.com/gptbot)"
192.178.6.102 - - [06/Jul/2026:09:29:19 -0400] "GET /?_g=719543 HTTP/1.1" 200 19283 "-" "Mozilla/5.0 (Linux; Android 6.0.1; Nexus 5X Build/MMB29P) AppleWebKit/537.36 (KHTML, like Gecko) Chrome/150.0.7871.46 Mobile Safari/537.36 (compatible; Googlebot/2.1; +http://www.google.com/bot.html)"
74.7.242.38 - - [06/Jul/2026:09:29:10 -0400] "GET /buy.php?item/200033836 HTTP/1.1" 200 20 "https://apkmodguru.com/buy.php?item/200014618" "Mozilla/5.0 AppleWebKit/537.36 (KHTML, like Gecko; compatible; GPTBot/1.4; +https://openai.com/gptbot)"
74.7.242.38 - - [06/Jul/2026:09:29:30 -0400] "GET /buy.php?item/200012950 HTTP/1.1" 200 20212 "https://apkmodguru.com/buy.php?item/200006840" "Mozilla/5.0 AppleWebKit/537.36 (KHTML, like Gecko; compatible; GPTBot/1.4; +https://openai.com/gptbot)"
74.7.242.38 - - [06/Jul/2026:09:29:31 -0400] "GET /buy.php?item/100018950 HTTP/1.1" 200 19170 "https://apkmodguru.com/buy.php?item/200007742" "Mozilla/5.0 AppleWebKit/537.36 (KHTML, like Gecko; compatible; GPTBot/1.4; +https://openai.com/gptbot)"
74.7.242.38 - - [06/Jul/2026:09:29:32 -0400] "GET /buy.php?item/260006018 HTTP/1.1" 200 19935 "https://apkmodguru.com/buy.php?item/200014628" "Mozilla/5.0 AppleWebKit/537.36 (KHTML, like Gecko; compatible; GPTBot/1.4; +https://openai.com/gptbot)"
74.7.242.38 - - [06/Jul/2026:09:29:33 -0400] "GET /buy.php?item/200012952 HTTP/1.1" 200 20816 "https://apkmodguru.com/buy.php?item/200014628" "Mozilla/5.0 AppleWebKit/537.36 (KHTML, like Gecko; compatible; GPTBot/1.4; +https://openai.com/gptbot)"
74.7.242.38 - - [06/Jul/2026:09:29:34 -0400] "GET /buy.php?item/213011181 HTTP/1.1" 200 20220 "https://apkmodguru.com/buy.php?item/200006838" "Mozilla/5.0 AppleWebKit/537.36 (KHTML, like Gecko; compatible; GPTBot/1.4; +https://openai.com/gptbot)"
74.7.242.38 - - [06/Jul/2026:09:29:34 -0400] "GET /buy.php?item/200033838 HTTP/1.1" 200 20469 "https://apkmodguru.com/buy.php?item/200014618" "Mozilla/5.0 AppleWebKit/537.36 (KHTML, like Gecko; compatible; GPTBot/1.4; +https://openai.com/gptbot)"
74.7.242.38 - - [06/Jul/2026:09:29:35 -0400] "GET /buy.php?item/030005238 HTTP/1.1" 200 20771 "https://apkmodguru.com/buy.php?item/030014610" "Mozilla/5.0 AppleWebKit/537.36 (KHTML, like Gecko; compatible; GPTBot/1.4; +https://openai.com/gptbot)"
74.7.242.38 - - [06/Jul/2026:09:29:36 -0400] "GET /buy.php?item/030005236 HTTP/1.1" 200 21041 "https://apkmodguru.com/buy.php?item/030014610" "Mozilla/5.0 AppleWebKit/537.36 (KHTML, like Gecko; compatible; GPTBot/1.4; +https://openai.com/gptbot)"
