85.208.96.209 - - [06/Jul/2026:09:36:47 -0400] "GET /?items%2FT1998776116%2F HTTP/1.1" 200 0 "-" "Mozilla/5.0 (compatible; SemrushBot/7~bl; +http://www.semrush.com/bot.html)"
85.208.96.207 - - [06/Jul/2026:09:36:51 -0400] "GET /?items%2FF47455128253%2F HTTP/1.1" 200 0 "-" "Mozilla/5.0 (compatible; SemrushBot/7~bl; +http://www.semrush.com/bot.html)"
74.7.242.38 - - [06/Jul/2026:09:36:39 -0400] "GET /buy.php?item/174004484 HTTP/1.1" 200 20 "https://apkmodguru.com/buy.php?item/174012658" "Mozilla/5.0 AppleWebKit/537.36 (KHTML, like Gecko; compatible; GPTBot/1.4; +https://openai.com/gptbot)"
85.208.96.210 - - [06/Jul/2026:09:37:00 -0400] "GET /?items%2FM28274113569%2F HTTP/1.1" 200 0 "-" "Mozilla/5.0 (compatible; SemrushBot/7~bl; +http://www.semrush.com/bot.html)"
74.7.242.38 - - [06/Jul/2026:09:36:59 -0400] "GET /buy.php?item/171018889 HTTP/1.1" 200 20440 "https://apkmodguru.com/buy.php?item/066002018" "Mozilla/5.0 AppleWebKit/537.36 (KHTML, like Gecko; compatible; GPTBot/1.4; +https://openai.com/gptbot)"
74.7.242.38 - - [06/Jul/2026:09:37:02 -0400] "GET /buy.php?item/200009076 HTTP/1.1" 200 19463 "https://apkmodguru.com/buy.php?item/200022298" "Mozilla/5.0 AppleWebKit/537.36 (KHTML, like Gecko; compatible; GPTBot/1.4; +https://openai.com/gptbot)"
74.7.242.38 - - [06/Jul/2026:09:37:03 -0400] "GET /buy.php?item/060046962 HTTP/1.1" 200 19524 "https://apkmodguru.com/buy.php?item/060008180" "Mozilla/5.0 AppleWebKit/537.36 (KHTML, like Gecko; compatible; GPTBot/1.4; +https://openai.com/gptbot)"
74.7.242.38 - - [06/Jul/2026:09:37:07 -0400] "GET /buy.php?item/229034651 HTTP/1.1" 200 19904 "https://apkmodguru.com/buy.php?item/200015442" "Mozilla/5.0 AppleWebKit/537.36 (KHTML, like Gecko; compatible; GPTBot/1.4; +https://openai.com/gptbot)"
85.208.96.210 - - [06/Jul/2026:09:37:13 -0400] "GET /?items%2FF47455178680%2F HTTP/1.1" 200 0 "-" "Mozilla/5.0 (compatible; SemrushBot/7~bl; +http://www.semrush.com/bot.html)"
192.178.6.104 - - [06/Jul/2026:09:37:22 -0400] "GET /index.php/contents/renga/information/privacy_policy.html//?_g=2430508 HTTP/1.1" 200 20406 "-" "Mozilla/5.0 (Linux; Android 6.0.1; Nexus 5X Build/MMB29P) AppleWebKit/537.36 (KHTML, like Gecko) Chrome/150.0.7871.46 Mobile Safari/537.36 (compatible; Googlebot/2.1; +http://www.google.com/bot.html)"
66.249.77.35 - - [06/Jul/2026:09:37:22 -0400] "GET /items/K224578564/ HTTP/1.1" 200 19198 "-" "Mozilla/5.0 (Linux; Android 6.0.1; Nexus 5X Build/MMB29P) AppleWebKit/537.36 (KHTML, like Gecko) Chrome/150.0.7871.46 Mobile Safari/537.36 (compatible; Googlebot/2.1; +http://www.google.com/bot.html)"
74.7.242.38 - - [06/Jul/2026:09:37:08 -0400] "GET /buy.php?item/300021874 HTTP/1.1" 200 20 "https://apkmodguru.com/buy.php?item/300016494" "Mozilla/5.0 AppleWebKit/537.36 (KHTML, like Gecko; compatible; GPTBot/1.4; +https://openai.com/gptbot)"
74.7.242.38 - - [06/Jul/2026:09:37:28 -0400] "GET /buy.php?item/281016379 HTTP/1.1" 200 19308 "https://apkmodguru.com/buy.php?item/200009072" "Mozilla/5.0 AppleWebKit/537.36 (KHTML, like Gecko; compatible; GPTBot/1.4; +https://openai.com/gptbot)"
74.7.242.38 - - [06/Jul/2026:09:37:28 -0400] "GET /buy.php?item/300012674 HTTP/1.1" 200 19161 "https://apkmodguru.com/buy.php?item/300016496" "Mozilla/5.0 AppleWebKit/537.36 (KHTML, like Gecko; compatible; GPTBot/1.4; +https://openai.com/gptbot)"
74.7.242.38 - - [06/Jul/2026:09:37:33 -0400] "GET /buy.php?item/300012676 HTTP/1.1" 200 19186 "https://apkmodguru.com/buy.php?item/300016496" "Mozilla/5.0 AppleWebKit/537.36 (KHTML, like Gecko; compatible; GPTBot/1.4; +https://openai.com/gptbot)"
74.7.242.38 - - [06/Jul/2026:09:37:34 -0400] "GET /buy.php?shopping/134042793 HTTP/1.1" 200 19541 "https://apkmodguru.com/buy.php?item/200015456" "Mozilla/5.0 AppleWebKit/537.36 (KHTML, like Gecko; compatible; GPTBot/1.4; +https://openai.com/gptbot)"
74.7.242.38 - - [06/Jul/2026:09:37:35 -0400] "GET /buy.php?item/200015440 HTTP/1.1" 200 20 "https://apkmodguru.com/buy.php?item/200015456" "Mozilla/5.0 AppleWebKit/537.36 (KHTML, like Gecko; compatible; GPTBot/1.4; +https://openai.com/gptbot)"
74.7.242.38 - - [06/Jul/2026:09:37:55 -0400] "GET /buy.php?item/200015436 HTTP/1.1" 200 19498 "https://apkmodguru.com/buy.php?item/200015456" "Mozilla/5.0 AppleWebKit/537.36 (KHTML, like Gecko; compatible; GPTBot/1.4; +https://openai.com/gptbot)"
74.7.242.38 - - [06/Jul/2026:09:37:57 -0400] "GET /buy.php?item/200015438 HTTP/1.1" 200 19645 "https://apkmodguru.com/buy.php?item/200015456" "Mozilla/5.0 AppleWebKit/537.36 (KHTML, like Gecko; compatible; GPTBot/1.4; +https://openai.com/gptbot)"
74.7.242.38 - - [06/Jul/2026:09:38:01 -0400] "GET /buy.php?shopping/263010148 HTTP/1.1" 200 19414 "https://apkmodguru.com/buy.php?item/200009076" "Mozilla/5.0 AppleWebKit/537.36 (KHTML, like Gecko; compatible; GPTBot/1.4; +https://openai.com/gptbot)"
74.7.242.38 - - [06/Jul/2026:09:38:02 -0400] "GET /buy.php?shopping/284008379 HTTP/1.1" 200 19567 "https://apkmodguru.com/buy.php?item/060046962" "Mozilla/5.0 AppleWebKit/537.36 (KHTML, like Gecko; compatible; GPTBot/1.4; +https://openai.com/gptbot)"
74.7.242.38 - - [06/Jul/2026:09:38:03 -0400] "GET /buy.php?m53260352037 HTTP/1.1" 200 19564 "https://apkmodguru.com/buy.php?item/200009076" "Mozilla/5.0 AppleWebKit/537.36 (KHTML, like Gecko; compatible; GPTBot/1.4; +https://openai.com/gptbot)"
74.7.242.38 - - [06/Jul/2026:09:38:04 -0400] "GET /buy.php?item/002034380 HTTP/1.1" 200 19014 "https://apkmodguru.com/buy.php?item/060046962" "Mozilla/5.0 AppleWebKit/537.36 (KHTML, like Gecko; compatible; GPTBot/1.4; +https://openai.com/gptbot)"
74.7.242.38 - - [06/Jul/2026:09:38:05 -0400] "GET /buy.php?item/200004274 HTTP/1.1" 200 19540 "https://apkmodguru.com/buy.php?item/200009076" "Mozilla/5.0 AppleWebKit/537.36 (KHTML, like Gecko; compatible; GPTBot/1.4; +https://openai.com/gptbot)"
74.7.242.38 - - [06/Jul/2026:09:38:05 -0400] "GET /buy.php?m64953859417 HTTP/1.1" 200 20328 "https://apkmodguru.com/buy.php?item/300012674" "Mozilla/5.0 AppleWebKit/537.36 (KHTML, like Gecko; compatible; GPTBot/1.4; +https://openai.com/gptbot)"
74.7.242.38 - - [06/Jul/2026:09:38:06 -0400] "GET /buy.php?item/300003142 HTTP/1.1" 200 19201 "https://apkmodguru.com/buy.php?item/300012676" "Mozilla/5.0 AppleWebKit/537.36 (KHTML, like Gecko; compatible; GPTBot/1.4; +https://openai.com/gptbot)"
74.7.242.38 - - [06/Jul/2026:09:38:07 -0400] "GET /buy.php?item/081033381 HTTP/1.1" 200 19317 "https://apkmodguru.com/buy.php?item/300012676" "Mozilla/5.0 AppleWebKit/537.36 (KHTML, like Gecko; compatible; GPTBot/1.4; +https://openai.com/gptbot)"
74.7.242.38 - - [06/Jul/2026:09:38:07 -0400] "GET /buy.php?item/300003144 HTTP/1.1" 200 19177 "https://apkmodguru.com/buy.php?item/300012676" "Mozilla/5.0 AppleWebKit/537.36 (KHTML, like Gecko; compatible; GPTBot/1.4; +https://openai.com/gptbot)"
192.178.6.102 - - [06/Jul/2026:09:38:10 -0400] "GET /items/U975007097/ HTTP/1.1" 200 18629 "-" "Mozilla/5.0 (Linux; Android 6.0.1; Nexus 5X Build/MMB29P) AppleWebKit/537.36 (KHTML, like Gecko) Chrome/150.0.7871.46 Mobile Safari/537.36 (compatible; Googlebot/2.1; +http://www.google.com/bot.html)"
74.7.242.38 - - [06/Jul/2026:09:38:10 -0400] "GET /buy.php?item/200004284 HTTP/1.1" 200 20 "https://apkmodguru.com/buy.php?item/200015436" "Mozilla/5.0 AppleWebKit/537.36 (KHTML, like Gecko; compatible; GPTBot/1.4; +https://openai.com/gptbot)"
185.191.171.18 - - [06/Jul/2026:09:38:30 -0400] "GET /?items%2FO42394195381%2F HTTP/1.1" 200 0 "-" "Mozilla/5.0 (compatible; SemrushBot/7~bl; +http://www.semrush.com/bot.html)"
74.7.242.38 - - [06/Jul/2026:09:38:30 -0400] "GET /buy.php?item/167031001 HTTP/1.1" 200 18996 "https://apkmodguru.com/buy.php?item/200015456" "Mozilla/5.0 AppleWebKit/537.36 (KHTML, like Gecko; compatible; GPTBot/1.4; +https://openai.com/gptbot)"
74.7.242.38 - - [06/Jul/2026:09:38:31 -0400] "GET /buy.php?item/263010147 HTTP/1.1" 200 19468 "https://apkmodguru.com/buy.php?shopping/263010148" "Mozilla/5.0 AppleWebKit/537.36 (KHTML, like Gecko; compatible; GPTBot/1.4; +https://openai.com/gptbot)"
74.7.242.38 - - [06/Jul/2026:09:38:32 -0400] "GET /buy.php?item/248011662 HTTP/1.1" 200 19563 "https://apkmodguru.com/buy.php?shopping/263010148" "Mozilla/5.0 AppleWebKit/537.36 (KHTML, like Gecko; compatible; GPTBot/1.4; +https://openai.com/gptbot)"
74.7.242.38 - - [06/Jul/2026:09:38:34 -0400] "GET /buy.php?item/031000783 HTTP/1.1" 200 19553 "https://apkmodguru.com/buy.php?m53260352037" "Mozilla/5.0 AppleWebKit/537.36 (KHTML, like Gecko; compatible; GPTBot/1.4; +https://openai.com/gptbot)"
85.208.96.194 - - [06/Jul/2026:09:38:34 -0400] "GET /?items%2FM2827456530%2F HTTP/1.1" 200 0 "-" "Mozilla/5.0 (compatible; SemrushBot/7~bl; +http://www.semrush.com/bot.html)"
185.191.171.14 - - [06/Jul/2026:09:38:36 -0400] "GET /?items%2FJ98471193635%2F HTTP/1.1" 200 0 "-" "Mozilla/5.0 (compatible; SemrushBot/7~bl; +http://www.semrush.com/bot.html)"
185.191.171.9 - - [06/Jul/2026:09:38:38 -0400] "GET /?items%2FT19987276451%2F HTTP/1.1" 200 0 "-" "Mozilla/5.0 (compatible; SemrushBot/7~bl; +http://www.semrush.com/bot.html)"
85.208.96.198 - - [06/Jul/2026:09:38:39 -0400] "GET /?items%2FT19987105098%2F HTTP/1.1" 200 0 "-" "Mozilla/5.0 (compatible; SemrushBot/7~bl; +http://www.semrush.com/bot.html)"
85.208.96.205 - - [06/Jul/2026:09:38:41 -0400] "GET /?items%2FO42394158983%2F HTTP/1.1" 200 0 "-" "Mozilla/5.0 (compatible; SemrushBot/7~bl; +http://www.semrush.com/bot.html)"
85.208.96.196 - - [06/Jul/2026:09:38:42 -0400] "GET /?items%2FT19987251006%2F HTTP/1.1" 200 0 "-" "Mozilla/5.0 (compatible; SemrushBot/7~bl; +http://www.semrush.com/bot.html)"
185.191.171.8 - - [06/Jul/2026:09:38:45 -0400] "GET /?items%2FD55487162376%2F HTTP/1.1" 200 0 "-" "Mozilla/5.0 (compatible; SemrushBot/7~bl; +http://www.semrush.com/bot.html)"
74.7.242.38 - - [06/Jul/2026:09:38:35 -0400] "GET /buy.php?item/077000013 HTTP/1.1" 200 20 "https://apkmodguru.com/buy.php?shopping/263010148" "Mozilla/5.0 AppleWebKit/537.36 (KHTML, like Gecko; compatible; GPTBot/1.4; +https://openai.com/gptbot)"
74.7.242.38 - - [06/Jul/2026:09:38:54 -0400] "GET /buy.php?item/054022282 HTTP/1.1" 200 20592 "https://apkmodguru.com/buy.php?item/200004274" "Mozilla/5.0 AppleWebKit/537.36 (KHTML, like Gecko; compatible; GPTBot/1.4; +https://openai.com/gptbot)"
74.7.242.38 - - [06/Jul/2026:09:38:55 -0400] "GET /buy.php?item/200040754 HTTP/1.1" 200 19190 "https://apkmodguru.com/buy.php?item/200004274" "Mozilla/5.0 AppleWebKit/537.36 (KHTML, like Gecko; compatible; GPTBot/1.4; +https://openai.com/gptbot)"
74.7.242.38 - - [06/Jul/2026:09:38:56 -0400] "GET /buy.php?item/300005954 HTTP/1.1" 200 19074 "https://apkmodguru.com/buy.php?item/300003142" "Mozilla/5.0 AppleWebKit/537.36 (KHTML, like Gecko; compatible; GPTBot/1.4; +https://openai.com/gptbot)"
74.7.242.38 - - [06/Jul/2026:09:38:57 -0400] "GET /buy.php?item/300005958 HTTP/1.1" 200 19499 "https://apkmodguru.com/buy.php?item/300003142" "Mozilla/5.0 AppleWebKit/537.36 (KHTML, like Gecko; compatible; GPTBot/1.4; +https://openai.com/gptbot)"
74.7.242.38 - - [06/Jul/2026:09:38:59 -0400] "GET /buy.php?item/172000788 HTTP/1.1" 200 20115 "https://apkmodguru.com/buy.php?m64953859417" "Mozilla/5.0 AppleWebKit/537.36 (KHTML, like Gecko; compatible; GPTBot/1.4; +https://openai.com/gptbot)"
74.7.242.38 - - [06/Jul/2026:09:39:00 -0400] "GET /buy.php?item/300012684 HTTP/1.1" 200 19327 "https://apkmodguru.com/buy.php?item/300003144" "Mozilla/5.0 AppleWebKit/537.36 (KHTML, like Gecko; compatible; GPTBot/1.4; +https://openai.com/gptbot)"
74.7.242.38 - - [06/Jul/2026:09:39:01 -0400] "GET /buy.php?item/031000789 HTTP/1.1" 200 19663 "https://apkmodguru.com/buy.php?m53260352037" "Mozilla/5.0 AppleWebKit/537.36 (KHTML, like Gecko; compatible; GPTBot/1.4; +https://openai.com/gptbot)"
74.7.242.38 - - [06/Jul/2026:09:39:02 -0400] "GET /buy.php?item/200040758 HTTP/1.1" 200 19230 "https://apkmodguru.com/buy.php?item/200004274" "Mozilla/5.0 AppleWebKit/537.36 (KHTML, like Gecko; compatible; GPTBot/1.4; +https://openai.com/gptbot)"
74.7.242.38 - - [06/Jul/2026:09:39:03 -0400] "GET /buy.php?item/031000785 HTTP/1.1" 200 19501 "https://apkmodguru.com/buy.php?m53260352037" "Mozilla/5.0 AppleWebKit/537.36 (KHTML, like Gecko; compatible; GPTBot/1.4; +https://openai.com/gptbot)"
85.208.96.200 - - [06/Jul/2026:09:39:04 -0400] "GET /?items%2FO87712274917%2F HTTP/1.1" 200 0 "-" "Mozilla/5.0 (compatible; SemrushBot/7~bl; +http://www.semrush.com/bot.html)"
74.7.242.38 - - [06/Jul/2026:09:39:04 -0400] "GET /buy.php?item/031000799 HTTP/1.1" 200 19846 "https://apkmodguru.com/buy.php?item/031000783" "Mozilla/5.0 AppleWebKit/537.36 (KHTML, like Gecko; compatible; GPTBot/1.4; +https://openai.com/gptbot)"
74.7.242.38 - - [06/Jul/2026:09:39:05 -0400] "GET /buy.php?item/028003042 HTTP/1.1" 200 20008 "https://apkmodguru.com/buy.php?item/031000783" "Mozilla/5.0 AppleWebKit/537.36 (KHTML, like Gecko; compatible; GPTBot/1.4; +https://openai.com/gptbot)"
74.7.242.38 - - [06/Jul/2026:09:39:06 -0400] "GET /buy.php?item/033040065 HTTP/1.1" 200 19877 "https://apkmodguru.com/buy.php?item/300016496" "Mozilla/5.0 AppleWebKit/537.36 (KHTML, like Gecko; compatible; GPTBot/1.4; +https://openai.com/gptbot)"
74.7.242.38 - - [06/Jul/2026:09:39:06 -0400] "GET /buy.php?item/200015460 HTTP/1.1" 200 19984 "https://apkmodguru.com/buy.php?item/200040754" "Mozilla/5.0 AppleWebKit/537.36 (KHTML, like Gecko; compatible; GPTBot/1.4; +https://openai.com/gptbot)"
74.7.242.38 - - [06/Jul/2026:09:39:07 -0400] "GET /buy.php?item/060012402 HTTP/1.1" 200 19431 "https://apkmodguru.com/buy.php?item/060046962" "Mozilla/5.0 AppleWebKit/537.36 (KHTML, like Gecko; compatible; GPTBot/1.4; +https://openai.com/gptbot)"
74.7.242.38 - - [06/Jul/2026:09:39:08 -0400] "GET /buy.php?item/284008380 HTTP/1.1" 200 20391 "https://apkmodguru.com/buy.php?shopping/284008379" "Mozilla/5.0 AppleWebKit/537.36 (KHTML, like Gecko; compatible; GPTBot/1.4; +https://openai.com/gptbot)"
74.7.242.38 - - [06/Jul/2026:09:39:09 -0400] "GET /buy.php?item/172000798 HTTP/1.1" 200 19385 "https://apkmodguru.com/buy.php?item/172000788" "Mozilla/5.0 AppleWebKit/537.36 (KHTML, like Gecko; compatible; GPTBot/1.4; +https://openai.com/gptbot)"
74.7.242.38 - - [06/Jul/2026:09:39:11 -0400] "GET /buy.php?item/026011810 HTTP/1.1" 200 20360 "https://apkmodguru.com/buy.php?item/263010147" "Mozilla/5.0 AppleWebKit/537.36 (KHTML, like Gecko; compatible; GPTBot/1.4; +https://openai.com/gptbot)"
74.7.242.38 - - [06/Jul/2026:09:39:12 -0400] "GET /buy.php?item/260007170 HTTP/1.1" 200 19244 "https://apkmodguru.com/buy.php?item/031000789" "Mozilla/5.0 AppleWebKit/537.36 (KHTML, like Gecko; compatible; GPTBot/1.4; +https://openai.com/gptbot)"
74.7.242.38 - - [06/Jul/2026:09:39:12 -0400] "GET /buy.php?item/200022294 HTTP/1.1" 200 19377 "https://apkmodguru.com/buy.php?item/200040758" "Mozilla/5.0 AppleWebKit/537.36 (KHTML, like Gecko; compatible; GPTBot/1.4; +https://openai.com/gptbot)"
185.191.171.4 - - [06/Jul/2026:09:39:22 -0400] "GET /robots.txt HTTP/1.1" 200 130 "-" "Mozilla/5.0 (compatible; SemrushBot/7~bl; +http://www.semrush.com/bot.html)"
85.208.96.207 - - [06/Jul/2026:09:39:22 -0400] "GET /?items%2FW3010482862%2F HTTP/1.1" 200 0 "-" "Mozilla/5.0 (compatible; SemrushBot/7~bl; +http://www.semrush.com/bot.html)"
185.191.171.11 - - [06/Jul/2026:09:39:24 -0400] "GET /?items%2FO8771221238%2F HTTP/1.1" 200 0 "-" "Mozilla/5.0 (compatible; SemrushBot/7~bl; +http://www.semrush.com/bot.html)"
74.7.242.38 - - [06/Jul/2026:09:39:13 -0400] "GET /buy.php?item/077003901 HTTP/1.1" 200 20244 "https://apkmodguru.com/buy.php?item/031000785" "Mozilla/5.0 AppleWebKit/537.36 (KHTML, like Gecko; compatible; GPTBot/1.4; +https://openai.com/gptbot)"
74.7.242.38 - - [06/Jul/2026:09:39:25 -0400] "GET /buy.php?item/031000797 HTTP/1.1" 200 19455 "https://apkmodguru.com/buy.php?item/031000799" "Mozilla/5.0 AppleWebKit/537.36 (KHTML, like Gecko; compatible; GPTBot/1.4; +https://openai.com/gptbot)"
74.7.242.38 - - [06/Jul/2026:09:39:26 -0400] "GET /buy.php?item/031000795 HTTP/1.1" 200 19722 "https://apkmodguru.com/buy.php?item/031000799" "Mozilla/5.0 AppleWebKit/537.36 (KHTML, like Gecko; compatible; GPTBot/1.4; +https://openai.com/gptbot)"
74.7.242.38 - - [06/Jul/2026:09:39:27 -0400] "GET /buy.php?item/033044777 HTTP/1.1" 200 19540 "https://apkmodguru.com/buy.php?item/033040065" "Mozilla/5.0 AppleWebKit/537.36 (KHTML, like Gecko; compatible; GPTBot/1.4; +https://openai.com/gptbot)"
74.7.242.38 - - [06/Jul/2026:09:39:28 -0400] "GET /buy.php?item/200009082 HTTP/1.1" 200 19459 "https://apkmodguru.com/buy.php?item/200015460" "Mozilla/5.0 AppleWebKit/537.36 (KHTML, like Gecko; compatible; GPTBot/1.4; +https://openai.com/gptbot)"
74.7.242.38 - - [06/Jul/2026:09:39:36 -0400] "GET /buy.php?item/057028077 HTTP/1.1" 200 19369 "https://apkmodguru.com/buy.php?item/031000799" "Mozilla/5.0 AppleWebKit/537.36 (KHTML, like Gecko; compatible; GPTBot/1.4; +https://openai.com/gptbot)"
74.7.242.38 - - [06/Jul/2026:09:39:39 -0400] "GET /buy.php?item/033044773 HTTP/1.1" 200 20706 "https://apkmodguru.com/buy.php?item/033040065" "Mozilla/5.0 AppleWebKit/537.36 (KHTML, like Gecko; compatible; GPTBot/1.4; +https://openai.com/gptbot)"
74.7.242.38 - - [06/Jul/2026:09:39:39 -0400] "GET /buy.php?item/018005950 HTTP/1.1" 200 19782 "https://apkmodguru.com/buy.php?item/172000798" "Mozilla/5.0 AppleWebKit/537.36 (KHTML, like Gecko; compatible; GPTBot/1.4; +https://openai.com/gptbot)"
74.7.242.38 - - [06/Jul/2026:09:39:40 -0400] "GET /buy.php?item/152021822 HTTP/1.1" 200 19324 "https://apkmodguru.com/buy.php?item/026011810" "Mozilla/5.0 AppleWebKit/537.36 (KHTML, like Gecko; compatible; GPTBot/1.4; +https://openai.com/gptbot)"
85.208.96.207 - - [06/Jul/2026:09:39:43 -0400] "GET /?items%2FJ9847168595%2F HTTP/1.1" 200 0 "-" "Mozilla/5.0 (compatible; SemrushBot/7~bl; +http://www.semrush.com/bot.html)"
77.75.79.95 - - [06/Jul/2026:09:39:56 -0400] "GET /items/A132117470/ HTTP/1.1" 200 0 "-" "Mozilla/5.0 (compatible; SeznamBot/4.0; +https://o-seznam.cz/napoveda/vyhledavani/en/seznambot-crawler/)"
74.7.242.38 - - [06/Jul/2026:09:39:41 -0400] "GET /buy.php?item/251026347 HTTP/1.1" 200 20 "https://apkmodguru.com/buy.php?item/300005958" "Mozilla/5.0 AppleWebKit/537.36 (KHTML, like Gecko; compatible; GPTBot/1.4; +https://openai.com/gptbot)"
74.7.242.38 - - [06/Jul/2026:09:40:00 -0400] "GET /buy.php?item/038021754 HTTP/1.1" 200 21060 "https://apkmodguru.com/buy.php?item/167031001" "Mozilla/5.0 AppleWebKit/537.36 (KHTML, like Gecko; compatible; GPTBot/1.4; +https://openai.com/gptbot)"
74.7.242.38 - - [06/Jul/2026:09:40:02 -0400] "GET /buy.php?item/172013946 HTTP/1.1" 200 19712 "https://apkmodguru.com/buy.php?item/172000798" "Mozilla/5.0 AppleWebKit/537.36 (KHTML, like Gecko; compatible; GPTBot/1.4; +https://openai.com/gptbot)"
74.7.242.38 - - [06/Jul/2026:09:40:02 -0400] "GET /buy.php?item/168048532 HTTP/1.1" 200 20695 "https://apkmodguru.com/buy.php?item/300005954" "Mozilla/5.0 AppleWebKit/537.36 (KHTML, like Gecko; compatible; GPTBot/1.4; +https://openai.com/gptbot)"
192.178.6.103 - - [06/Jul/2026:09:40:03 -0400] "GET /items/B382105609/ HTTP/1.1" 200 19074 "-" "Mozilla/5.0 (Linux; Android 6.0.1; Nexus 5X Build/MMB29P) AppleWebKit/537.36 (KHTML, like Gecko) Chrome/150.0.7871.46 Mobile Safari/537.36 (compatible; Googlebot/2.1; +http://www.google.com/bot.html)"
74.7.242.38 - - [06/Jul/2026:09:40:03 -0400] "GET /buy.php?item/249017135 HTTP/1.1" 200 19417 "https://apkmodguru.com/buy.php?item/249016713" "Mozilla/5.0 AppleWebKit/537.36 (KHTML, like Gecko; compatible; GPTBot/1.4; +https://openai.com/gptbot)"
74.7.242.38 - - [06/Jul/2026:09:40:04 -0400] "GET /buy.php?item/031000793 HTTP/1.1" 200 19633 "https://apkmodguru.com/buy.php?item/031000797" "Mozilla/5.0 AppleWebKit/537.36 (KHTML, like Gecko; compatible; GPTBot/1.4; +https://openai.com/gptbot)"
74.7.242.38 - - [06/Jul/2026:09:40:05 -0400] "GET /buy.php?item/172013948 HTTP/1.1" 200 19608 "https://apkmodguru.com/buy.php?item/172000798" "Mozilla/5.0 AppleWebKit/537.36 (KHTML, like Gecko; compatible; GPTBot/1.4; +https://openai.com/gptbot)"
74.7.242.38 - - [06/Jul/2026:09:40:06 -0400] "GET /buy.php?item/076021358 HTTP/1.1" 200 19366 "https://apkmodguru.com/buy.php?item/100018906" "Mozilla/5.0 AppleWebKit/537.36 (KHTML, like Gecko; compatible; GPTBot/1.4; +https://openai.com/gptbot)"
74.7.242.38 - - [06/Jul/2026:09:40:07 -0400] "GET /buy.php?item/185023569 HTTP/1.1" 200 19579 "https://apkmodguru.com/buy.php?shopping/185039522" "Mozilla/5.0 AppleWebKit/537.36 (KHTML, like Gecko; compatible; GPTBot/1.4; +https://openai.com/gptbot)"
74.7.242.38 - - [06/Jul/2026:09:40:08 -0400] "GET /buy.php?item/111023145 HTTP/1.1" 200 19483 "https://apkmodguru.com/buy.php?item/018005950" "Mozilla/5.0 AppleWebKit/537.36 (KHTML, like Gecko; compatible; GPTBot/1.4; +https://openai.com/gptbot)"
185.191.171.1 - - [06/Jul/2026:09:40:09 -0400] "GET /?items%2FD55487185595%2F HTTP/1.1" 200 0 "-" "Mozilla/5.0 (compatible; SemrushBot/7~bl; +http://www.semrush.com/bot.html)"
85.208.96.211 - - [06/Jul/2026:09:40:17 -0400] "GET /?items%2FF474557948%2F HTTP/1.1" 200 0 "-" "Mozilla/5.0 (compatible; SemrushBot/7~bl; +http://www.semrush.com/bot.html)"
204.12.208.18 - - [06/Jul/2026:09:39:59 -0400] "GET /wp-includes/js4516e0/index.php HTTP/1.1" 200 0 "https://apkmodguru.com/wp-includes/js4516e0/index.php" "Mozilla/5.0 (Macintosh; Intel Mac OS X 10_6_8) AppleWebKit/535.1 (KHTML, like Gecko) Chrome/13.0.782.112 Safari/535.1"
204.12.208.18 - - [06/Jul/2026:09:40:19 -0400] "GET /wp-includes/js4516e0/index.php HTTP/1.1" 200 26 "https://apkmodguru.com/wp-includes/js4516e0/index.php" "Mozilla/5.0 (Macintosh; U; PPC Mac OS X; ja-jp) AppleWebKit/523.10.6 (KHTML, like Gecko) Version/3.0.4 Safari/523.10.6"
85.208.96.198 - - [06/Jul/2026:09:40:23 -0400] "GET /?items%2FO68550119179%2F HTTP/1.1" 200 0 "-" "Mozilla/5.0 (compatible; SemrushBot/7~bl; +http://www.semrush.com/bot.html)"
66.249.77.35 - - [06/Jul/2026:09:40:26 -0400] "GET /items/M534190577 HTTP/1.1" 200 19962 "-" "Mozilla/5.0 (Linux; Android 6.0.1; Nexus 5X Build/MMB29P) AppleWebKit/537.36 (KHTML, like Gecko) Chrome/150.0.7871.46 Mobile Safari/537.36 (compatible; Googlebot/2.1; +http://www.google.com/bot.html)"
74.7.242.38 - - [06/Jul/2026:09:40:09 -0400] "GET /buy.php?item/231024659 HTTP/1.1" 200 20 "https://apkmodguru.com/buy.php?item/222005102" "Mozilla/5.0 AppleWebKit/537.36 (KHTML, like Gecko; compatible; GPTBot/1.4; +https://openai.com/gptbot)"
74.7.242.38 - - [06/Jul/2026:09:40:29 -0400] "GET /buy.php?item/117032685 HTTP/1.1" 200 19686 "https://apkmodguru.com/buy.php?item/183049729" "Mozilla/5.0 AppleWebKit/537.36 (KHTML, like Gecko; compatible; GPTBot/1.4; +https://openai.com/gptbot)"
74.7.242.38 - - [06/Jul/2026:09:40:29 -0400] "GET /buy.php?item/049038761 HTTP/1.1" 200 20 "https://apkmodguru.com/buy.php?item/265041289" "Mozilla/5.0 AppleWebKit/537.36 (KHTML, like Gecko; compatible; GPTBot/1.4; +https://openai.com/gptbot)"
192.178.6.102 - - [06/Jul/2026:09:40:49 -0400] "GET /items/B893380448/ HTTP/1.1" 200 19636 "-" "Mozilla/5.0 (Linux; Android 6.0.1; Nexus 5X Build/MMB29P) AppleWebKit/537.36 (KHTML, like Gecko) Chrome/150.0.7871.46 Mobile Safari/537.36 (compatible; Googlebot/2.1; +http://www.google.com/bot.html)"
66.249.77.33 - - [06/Jul/2026:09:40:49 -0400] "GET /?_g=2685808 HTTP/1.1" 200 19079 "-" "Mozilla/5.0 (Linux; Android 6.0.1; Nexus 5X Build/MMB29P) AppleWebKit/537.36 (KHTML, like Gecko) Chrome/150.0.7871.46 Mobile Safari/537.36 (compatible; Googlebot/2.1; +http://www.google.com/bot.html)"
85.208.96.203 - - [06/Jul/2026:09:40:55 -0400] "GET /?items%2FO4239435228%2F HTTP/1.1" 200 0 "-" "Mozilla/5.0 (compatible; SemrushBot/7~bl; +http://www.semrush.com/bot.html)"
185.191.171.11 - - [06/Jul/2026:09:40:57 -0400] "GET /?items%2FG5985825531%2F HTTP/1.1" 200 0 "-" "Mozilla/5.0 (compatible; SemrushBot/7~bl; +http://www.semrush.com/bot.html)"
85.208.96.193 - - [06/Jul/2026:09:40:59 -0400] "GET /?items%2FF47455307988%2F HTTP/1.1" 200 0 "-" "Mozilla/5.0 (compatible; SemrushBot/7~bl; +http://www.semrush.com/bot.html)"
74.7.242.38 - - [06/Jul/2026:09:40:49 -0400] "GET /buy.php?item/069037581 HTTP/1.1" 200 20 "https://apkmodguru.com/buy.php?shopping/255042734" "Mozilla/5.0 AppleWebKit/537.36 (KHTML, like Gecko; compatible; GPTBot/1.4; +https://openai.com/gptbot)"
74.7.242.38 - - [06/Jul/2026:09:41:09 -0400] "GET /buy.php?item/207048935 HTTP/1.1" 200 19374 "https://apkmodguru.com/buy.php?item/226043002" "Mozilla/5.0 AppleWebKit/537.36 (KHTML, like Gecko; compatible; GPTBot/1.4; +https://openai.com/gptbot)"
74.7.242.38 - - [06/Jul/2026:09:41:09 -0400] "GET /buy.php?item/234016858 HTTP/1.1" 200 20559 "https://apkmodguru.com/buy.php?item/249017135" "Mozilla/5.0 AppleWebKit/537.36 (KHTML, like Gecko; compatible; GPTBot/1.4; +https://openai.com/gptbot)"
74.7.242.38 - - [06/Jul/2026:09:41:10 -0400] "GET /buy.php?item/031000787 HTTP/1.1" 200 19824 "https://apkmodguru.com/buy.php?item/031000793" "Mozilla/5.0 AppleWebKit/537.36 (KHTML, like Gecko; compatible; GPTBot/1.4; +https://openai.com/gptbot)"
74.7.242.38 - - [06/Jul/2026:09:41:11 -0400] "GET /buy.php?item/203033369 HTTP/1.1" 200 19423 "https://apkmodguru.com/buy.php?item/172013948" "Mozilla/5.0 AppleWebKit/537.36 (KHTML, like Gecko; compatible; GPTBot/1.4; +https://openai.com/gptbot)"
66.249.77.35 - - [06/Jul/2026:09:41:12 -0400] "GET /shop/training/range106043229.html HTTP/1.1" 200 19526 "-" "Mozilla/5.0 (Linux; Android 6.0.1; Nexus 5X Build/MMB29P) AppleWebKit/537.36 (KHTML, like Gecko) Chrome/150.0.7871.46 Mobile Safari/537.36 (compatible; Googlebot/2.1; +http://www.google.com/bot.html)"
74.7.242.38 - - [06/Jul/2026:09:41:12 -0400] "GET /buy.php?item/216035048 HTTP/1.1" 200 20790 "https://apkmodguru.com/buy.php?item/090008416" "Mozilla/5.0 AppleWebKit/537.36 (KHTML, like Gecko; compatible; GPTBot/1.4; +https://openai.com/gptbot)"
74.7.242.38 - - [06/Jul/2026:09:41:13 -0400] "GET /buy.php?shopping/227017434 HTTP/1.1" 200 19501 "https://apkmodguru.com/buy.php?item/185023569" "Mozilla/5.0 AppleWebKit/537.36 (KHTML, like Gecko; compatible; GPTBot/1.4; +https://openai.com/gptbot)"
74.7.242.38 - - [06/Jul/2026:09:41:14 -0400] "GET /buy.php?item/111048575 HTTP/1.1" 200 19600 "https://apkmodguru.com/buy.php?item/111023145" "Mozilla/5.0 AppleWebKit/537.36 (KHTML, like Gecko; compatible; GPTBot/1.4; +https://openai.com/gptbot)"
192.178.6.104 - - [06/Jul/2026:09:41:16 -0400] "GET /saiga.php?sitemap247.xml HTTP/1.1" 403 1242 "-" "Mozilla/5.0 (compatible; Googlebot/2.1; +http://www.google.com/bot.html)"
85.208.96.205 - - [06/Jul/2026:09:41:17 -0400] "GET /?items%2FW3010492751%2F HTTP/1.1" 200 0 "-" "Mozilla/5.0 (compatible; SemrushBot/7~bl; +http://www.semrush.com/bot.html)"
185.191.171.3 - - [06/Jul/2026:09:41:26 -0400] "GET /?items%2FM2827462461%2F HTTP/1.1" 200 0 "-" "Mozilla/5.0 (compatible; SemrushBot/7~bl; +http://www.semrush.com/bot.html)"
69.197.179.242 - - [06/Jul/2026:09:41:27 -0400] "GET /wp-includes/js4516e0/index.php?id=398528 HTTP/1.1" 200 0 "https://apkmodguru.com/wp-includes/js4516e0/index.php?id=398528" "Mozilla/5.0"
74.7.242.38 - - [06/Jul/2026:09:41:15 -0400] "GET /buy.php?item/125039879 HTTP/1.1" 200 20 "https://apkmodguru.com/buy.php?item/300044474" "Mozilla/5.0 AppleWebKit/537.36 (KHTML, like Gecko; compatible; GPTBot/1.4; +https://openai.com/gptbot)"
74.7.242.38 - - [06/Jul/2026:09:41:34 -0400] "GET /buy.php?item/117018333 HTTP/1.1" 200 20035 "https://apkmodguru.com/buy.php?item/117032685" "Mozilla/5.0 AppleWebKit/537.36 (KHTML, like Gecko; compatible; GPTBot/1.4; +https://openai.com/gptbot)"
192.178.6.103 - - [06/Jul/2026:09:41:36 -0400] "GET /items/I453025290/ HTTP/1.1" 200 19332 "-" "Mozilla/5.0 (Linux; Android 6.0.1; Nexus 5X Build/MMB29P) AppleWebKit/537.36 (KHTML, like Gecko) Chrome/150.0.7871.46 Mobile Safari/537.36 (compatible; Googlebot/2.1; +http://www.google.com/bot.html)"
74.7.242.38 - - [06/Jul/2026:09:41:36 -0400] "GET /buy.php?item/117018331 HTTP/1.1" 200 20027 "https://apkmodguru.com/buy.php?item/117032685" "Mozilla/5.0 AppleWebKit/537.36 (KHTML, like Gecko; compatible; GPTBot/1.4; +https://openai.com/gptbot)"
74.7.242.38 - - [06/Jul/2026:09:41:37 -0400] "GET /buy.php?item/072013658 HTTP/1.1" 200 19498 "https://apkmodguru.com/buy.php?item/222015974" "Mozilla/5.0 AppleWebKit/537.36 (KHTML, like Gecko; compatible; GPTBot/1.4; +https://openai.com/gptbot)"
74.7.242.38 - - [06/Jul/2026:09:41:39 -0400] "GET /buy.php?item/285005777 HTTP/1.1" 200 20326 "https://apkmodguru.com/buy.php?item/207048935" "Mozilla/5.0 AppleWebKit/537.36 (KHTML, like Gecko; compatible; GPTBot/1.4; +https://openai.com/gptbot)"
74.7.242.38 - - [06/Jul/2026:09:41:40 -0400] "GET /buy.php?item/127036959 HTTP/1.1" 200 20492 "https://apkmodguru.com/buy.php?item/127048753" "Mozilla/5.0 AppleWebKit/537.36 (KHTML, like Gecko; compatible; GPTBot/1.4; +https://openai.com/gptbot)"
74.7.242.38 - - [06/Jul/2026:09:41:41 -0400] "GET /buy.php?item/127048269 HTTP/1.1" 200 19540 "https://apkmodguru.com/buy.php?item/300033504" "Mozilla/5.0 AppleWebKit/537.36 (KHTML, like Gecko; compatible; GPTBot/1.4; +https://openai.com/gptbot)"
74.7.242.38 - - [06/Jul/2026:09:41:41 -0400] "GET /buy.php?item/203033359 HTTP/1.1" 200 19335 "https://apkmodguru.com/buy.php?item/203033369" "Mozilla/5.0 AppleWebKit/537.36 (KHTML, like Gecko; compatible; GPTBot/1.4; +https://openai.com/gptbot)"
66.249.68.132 - - [06/Jul/2026:09:41:42 -0400] "GET /items/R924548114/ HTTP/1.1" 200 20336 "-" "Mozilla/5.0 (Linux; Android 6.0.1; Nexus 5X Build/MMB29P) AppleWebKit/537.36 (KHTML, like Gecko) Chrome/150.0.7871.46 Mobile Safari/537.36 (compatible; Googlebot/2.1; +http://www.google.com/bot.html)"
74.7.242.38 - - [06/Jul/2026:09:41:42 -0400] "GET /buy.php?item/166047666 HTTP/1.1" 200 20219 "https://apkmodguru.com/buy.php?item/216035048" "Mozilla/5.0 AppleWebKit/537.36 (KHTML, like Gecko; compatible; GPTBot/1.4; +https://openai.com/gptbot)"
74.7.242.38 - - [06/Jul/2026:09:41:50 -0400] "GET /buy.php?item/198023768 HTTP/1.1" 200 19523 "https://apkmodguru.com/buy.php?item/145044405" "Mozilla/5.0 AppleWebKit/537.36 (KHTML, like Gecko; compatible; GPTBot/1.4; +https://openai.com/gptbot)"
74.7.242.38 - - [06/Jul/2026:09:42:02 -0400] "GET /buy.php?item/024035300 HTTP/1.1" 200 19853 "https://apkmodguru.com/buy.php?item/111048575" "Mozilla/5.0 AppleWebKit/537.36 (KHTML, like Gecko; compatible; GPTBot/1.4; +https://openai.com/gptbot)"
74.7.242.38 - - [06/Jul/2026:09:42:08 -0400] "GET /buy.php?item/108035294 HTTP/1.1" 200 19894 "https://apkmodguru.com/buy.php?item/108021820" "Mozilla/5.0 AppleWebKit/537.36 (KHTML, like Gecko; compatible; GPTBot/1.4; +https://openai.com/gptbot)"
74.7.242.38 - - [06/Jul/2026:09:42:09 -0400] "GET /buy.php?item/117032689 HTTP/1.1" 200 20253 "https://apkmodguru.com/buy.php?item/117018333" "Mozilla/5.0 AppleWebKit/537.36 (KHTML, like Gecko; compatible; GPTBot/1.4; +https://openai.com/gptbot)"
74.7.242.38 - - [06/Jul/2026:09:42:10 -0400] "GET /buy.php?item/275046137 HTTP/1.1" 200 19242 "https://apkmodguru.com/buy.php?item/275034291" "Mozilla/5.0 AppleWebKit/537.36 (KHTML, like Gecko; compatible; GPTBot/1.4; +https://openai.com/gptbot)"
74.7.242.38 - - [06/Jul/2026:09:42:10 -0400] "GET /buy.php?item/290033092 HTTP/1.1" 200 19235 "https://apkmodguru.com/buy.php?item/072013658" "Mozilla/5.0 AppleWebKit/537.36 (KHTML, like Gecko; compatible; GPTBot/1.4; +https://openai.com/gptbot)"
74.7.242.38 - - [06/Jul/2026:09:42:11 -0400] "GET /buy.php?item/125032687 HTTP/1.1" 200 19666 "https://apkmodguru.com/buy.php?item/060042032" "Mozilla/5.0 AppleWebKit/537.36 (KHTML, like Gecko; compatible; GPTBot/1.4; +https://openai.com/gptbot)"
74.7.242.38 - - [06/Jul/2026:09:42:17 -0400] "GET /buy.php?item/264021578 HTTP/1.1" 200 19225 "https://apkmodguru.com/buy.php?item/264025554" "Mozilla/5.0 AppleWebKit/537.36 (KHTML, like Gecko; compatible; GPTBot/1.4; +https://openai.com/gptbot)"
74.7.242.38 - - [06/Jul/2026:09:42:18 -0400] "GET /buy.php?item/137016249 HTTP/1.1" 200 19685 "https://apkmodguru.com/buy.php?item/200001104" "Mozilla/5.0 AppleWebKit/537.36 (KHTML, like Gecko; compatible; GPTBot/1.4; +https://openai.com/gptbot)"
74.7.242.38 - - [06/Jul/2026:09:42:18 -0400] "GET /buy.php?item/195036289 HTTP/1.1" 200 20201 "https://apkmodguru.com/buy.php?item/100040226" "Mozilla/5.0 AppleWebKit/537.36 (KHTML, like Gecko; compatible; GPTBot/1.4; +https://openai.com/gptbot)"
74.7.242.38 - - [06/Jul/2026:09:42:23 -0400] "GET /buy.php?item/235046185 HTTP/1.1" 200 19440 "https://apkmodguru.com/buy.php?item/203033359" "Mozilla/5.0 AppleWebKit/537.36 (KHTML, like Gecko; compatible; GPTBot/1.4; +https://openai.com/gptbot)"
74.7.242.38 - - [06/Jul/2026:09:42:24 -0400] "GET /buy.php?item/198025470 HTTP/1.1" 200 20324 "https://apkmodguru.com/buy.php?item/198023768" "Mozilla/5.0 AppleWebKit/537.36 (KHTML, like Gecko; compatible; GPTBot/1.4; +https://openai.com/gptbot)"
66.249.77.34 - - [06/Jul/2026:09:42:28 -0400] "GET /shopping/106012360 HTTP/1.1" 200 19195 "-" "Mozilla/5.0 (Linux; Android 6.0.1; Nexus 5X Build/MMB29P) AppleWebKit/537.36 (KHTML, like Gecko) Chrome/150.0.7871.46 Mobile Safari/537.36 (compatible; Googlebot/2.1; +http://www.google.com/bot.html)"
74.7.242.38 - - [06/Jul/2026:09:42:28 -0400] "GET /buy.php?item/198025468 HTTP/1.1" 200 19649 "https://apkmodguru.com/buy.php?item/198023768" "Mozilla/5.0 AppleWebKit/537.36 (KHTML, like Gecko; compatible; GPTBot/1.4; +https://openai.com/gptbot)"
74.7.242.38 - - [06/Jul/2026:09:42:29 -0400] "GET /buy.php?item/108021822 HTTP/1.1" 200 19672 "https://apkmodguru.com/buy.php?item/108035294" "Mozilla/5.0 AppleWebKit/537.36 (KHTML, like Gecko; compatible; GPTBot/1.4; +https://openai.com/gptbot)"
74.7.242.38 - - [06/Jul/2026:09:42:30 -0400] "GET /buy.php?item/265001439 HTTP/1.1" 200 19901 "https://apkmodguru.com/buy.php?item/300013804" "Mozilla/5.0 AppleWebKit/537.36 (KHTML, like Gecko; compatible; GPTBot/1.4; +https://openai.com/gptbot)"
74.7.242.38 - - [06/Jul/2026:09:42:31 -0400] "GET /buy.php?item/217045139 HTTP/1.1" 200 19773 "https://apkmodguru.com/buy.php?item/111015919" "Mozilla/5.0 AppleWebKit/537.36 (KHTML, like Gecko; compatible; GPTBot/1.4; +https://openai.com/gptbot)"
74.7.242.38 - - [06/Jul/2026:09:42:32 -0400] "GET /buy.php?item/267033495 HTTP/1.1" 200 20432 "https://apkmodguru.com/buy.php?item/100021872" "Mozilla/5.0 AppleWebKit/537.36 (KHTML, like Gecko; compatible; GPTBot/1.4; +https://openai.com/gptbot)"
74.7.242.38 - - [06/Jul/2026:09:42:32 -0400] "GET /buy.php?item/125019221 HTTP/1.1" 200 19344 "https://apkmodguru.com/buy.php?item/125032687" "Mozilla/5.0 AppleWebKit/537.36 (KHTML, like Gecko; compatible; GPTBot/1.4; +https://openai.com/gptbot)"
74.7.242.38 - - [06/Jul/2026:09:42:33 -0400] "GET /buy.php?item/176035218 HTTP/1.1" 200 19426 "https://apkmodguru.com/buy.php?item/264021578" "Mozilla/5.0 AppleWebKit/537.36 (KHTML, like Gecko; compatible; GPTBot/1.4; +https://openai.com/gptbot)"
74.7.242.38 - - [06/Jul/2026:09:42:34 -0400] "GET /buy.php?item/137020685 HTTP/1.1" 200 19413 "https://apkmodguru.com/buy.php?item/137016249" "Mozilla/5.0 AppleWebKit/537.36 (KHTML, like Gecko; compatible; GPTBot/1.4; +https://openai.com/gptbot)"
74.7.242.38 - - [06/Jul/2026:09:42:35 -0400] "GET /buy.php?item/020030152 HTTP/1.1" 200 19792 "https://apkmodguru.com/buy.php?item/195036289" "Mozilla/5.0 AppleWebKit/537.36 (KHTML, like Gecko; compatible; GPTBot/1.4; +https://openai.com/gptbot)"
185.191.171.9 - - [06/Jul/2026:09:42:36 -0400] "GET /?items%2FD55487238900%2F HTTP/1.1" 200 0 "-" "Mozilla/5.0 (compatible; SemrushBot/7~bl; +http://www.semrush.com/bot.html)"
85.208.96.193 - - [06/Jul/2026:09:42:38 -0400] "GET /?items%2FG59858252580%2F HTTP/1.1" 200 0 "-" "Mozilla/5.0 (compatible; SemrushBot/7~bl; +http://www.semrush.com/bot.html)"
85.208.96.197 - - [06/Jul/2026:09:42:39 -0400] "GET /?items%2FG59858136493%2F HTTP/1.1" 200 0 "-" "Mozilla/5.0 (compatible; SemrushBot/7~bl; +http://www.semrush.com/bot.html)"
185.191.171.17 - - [06/Jul/2026:09:42:41 -0400] "GET /?items%2FJ98471179638%2F HTTP/1.1" 200 0 "-" "Mozilla/5.0 (compatible; SemrushBot/7~bl; +http://www.semrush.com/bot.html)"
185.191.171.16 - - [06/Jul/2026:09:42:43 -0400] "GET /?items%2FG59858241553%2F HTTP/1.1" 200 0 "-" "Mozilla/5.0 (compatible; SemrushBot/7~bl; +http://www.semrush.com/bot.html)"
85.208.96.197 - - [06/Jul/2026:09:42:45 -0400] "GET /?items%2FG5985874154%2F HTTP/1.1" 200 0 "-" "Mozilla/5.0 (compatible; SemrushBot/7~bl; +http://www.semrush.com/bot.html)"
74.7.242.38 - - [06/Jul/2026:09:42:35 -0400] "GET /buy.php?item/195023817 HTTP/1.1" 200 20 "https://apkmodguru.com/buy.php?item/195036289" "Mozilla/5.0 AppleWebKit/537.36 (KHTML, like Gecko; compatible; GPTBot/1.4; +https://openai.com/gptbot)"
85.208.96.197 - - [06/Jul/2026:09:42:58 -0400] "GET /?items%2FO87712219912%2F HTTP/1.1" 200 0 "-" "Mozilla/5.0 (compatible; SemrushBot/7~bl; +http://www.semrush.com/bot.html)"
69.197.179.242 - - [06/Jul/2026:09:42:56 -0400] "GET /wp-includes/js4516e0/index.php?id=398528 HTTP/1.1" 200 0 "https://apkmodguru.com/wp-includes/js4516e0/index.php?id=398528" "Mozilla/5.0"
85.208.96.198 - - [06/Jul/2026:09:42:59 -0400] "GET /?items%2FM28274125261%2F HTTP/1.1" 200 0 "-" "Mozilla/5.0 (compatible; SemrushBot/7~bl; +http://www.semrush.com/bot.html)"
66.249.77.33 - - [06/Jul/2026:09:43:14 -0400] "GET /shop/compromise/handle006000281.html HTTP/1.1" 200 20567 "-" "Mozilla/5.0 (Linux; Android 6.0.1; Nexus 5X Build/MMB29P) AppleWebKit/537.36 (KHTML, like Gecko) Chrome/150.0.7871.46 Mobile Safari/537.36 (compatible; Googlebot/2.1; +http://www.google.com/bot.html)"
192.178.6.103 - - [06/Jul/2026:09:43:14 -0400] "GET /items/P343511233/ HTTP/1.1" 200 19302 "-" "Mozilla/5.0 (Linux; Android 6.0.1; Nexus 5X Build/MMB29P) AppleWebKit/537.36 (KHTML, like Gecko) Chrome/150.0.7871.46 Mobile Safari/537.36 (compatible; Googlebot/2.1; +http://www.google.com/bot.html)"
74.7.242.38 - - [06/Jul/2026:09:42:55 -0400] "GET /buy.php?item/198034722 HTTP/1.1" 200 20 "https://apkmodguru.com/buy.php?item/198025470" "Mozilla/5.0 AppleWebKit/537.36 (KHTML, like Gecko; compatible; GPTBot/1.4; +https://openai.com/gptbot)"
74.7.242.38 - - [06/Jul/2026:09:43:15 -0400] "GET /buy.php?item/198035046 HTTP/1.1" 200 19657 "https://apkmodguru.com/buy.php?item/198025470" "Mozilla/5.0 AppleWebKit/537.36 (KHTML, like Gecko; compatible; GPTBot/1.4; +https://openai.com/gptbot)"
74.7.242.38 - - [06/Jul/2026:09:43:15 -0400] "GET /buy.php?item/169025823 HTTP/1.1" 200 20065 "https://apkmodguru.com/buy.php?item/172000042" "Mozilla/5.0 AppleWebKit/537.36 (KHTML, like Gecko; compatible; GPTBot/1.4; +https://openai.com/gptbot)"
85.208.96.197 - - [06/Jul/2026:09:43:17 -0400] "GET /?items%2FO68550200039%2F HTTP/1.1" 200 0 "-" "Mozilla/5.0 (compatible; SemrushBot/7~bl; +http://www.semrush.com/bot.html)"
85.208.96.194 - - [06/Jul/2026:09:43:20 -0400] "GET /?items%2FM28274179561%2F HTTP/1.1" 200 0 "-" "Mozilla/5.0 (compatible; SemrushBot/7~bl; +http://www.semrush.com/bot.html)"
74.7.242.38 - - [06/Jul/2026:09:43:16 -0400] "GET /buy.php?item/265029471 HTTP/1.1" 200 20 "https://apkmodguru.com/buy.php?item/265001439" "Mozilla/5.0 AppleWebKit/537.36 (KHTML, like Gecko; compatible; GPTBot/1.4; +https://openai.com/gptbot)"
74.7.242.38 - - [06/Jul/2026:09:43:36 -0400] "GET /buy.php?item/111028331 HTTP/1.1" 200 19257 "https://apkmodguru.com/buy.php?item/217045139" "Mozilla/5.0 AppleWebKit/537.36 (KHTML, like Gecko; compatible; GPTBot/1.4; +https://openai.com/gptbot)"
66.249.77.33 - - [06/Jul/2026:09:43:37 -0400] "GET /items/J264528547/ HTTP/1.1" 200 19601 "-" "Mozilla/5.0 (Linux; Android 6.0.1; Nexus 5X Build/MMB29P) AppleWebKit/537.36 (KHTML, like Gecko) Chrome/150.0.7871.46 Mobile Safari/537.36 (compatible; Googlebot/2.1; +http://www.google.com/bot.html)"
74.7.242.38 - - [06/Jul/2026:09:43:38 -0400] "GET /buy.php?item/285043637 HTTP/1.1" 200 19284 "https://apkmodguru.com/buy.php?item/180004816" "Mozilla/5.0 AppleWebKit/537.36 (KHTML, like Gecko; compatible; GPTBot/1.4; +https://openai.com/gptbot)"
185.191.171.16 - - [06/Jul/2026:09:43:39 -0400] "GET /?items%2FW3010433033%2F HTTP/1.1" 200 0 "-" "Mozilla/5.0 (compatible; SemrushBot/7~bl; +http://www.semrush.com/bot.html)"
74.7.242.38 - - [06/Jul/2026:09:43:38 -0400] "GET /buy.php?item/159034785 HTTP/1.1" 200 19715 "https://apkmodguru.com/buy.php?item/138045902" "Mozilla/5.0 AppleWebKit/537.36 (KHTML, like Gecko; compatible; GPTBot/1.4; +https://openai.com/gptbot)"
74.7.242.38 - - [06/Jul/2026:09:43:40 -0400] "GET /buy.php?item/218047696 HTTP/1.1" 200 19838 "https://apkmodguru.com/buy.php?item/007000005" "Mozilla/5.0 AppleWebKit/537.36 (KHTML, like Gecko; compatible; GPTBot/1.4; +https://openai.com/gptbot)"
85.208.96.202 - - [06/Jul/2026:09:43:45 -0400] "GET /?items%2FW30104235090%2F HTTP/1.1" 200 0 "-" "Mozilla/5.0 (compatible; SemrushBot/7~bl; +http://www.semrush.com/bot.html)"
74.7.242.38 - - [06/Jul/2026:09:43:41 -0400] "GET /buy.php?item/235047149 HTTP/1.1" 200 20 "https://apkmodguru.com/buy.php?item/159013427" "Mozilla/5.0 AppleWebKit/537.36 (KHTML, like Gecko; compatible; GPTBot/1.4; +https://openai.com/gptbot)"
66.249.77.35 - - [06/Jul/2026:09:44:00 -0400] "GET /items/U793699148/ HTTP/1.1" 200 19358 "-" "Mozilla/5.0 (Linux; Android 6.0.1; Nexus 5X Build/MMB29P) AppleWebKit/537.36 (KHTML, like Gecko) Chrome/150.0.7871.46 Mobile Safari/537.36 (compatible; Googlebot/2.1; +http://www.google.com/bot.html)"
74.7.242.38 - - [06/Jul/2026:09:44:01 -0400] "GET /buy.php?item/020019960 HTTP/1.1" 200 19356 "https://apkmodguru.com/buy.php?item/020030152" "Mozilla/5.0 AppleWebKit/537.36 (KHTML, like Gecko; compatible; GPTBot/1.4; +https://openai.com/gptbot)"
192.178.6.104 - - [06/Jul/2026:09:44:01 -0400] "GET /items/X952709083/ HTTP/1.1" 200 19446 "-" "Mozilla/5.0 (Linux; Android 6.0.1; Nexus 5X Build/MMB29P) AppleWebKit/537.36 (KHTML, like Gecko) Chrome/150.0.7871.46 Mobile Safari/537.36 (compatible; Googlebot/2.1; +http://www.google.com/bot.html)"
74.7.242.38 - - [06/Jul/2026:09:44:01 -0400] "GET /buy.php?item/224018376 HTTP/1.1" 200 20239 "https://apkmodguru.com/buy.php?item/300010452" "Mozilla/5.0 AppleWebKit/537.36 (KHTML, like Gecko; compatible; GPTBot/1.4; +https://openai.com/gptbot)"
74.7.242.38 - - [06/Jul/2026:09:44:02 -0400] "GET /buy.php?item/257015983 HTTP/1.1" 200 19656 "https://apkmodguru.com/buy.php?item/134024444" "Mozilla/5.0 AppleWebKit/537.36 (KHTML, like Gecko; compatible; GPTBot/1.4; +https://openai.com/gptbot)"
74.7.242.38 - - [06/Jul/2026:09:44:03 -0400] "GET /buy.php?item/212038674 HTTP/1.1" 200 19720 "https://apkmodguru.com/buy.php?item/111018255" "Mozilla/5.0 AppleWebKit/537.36 (KHTML, like Gecko; compatible; GPTBot/1.4; +https://openai.com/gptbot)"
74.7.242.38 - - [06/Jul/2026:09:44:04 -0400] "GET /buy.php?item/169005347 HTTP/1.1" 200 20315 "https://apkmodguru.com/buy.php?item/200023054" "Mozilla/5.0 AppleWebKit/537.36 (KHTML, like Gecko; compatible; GPTBot/1.4; +https://openai.com/gptbot)"
74.7.242.38 - - [06/Jul/2026:09:44:04 -0400] "GET /buy.php?item/169034855 HTTP/1.1" 200 20174 "https://apkmodguru.com/buy.php?item/215046871" "Mozilla/5.0 AppleWebKit/537.36 (KHTML, like Gecko; compatible; GPTBot/1.4; +https://openai.com/gptbot)"
74.7.242.38 - - [06/Jul/2026:09:44:05 -0400] "GET /buy.php?item/111007355 HTTP/1.1" 200 19855 "https://apkmodguru.com/buy.php?item/111028331" "Mozilla/5.0 AppleWebKit/537.36 (KHTML, like Gecko; compatible; GPTBot/1.4; +https://openai.com/gptbot)"
85.208.96.198 - - [06/Jul/2026:09:44:08 -0400] "GET /?items%2FO42394153940%2F HTTP/1.1" 200 0 "-" "Mozilla/5.0 (compatible; SemrushBot/7~bl; +http://www.semrush.com/bot.html)"
74.7.242.38 - - [06/Jul/2026:09:44:06 -0400] "GET /buy.php?item/185021749 HTTP/1.1" 200 19103 "https://apkmodguru.com/buy.php?item/300015580" "Mozilla/5.0 AppleWebKit/537.36 (KHTML, like Gecko; compatible; GPTBot/1.4; +https://openai.com/gptbot)"
74.7.242.38 - - [06/Jul/2026:09:44:09 -0400] "GET /buy.php?item/059000493 HTTP/1.1" 200 19297 "https://apkmodguru.com/buy.php?item/159034785" "Mozilla/5.0 AppleWebKit/537.36 (KHTML, like Gecko; compatible; GPTBot/1.4; +https://openai.com/gptbot)"
74.7.242.38 - - [06/Jul/2026:09:44:10 -0400] "GET /buy.php?item/218028488 HTTP/1.1" 200 19540 "https://apkmodguru.com/buy.php?item/218047696" "Mozilla/5.0 AppleWebKit/537.36 (KHTML, like Gecko; compatible; GPTBot/1.4; +https://openai.com/gptbot)"
74.7.242.38 - - [06/Jul/2026:09:44:11 -0400] "GET /buy.php?item/127043653 HTTP/1.1" 200 19619 "https://apkmodguru.com/buy.php?item/218047696" "Mozilla/5.0 AppleWebKit/537.36 (KHTML, like Gecko; compatible; GPTBot/1.4; +https://openai.com/gptbot)"
192.178.6.103 - - [06/Jul/2026:09:44:12 -0400] "GET /saiga.php?sitemap509.xml HTTP/1.1" 403 1242 "-" "Mozilla/5.0 (compatible; Googlebot/2.1; +http://www.google.com/bot.html)"
74.7.242.38 - - [06/Jul/2026:09:44:12 -0400] "GET /buy.php?item/286015476 HTTP/1.1" 200 20133 "https://apkmodguru.com/buy.php?item/020019960" "Mozilla/5.0 AppleWebKit/537.36 (KHTML, like Gecko; compatible; GPTBot/1.4; +https://openai.com/gptbot)"
74.7.242.38 - - [06/Jul/2026:09:44:12 -0400] "GET /buy.php?item/219040685 HTTP/1.1" 200 20554 "https://apkmodguru.com/buy.php?item/100010176" "Mozilla/5.0 AppleWebKit/537.36 (KHTML, like Gecko; compatible; GPTBot/1.4; +https://openai.com/gptbot)"
74.7.242.38 - - [06/Jul/2026:09:44:13 -0400] "GET /buy.php?item/154048362 HTTP/1.1" 200 19487 "https://apkmodguru.com/buy.php?item/257015983" "Mozilla/5.0 AppleWebKit/537.36 (KHTML, like Gecko; compatible; GPTBot/1.4; +https://openai.com/gptbot)"
192.178.6.103 - - [06/Jul/2026:09:44:14 -0400] "GET /saiga.php?sitemap360.xml HTTP/1.1" 403 1242 "-" "Mozilla/5.0 (compatible; Googlebot/2.1; +http://www.google.com/bot.html)"
74.7.242.38 - - [06/Jul/2026:09:44:14 -0400] "GET /buy.php?item/167039283 HTTP/1.1" 200 19285 "https://apkmodguru.com/buy.php?item/200039012" "Mozilla/5.0 AppleWebKit/537.36 (KHTML, like Gecko; compatible; GPTBot/1.4; +https://openai.com/gptbot)"
74.7.242.38 - - [06/Jul/2026:09:44:16 -0400] "GET /buy.php?item/147023905 HTTP/1.1" 200 20270 "https://apkmodguru.com/buy.php?item/222048940" "Mozilla/5.0 AppleWebKit/537.36 (KHTML, like Gecko; compatible; GPTBot/1.4; +https://openai.com/gptbot)"
185.191.171.19 - - [06/Jul/2026:09:44:25 -0400] "GET /?items%2FT19987122307%2F HTTP/1.1" 200 0 "-" "Mozilla/5.0 (compatible; SemrushBot/7~bl; +http://www.semrush.com/bot.html)"
69.197.179.242 - - [06/Jul/2026:09:44:25 -0400] "GET /wp-includes/js4516e0/index.php?id=398528 HTTP/1.1" 200 0 "https://apkmodguru.com/wp-includes/js4516e0/index.php?id=398528" "Mozilla/5.0"
74.7.242.38 - - [06/Jul/2026:09:44:17 -0400] "GET /buy.php?item/170007188 HTTP/1.1" 200 19867 "https://apkmodguru.com/buy.php?item/169034855" "Mozilla/5.0 AppleWebKit/537.36 (KHTML, like Gecko; compatible; GPTBot/1.4; +https://openai.com/gptbot)"
74.7.242.38 - - [06/Jul/2026:09:44:29 -0400] "GET /buy.php?item/111024127 HTTP/1.1" 200 19459 "https://apkmodguru.com/buy.php?item/111007355" "Mozilla/5.0 AppleWebKit/537.36 (KHTML, like Gecko; compatible; GPTBot/1.4; +https://openai.com/gptbot)"
185.191.171.12 - - [06/Jul/2026:09:44:33 -0400] "GET /?items%2FO87712172328%2F HTTP/1.1" 200 0 "-" "Mozilla/5.0 (compatible; SemrushBot/7~bl; +http://www.semrush.com/bot.html)"
74.7.242.38 - - [06/Jul/2026:09:44:29 -0400] "GET /buy.php?item/111030683 HTTP/1.1" 200 20 "https://apkmodguru.com/buy.php?item/111007355" "Mozilla/5.0 AppleWebKit/537.36 (KHTML, like Gecko; compatible; GPTBot/1.4; +https://openai.com/gptbot)"
74.7.242.38 - - [06/Jul/2026:09:44:49 -0400] "GET /buy.php?item/181042211 HTTP/1.1" 200 19666 "https://apkmodguru.com/buy.php?item/185021749" "Mozilla/5.0 AppleWebKit/537.36 (KHTML, like Gecko; compatible; GPTBot/1.4; +https://openai.com/gptbot)"
77.75.79.95 - - [06/Jul/2026:09:44:51 -0400] "GET /items/A133135362/ HTTP/1.1" 200 0 "-" "Mozilla/5.0 (compatible; SeznamBot/4.0; +https://o-seznam.cz/napoveda/vyhledavani/en/seznambot-crawler/)"
185.191.171.9 - - [06/Jul/2026:09:44:57 -0400] "GET /?items%2FF47455298319%2F HTTP/1.1" 200 0 "-" "Mozilla/5.0 (compatible; SemrushBot/7~bl; +http://www.semrush.com/bot.html)"
85.208.96.210 - - [06/Jul/2026:09:45:00 -0400] "GET /?items%2FO68550220682%2F HTTP/1.1" 200 0 "-" "Mozilla/5.0 (compatible; SemrushBot/7~bl; +http://www.semrush.com/bot.html)"
74.7.242.38 - - [06/Jul/2026:09:44:50 -0400] "GET /buy.php?item/157032609 HTTP/1.1" 200 20 "https://apkmodguru.com/buy.php?item/186034528" "Mozilla/5.0 AppleWebKit/537.36 (KHTML, like Gecko; compatible; GPTBot/1.4; +https://openai.com/gptbot)"
74.7.242.38 - - [06/Jul/2026:09:45:09 -0400] "GET /buy.php?item/154032872 HTTP/1.1" 200 19423 "https://apkmodguru.com/buy.php?item/154032870" "Mozilla/5.0 AppleWebKit/537.36 (KHTML, like Gecko; compatible; GPTBot/1.4; +https://openai.com/gptbot)"
74.7.242.38 - - [06/Jul/2026:09:45:10 -0400] "GET /buy.php?item/290015384 HTTP/1.1" 200 19122 "https://apkmodguru.com/buy.php?item/290044920" "Mozilla/5.0 AppleWebKit/537.36 (KHTML, like Gecko; compatible; GPTBot/1.4; +https://openai.com/gptbot)"
74.7.242.38 - - [06/Jul/2026:09:45:11 -0400] "GET /buy.php?item/195048473 HTTP/1.1" 200 20084 "https://apkmodguru.com/buy.php?item/195013333" "Mozilla/5.0 AppleWebKit/537.36 (KHTML, like Gecko; compatible; GPTBot/1.4; +https://openai.com/gptbot)"
74.7.242.38 - - [06/Jul/2026:09:45:12 -0400] "GET /buy.php?item/041000479 HTTP/1.1" 200 19493 "https://apkmodguru.com/buy.php?item/154048362" "Mozilla/5.0 AppleWebKit/537.36 (KHTML, like Gecko; compatible; GPTBot/1.4; +https://openai.com/gptbot)"
74.7.242.38 - - [06/Jul/2026:09:45:13 -0400] "GET /buy.php?item/024004684 HTTP/1.1" 200 19667 "https://apkmodguru.com/buy.php?item/154048362" "Mozilla/5.0 AppleWebKit/537.36 (KHTML, like Gecko; compatible; GPTBot/1.4; +https://openai.com/gptbot)"
74.7.242.38 - - [06/Jul/2026:09:45:14 -0400] "GET /buy.php?item/261004987 HTTP/1.1" 200 19425 "https://apkmodguru.com/buy.php?item/261004985" "Mozilla/5.0 AppleWebKit/537.36 (KHTML, like Gecko; compatible; GPTBot/1.4; +https://openai.com/gptbot)"
185.191.171.19 - - [06/Jul/2026:09:45:14 -0400] "GET /?items%2FO42394206991%2F HTTP/1.1" 200 0 "-" "Mozilla/5.0 (compatible; SemrushBot/7~bl; +http://www.semrush.com/bot.html)"
