74.7.242.38 - - [06/Jul/2026:09:45:15 -0400] "GET /buy.php?item/227032449 HTTP/1.1" 200 20161 "https://apkmodguru.com/buy.php?item/170007188" "Mozilla/5.0 AppleWebKit/537.36 (KHTML, like Gecko; compatible; GPTBot/1.4; +https://openai.com/gptbot)"
74.7.242.38 - - [06/Jul/2026:09:45:15 -0400] "GET /buy.php?item/156037098 HTTP/1.1" 200 19590 "https://apkmodguru.com/buy.php?item/111024127" "Mozilla/5.0 AppleWebKit/537.36 (KHTML, like Gecko; compatible; GPTBot/1.4; +https://openai.com/gptbot)"
185.191.171.7 - - [06/Jul/2026:09:45:16 -0400] "GET /?items%2FW30104108455%2F HTTP/1.1" 200 0 "-" "Mozilla/5.0 (compatible; SemrushBot/7~bl; +http://www.semrush.com/bot.html)"
74.7.242.38 - - [06/Jul/2026:09:45:16 -0400] "GET /buy.php?item/249035087 HTTP/1.1" 200 19295 "https://apkmodguru.com/buy.php?m15047671780" "Mozilla/5.0 AppleWebKit/537.36 (KHTML, like Gecko; compatible; GPTBot/1.4; +https://openai.com/gptbot)"
74.7.242.38 - - [06/Jul/2026:09:45:18 -0400] "GET /buy.php?shopping/181019682 HTTP/1.1" 200 20 "https://apkmodguru.com/buy.php?item/181042211" "Mozilla/5.0 AppleWebKit/537.36 (KHTML, like Gecko; compatible; GPTBot/1.4; +https://openai.com/gptbot)"
74.7.242.38 - - [06/Jul/2026:09:45:38 -0400] "GET /buy.php?item/134005268 HTTP/1.1" 200 19396 "https://apkmodguru.com/buy.php?item/001040761" "Mozilla/5.0 AppleWebKit/537.36 (KHTML, like Gecko; compatible; GPTBot/1.4; +https://openai.com/gptbot)"
74.7.242.38 - - [06/Jul/2026:09:45:39 -0400] "GET /buy.php?item/295037601 HTTP/1.1" 200 19414 "https://apkmodguru.com/buy.php?item/295022257" "Mozilla/5.0 AppleWebKit/537.36 (KHTML, like Gecko; compatible; GPTBot/1.4; +https://openai.com/gptbot)"
74.7.242.38 - - [06/Jul/2026:09:45:40 -0400] "GET /buy.php?item/290020604 HTTP/1.1" 200 19307 "https://apkmodguru.com/buy.php?item/290015384" "Mozilla/5.0 AppleWebKit/537.36 (KHTML, like Gecko; compatible; GPTBot/1.4; +https://openai.com/gptbot)"
74.7.242.38 - - [06/Jul/2026:09:45:40 -0400] "GET /buy.php?item/265046389 HTTP/1.1" 200 19420 "https://apkmodguru.com/buy.php?item/220001816" "Mozilla/5.0 AppleWebKit/537.36 (KHTML, like Gecko; compatible; GPTBot/1.4; +https://openai.com/gptbot)"
74.7.242.38 - - [06/Jul/2026:09:45:42 -0400] "GET /buy.php?item/041015711 HTTP/1.1" 200 19325 "https://apkmodguru.com/buy.php?item/041000479" "Mozilla/5.0 AppleWebKit/537.36 (KHTML, like Gecko; compatible; GPTBot/1.4; +https://openai.com/gptbot)"
74.7.242.38 - - [06/Jul/2026:09:45:43 -0400] "GET /buy.php?shopping/106034561 HTTP/1.1" 200 19541 "https://apkmodguru.com/buy.php?item/024004684" "Mozilla/5.0 AppleWebKit/537.36 (KHTML, like Gecko; compatible; GPTBot/1.4; +https://openai.com/gptbot)"
74.7.242.38 - - [06/Jul/2026:09:45:43 -0400] "GET /buy.php?item/024001142 HTTP/1.1" 200 19923 "https://apkmodguru.com/buy.php?item/024004684" "Mozilla/5.0 AppleWebKit/537.36 (KHTML, like Gecko; compatible; GPTBot/1.4; +https://openai.com/gptbot)"
74.7.242.38 - - [06/Jul/2026:09:45:44 -0400] "GET /buy.php?item/009039869 HTTP/1.1" 200 19500 "https://apkmodguru.com/buy.php?item/227032449" "Mozilla/5.0 AppleWebKit/537.36 (KHTML, like Gecko; compatible; GPTBot/1.4; +https://openai.com/gptbot)"
185.191.171.7 - - [06/Jul/2026:09:45:45 -0400] "GET /?items%2FW3010490520%2F HTTP/1.1" 200 0 "-" "Mozilla/5.0 (compatible; SemrushBot/7~bl; +http://www.semrush.com/bot.html)"
74.7.242.38 - - [06/Jul/2026:09:45:45 -0400] "GET /buy.php?item/293018477 HTTP/1.1" 200 20102 "https://apkmodguru.com/buy.php?item/261004987" "Mozilla/5.0 AppleWebKit/537.36 (KHTML, like Gecko; compatible; GPTBot/1.4; +https://openai.com/gptbot)"
74.7.242.38 - - [06/Jul/2026:09:45:46 -0400] "GET /buy.php?item/165039947 HTTP/1.1" 200 19827 "https://apkmodguru.com/buy.php?item/111037407" "Mozilla/5.0 AppleWebKit/537.36 (KHTML, like Gecko; compatible; GPTBot/1.4; +https://openai.com/gptbot)"
74.7.242.38 - - [06/Jul/2026:09:45:46 -0400] "GET /buy.php?item/125018739 HTTP/1.1" 200 19925 "https://apkmodguru.com/buy.php?item/300039952" "Mozilla/5.0 AppleWebKit/537.36 (KHTML, like Gecko; compatible; GPTBot/1.4; +https://openai.com/gptbot)"
74.7.242.38 - - [06/Jul/2026:09:45:47 -0400] "GET /buy.php?item/050009574 HTTP/1.1" 200 20042 "https://apkmodguru.com/buy.php?item/134005268" "Mozilla/5.0 AppleWebKit/537.36 (KHTML, like Gecko; compatible; GPTBot/1.4; +https://openai.com/gptbot)"
74.7.242.38 - - [06/Jul/2026:09:45:48 -0400] "GET /buy.php?item/072003282 HTTP/1.1" 200 19638 "https://apkmodguru.com/buy.php?item/134005268" "Mozilla/5.0 AppleWebKit/537.36 (KHTML, like Gecko; compatible; GPTBot/1.4; +https://openai.com/gptbot)"
74.7.242.38 - - [06/Jul/2026:09:45:49 -0400] "GET /buy.php?item/271036955 HTTP/1.1" 200 19492 "https://apkmodguru.com/buy.php?item/222048412" "Mozilla/5.0 AppleWebKit/537.36 (KHTML, like Gecko; compatible; GPTBot/1.4; +https://openai.com/gptbot)"
74.7.242.38 - - [06/Jul/2026:09:45:49 -0400] "GET /buy.php?item/265046371 HTTP/1.1" 200 19242 "https://apkmodguru.com/buy.php?item/265046389" "Mozilla/5.0 AppleWebKit/537.36 (KHTML, like Gecko; compatible; GPTBot/1.4; +https://openai.com/gptbot)"
74.7.242.38 - - [06/Jul/2026:09:45:51 -0400] "GET /buy.php?item/287001345 HTTP/1.1" 200 19793 "https://apkmodguru.com/buy.php?item/060041034" "Mozilla/5.0 AppleWebKit/537.36 (KHTML, like Gecko; compatible; GPTBot/1.4; +https://openai.com/gptbot)"
74.7.242.38 - - [06/Jul/2026:09:45:52 -0400] "GET /buy.php?item/233019745 HTTP/1.1" 200 18923 "https://apkmodguru.com/buy.php?item/300005810" "Mozilla/5.0 AppleWebKit/537.36 (KHTML, like Gecko; compatible; GPTBot/1.4; +https://openai.com/gptbot)"
74.7.242.38 - - [06/Jul/2026:09:45:52 -0400] "GET /buy.php?item/042000106 HTTP/1.1" 200 19264 "https://apkmodguru.com/buy.php?item/024001142" "Mozilla/5.0 AppleWebKit/537.36 (KHTML, like Gecko; compatible; GPTBot/1.4; +https://openai.com/gptbot)"
74.7.242.38 - - [06/Jul/2026:09:45:58 -0400] "GET /buy.php?item/156023964 HTTP/1.1" 200 19685 "https://apkmodguru.com/buy.php?item/009039869" "Mozilla/5.0 AppleWebKit/537.36 (KHTML, like Gecko; compatible; GPTBot/1.4; +https://openai.com/gptbot)"
74.7.242.38 - - [06/Jul/2026:09:45:59 -0400] "GET /buy.php?item/142039078 HTTP/1.1" 200 19783 "https://apkmodguru.com/buy.php?item/050006732" "Mozilla/5.0 AppleWebKit/537.36 (KHTML, like Gecko; compatible; GPTBot/1.4; +https://openai.com/gptbot)"
74.7.242.38 - - [06/Jul/2026:09:46:07 -0400] "GET /buy.php?item/154018392 HTTP/1.1" 200 19648 "https://apkmodguru.com/buy.php?item/200029082" "Mozilla/5.0 AppleWebKit/537.36 (KHTML, like Gecko; compatible; GPTBot/1.4; +https://openai.com/gptbot)"
74.7.242.38 - - [06/Jul/2026:09:46:08 -0400] "GET /buy.php?item/051032679 HTTP/1.1" 200 20074 "https://apkmodguru.com/buy.php?item/125018739" "Mozilla/5.0 AppleWebKit/537.36 (KHTML, like Gecko; compatible; GPTBot/1.4; +https://openai.com/gptbot)"
74.7.242.38 - - [06/Jul/2026:09:46:09 -0400] "GET /buy.php?item/265018097 HTTP/1.1" 200 20031 "https://apkmodguru.com/buy.php?item/111014053" "Mozilla/5.0 AppleWebKit/537.36 (KHTML, like Gecko; compatible; GPTBot/1.4; +https://openai.com/gptbot)"
74.7.242.38 - - [06/Jul/2026:09:46:09 -0400] "GET /buy.php?item/197023655 HTTP/1.1" 200 19442 "https://apkmodguru.com/buy.php?item/197023649" "Mozilla/5.0 AppleWebKit/537.36 (KHTML, like Gecko; compatible; GPTBot/1.4; +https://openai.com/gptbot)"
74.7.242.38 - - [06/Jul/2026:09:46:10 -0400] "GET /buy.php?item/217046235 HTTP/1.1" 200 19719 "https://apkmodguru.com/buy.php?item/050022780" "Mozilla/5.0 AppleWebKit/537.36 (KHTML, like Gecko; compatible; GPTBot/1.4; +https://openai.com/gptbot)"
74.7.242.38 - - [06/Jul/2026:09:46:12 -0400] "GET /buy.php?item/187046365 HTTP/1.1" 200 19779 "https://apkmodguru.com/buy.php?item/080029322" "Mozilla/5.0 AppleWebKit/537.36 (KHTML, like Gecko; compatible; GPTBot/1.4; +https://openai.com/gptbot)"
74.7.242.38 - - [06/Jul/2026:09:46:13 -0400] "GET /buy.php?item/129047613 HTTP/1.1" 200 20137 "https://apkmodguru.com/buy.php?item/169020847" "Mozilla/5.0 AppleWebKit/537.36 (KHTML, like Gecko; compatible; GPTBot/1.4; +https://openai.com/gptbot)"
74.7.242.38 - - [06/Jul/2026:09:46:14 -0400] "GET /buy.php?item/050031606 HTTP/1.1" 200 20091 "https://apkmodguru.com/buy.php?item/050009574" "Mozilla/5.0 AppleWebKit/537.36 (KHTML, like Gecko; compatible; GPTBot/1.4; +https://openai.com/gptbot)"
74.7.242.38 - - [06/Jul/2026:09:46:15 -0400] "GET /buy.php?item/269043521 HTTP/1.1" 200 19252 "https://apkmodguru.com/buy.php?item/295016813" "Mozilla/5.0 AppleWebKit/537.36 (KHTML, like Gecko; compatible; GPTBot/1.4; +https://openai.com/gptbot)"
74.7.242.38 - - [06/Jul/2026:09:46:15 -0400] "GET /buy.php?item/178039926 HTTP/1.1" 200 19599 "https://apkmodguru.com/buy.php?item/287001345" "Mozilla/5.0 AppleWebKit/537.36 (KHTML, like Gecko; compatible; GPTBot/1.4; +https://openai.com/gptbot)"
74.7.242.38 - - [06/Jul/2026:09:46:16 -0400] "GET /buy.php?shopping/108003401 HTTP/1.1" 200 19466 "https://apkmodguru.com/buy.php?item/271036955" "Mozilla/5.0 AppleWebKit/537.36 (KHTML, like Gecko; compatible; GPTBot/1.4; +https://openai.com/gptbot)"
74.7.242.38 - - [06/Jul/2026:09:46:17 -0400] "GET /buy.php?item/156000288 HTTP/1.1" 200 19374 "https://apkmodguru.com/buy.php?item/156023964" "Mozilla/5.0 AppleWebKit/537.36 (KHTML, like Gecko; compatible; GPTBot/1.4; +https://openai.com/gptbot)"
74.7.242.38 - - [06/Jul/2026:09:46:18 -0400] "GET /buy.php?item/156000284 HTTP/1.1" 200 19811 "https://apkmodguru.com/buy.php?item/156023964" "Mozilla/5.0 AppleWebKit/537.36 (KHTML, like Gecko; compatible; GPTBot/1.4; +https://openai.com/gptbot)"
74.7.242.38 - - [06/Jul/2026:09:46:19 -0400] "GET /buy.php?item/187035499 HTTP/1.1" 200 19328 "https://apkmodguru.com/buy.php?item/265018097" "Mozilla/5.0 AppleWebKit/537.36 (KHTML, like Gecko; compatible; GPTBot/1.4; +https://openai.com/gptbot)"
74.7.242.38 - - [06/Jul/2026:09:46:20 -0400] "GET /buy.php?item/287043911 HTTP/1.1" 200 19970 "https://apkmodguru.com/buy.php?item/287001345" "Mozilla/5.0 AppleWebKit/537.36 (KHTML, like Gecko; compatible; GPTBot/1.4; +https://openai.com/gptbot)"
66.249.77.35 - - [06/Jul/2026:09:46:28 -0400] "GET /?_g=4303869 HTTP/1.1" 200 19670 "-" "Mozilla/5.0 (Linux; Android 6.0.1; Nexus 5X Build/MMB29P) AppleWebKit/537.36 (KHTML, like Gecko) Chrome/150.0.7871.46 Mobile Safari/537.36 (compatible; Googlebot/2.1; +http://www.google.com/bot.html)"
192.178.6.103 - - [06/Jul/2026:09:46:28 -0400] "GET /?detail/127588947 HTTP/1.1" 200 19587 "-" "Mozilla/5.0 (Linux; Android 6.0.1; Nexus 5X Build/MMB29P) AppleWebKit/537.36 (KHTML, like Gecko) Chrome/150.0.7871.46 Mobile Safari/537.36 (compatible; Googlebot/2.1; +http://www.google.com/bot.html)"
66.249.77.33 - - [06/Jul/2026:09:46:28 -0400] "GET /detail/550662209 HTTP/1.1" 200 19352 "-" "Mozilla/5.0 (Linux; Android 6.0.1; Nexus 5X Build/MMB29P) AppleWebKit/537.36 (KHTML, like Gecko) Chrome/150.0.7871.46 Mobile Safari/537.36 (compatible; Googlebot/2.1; +http://www.google.com/bot.html)"
66.249.77.33 - - [06/Jul/2026:09:46:29 -0400] "GET /?detail/22100145366000 HTTP/1.1" 200 19309 "-" "Mozilla/5.0 (Linux; Android 6.0.1; Nexus 5X Build/MMB29P) AppleWebKit/537.36 (KHTML, like Gecko) Chrome/150.0.7871.46 Mobile Safari/537.36 (compatible; Googlebot/2.1; +http://www.google.com/bot.html)"
74.7.242.38 - - [06/Jul/2026:09:46:20 -0400] "GET /buy.php?item/111008869 HTTP/1.1" 200 20193 "https://apkmodguru.com/buy.php?item/217046235" "Mozilla/5.0 AppleWebKit/537.36 (KHTML, like Gecko; compatible; GPTBot/1.4; +https://openai.com/gptbot)"
74.7.242.38 - - [06/Jul/2026:09:46:32 -0400] "GET /buy.php?item/287043913 HTTP/1.1" 200 19452 "https://apkmodguru.com/buy.php?item/287001345" "Mozilla/5.0 AppleWebKit/537.36 (KHTML, like Gecko; compatible; GPTBot/1.4; +https://openai.com/gptbot)"
74.7.242.38 - - [06/Jul/2026:09:46:33 -0400] "GET /buy.php?item/275011439 HTTP/1.1" 200 20958 "https://apkmodguru.com/buy.php?item/136000580" "Mozilla/5.0 AppleWebKit/537.36 (KHTML, like Gecko; compatible; GPTBot/1.4; +https://openai.com/gptbot)"
74.7.242.38 - - [06/Jul/2026:09:46:35 -0400] "GET /buy.php?item/175031249 HTTP/1.1" 200 20383 "https://apkmodguru.com/buy.php?item/129000871" "Mozilla/5.0 AppleWebKit/537.36 (KHTML, like Gecko; compatible; GPTBot/1.4; +https://openai.com/gptbot)"
74.7.242.38 - - [06/Jul/2026:09:46:35 -0400] "GET /buy.php?item/193017131 HTTP/1.1" 200 20375 "https://apkmodguru.com/buy.php?item/269043521" "Mozilla/5.0 AppleWebKit/537.36 (KHTML, like Gecko; compatible; GPTBot/1.4; +https://openai.com/gptbot)"
74.7.242.38 - - [06/Jul/2026:09:46:36 -0400] "GET /buy.php?item/178047726 HTTP/1.1" 200 19991 "https://apkmodguru.com/buy.php?item/178039926" "Mozilla/5.0 AppleWebKit/537.36 (KHTML, like Gecko; compatible; GPTBot/1.4; +https://openai.com/gptbot)"
74.7.242.38 - - [06/Jul/2026:09:46:37 -0400] "GET /buy.php?item/108022222 HTTP/1.1" 200 19662 "https://apkmodguru.com/buy.php?shopping/108003401" "Mozilla/5.0 AppleWebKit/537.36 (KHTML, like Gecko; compatible; GPTBot/1.4; +https://openai.com/gptbot)"
74.7.242.38 - - [06/Jul/2026:09:46:37 -0400] "GET /buy.php?item/195042827 HTTP/1.1" 200 19258 "https://apkmodguru.com/buy.php?item/111010865" "Mozilla/5.0 AppleWebKit/537.36 (KHTML, like Gecko; compatible; GPTBot/1.4; +https://openai.com/gptbot)"
74.7.242.38 - - [06/Jul/2026:09:46:38 -0400] "GET /buy.php?item/076005306 HTTP/1.1" 200 19392 "https://apkmodguru.com/buy.php?item/156000284" "Mozilla/5.0 AppleWebKit/537.36 (KHTML, like Gecko; compatible; GPTBot/1.4; +https://openai.com/gptbot)"
74.7.242.38 - - [06/Jul/2026:09:46:39 -0400] "GET /buy.php?item/108033374 HTTP/1.1" 200 19704 "https://apkmodguru.com/buy.php?item/187035499" "Mozilla/5.0 AppleWebKit/537.36 (KHTML, like Gecko; compatible; GPTBot/1.4; +https://openai.com/gptbot)"
74.7.242.38 - - [06/Jul/2026:09:46:40 -0400] "GET /buy.php?item/300000358 HTTP/1.1" 200 19779 "https://apkmodguru.com/buy.php?item/287043911" "Mozilla/5.0 AppleWebKit/537.36 (KHTML, like Gecko; compatible; GPTBot/1.4; +https://openai.com/gptbot)"
85.208.96.208 - - [06/Jul/2026:09:46:40 -0400] "GET /?items%2FO68550160956%2F HTTP/1.1" 200 0 "-" "Mozilla/5.0 (compatible; SemrushBot/7~bl; +http://www.semrush.com/bot.html)"
185.191.171.10 - - [06/Jul/2026:09:46:42 -0400] "GET /?items%2FD55487217126%2F HTTP/1.1" 200 0 "-" "Mozilla/5.0 (compatible; SemrushBot/7~bl; +http://www.semrush.com/bot.html)"
85.208.96.203 - - [06/Jul/2026:09:46:43 -0400] "GET /?items%2FM2827494166%2F HTTP/1.1" 200 0 "-" "Mozilla/5.0 (compatible; SemrushBot/7~bl; +http://www.semrush.com/bot.html)"
185.191.171.18 - - [06/Jul/2026:09:46:46 -0400] "GET /?items%2FT19987120422%2F HTTP/1.1" 200 0 "-" "Mozilla/5.0 (compatible; SemrushBot/7~bl; +http://www.semrush.com/bot.html)"
192.178.6.103 - - [06/Jul/2026:09:46:54 -0400] "GET /items/D393322744/ HTTP/1.1" 200 19539 "-" "Mozilla/5.0 (Linux; Android 6.0.1; Nexus 5X Build/MMB29P) AppleWebKit/537.36 (KHTML, like Gecko) Chrome/150.0.7871.46 Mobile Safari/537.36 (compatible; Googlebot/2.1; +http://www.google.com/bot.html)"
185.191.171.18 - - [06/Jul/2026:09:46:54 -0400] "GET /?items%2FT1998785315%2F HTTP/1.1" 200 0 "-" "Mozilla/5.0 (compatible; SemrushBot/7~bl; +http://www.semrush.com/bot.html)"
192.178.6.103 - - [06/Jul/2026:09:46:54 -0400] "GET /items/Y644294459/ HTTP/1.1" 200 20015 "-" "Mozilla/5.0 (Linux; Android 6.0.1; Nexus 5X Build/MMB29P) AppleWebKit/537.36 (KHTML, like Gecko) Chrome/150.0.7871.46 Mobile Safari/537.36 (compatible; Googlebot/2.1; +http://www.google.com/bot.html)"
85.208.96.208 - - [06/Jul/2026:09:46:59 -0400] "GET /?items%2FD5548737366%2F HTTP/1.1" 200 0 "-" "Mozilla/5.0 (compatible; SemrushBot/7~bl; +http://www.semrush.com/bot.html)"
74.7.242.38 - - [06/Jul/2026:09:46:40 -0400] "GET /buy.php?item/111017633 HTTP/1.1" 200 20 "https://apkmodguru.com/buy.php?item/111008869" "Mozilla/5.0 AppleWebKit/537.36 (KHTML, like Gecko; compatible; GPTBot/1.4; +https://openai.com/gptbot)"
74.7.242.38 - - [06/Jul/2026:09:47:00 -0400] "GET /buy.php?item/111017635 HTTP/1.1" 200 20315 "https://apkmodguru.com/buy.php?item/111008869" "Mozilla/5.0 AppleWebKit/537.36 (KHTML, like Gecko; compatible; GPTBot/1.4; +https://openai.com/gptbot)"
74.7.242.38 - - [06/Jul/2026:09:47:01 -0400] "GET /buy.php?item/237000713 HTTP/1.1" 200 20264 "https://apkmodguru.com/buy.php?item/287043913" "Mozilla/5.0 AppleWebKit/537.36 (KHTML, like Gecko; compatible; GPTBot/1.4; +https://openai.com/gptbot)"
74.7.242.38 - - [06/Jul/2026:09:47:01 -0400] "GET /buy.php?item/244000850 HTTP/1.1" 200 19827 "https://apkmodguru.com/buy.php?item/175031249" "Mozilla/5.0 AppleWebKit/537.36 (KHTML, like Gecko; compatible; GPTBot/1.4; +https://openai.com/gptbot)"
185.191.171.6 - - [06/Jul/2026:09:47:02 -0400] "GET /?items%2FO87712215775%2F HTTP/1.1" 200 0 "-" "Mozilla/5.0 (compatible; SemrushBot/7~bl; +http://www.semrush.com/bot.html)"
74.7.242.38 - - [06/Jul/2026:09:47:02 -0400] "GET /buy.php?item/175034291 HTTP/1.1" 200 19628 "https://apkmodguru.com/buy.php?item/175031249" "Mozilla/5.0 AppleWebKit/537.36 (KHTML, like Gecko; compatible; GPTBot/1.4; +https://openai.com/gptbot)"
74.7.242.38 - - [06/Jul/2026:09:47:03 -0400] "GET /buy.php?item/174023528 HTTP/1.1" 200 20686 "https://apkmodguru.com/buy.php?item/111008869" "Mozilla/5.0 AppleWebKit/537.36 (KHTML, like Gecko; compatible; GPTBot/1.4; +https://openai.com/gptbot)"
74.7.242.38 - - [06/Jul/2026:09:47:04 -0400] "GET /buy.php?item/055036777 HTTP/1.1" 200 19315 "https://apkmodguru.com/buy.php?item/108022222" "Mozilla/5.0 AppleWebKit/537.36 (KHTML, like Gecko; compatible; GPTBot/1.4; +https://openai.com/gptbot)"
74.7.242.38 - - [06/Jul/2026:09:47:04 -0400] "GET /buy.php?item/175034293 HTTP/1.1" 200 19721 "https://apkmodguru.com/buy.php?item/175031249" "Mozilla/5.0 AppleWebKit/537.36 (KHTML, like Gecko; compatible; GPTBot/1.4; +https://openai.com/gptbot)"
74.7.242.38 - - [06/Jul/2026:09:47:05 -0400] "GET /buy.php?item/187035465 HTTP/1.1" 200 19558 "https://apkmodguru.com/buy.php?item/187035499" "Mozilla/5.0 AppleWebKit/537.36 (KHTML, like Gecko; compatible; GPTBot/1.4; +https://openai.com/gptbot)"
74.7.242.38 - - [06/Jul/2026:09:47:08 -0400] "GET /buy.php?item/275034519 HTTP/1.1" 200 20497 "https://apkmodguru.com/buy.php?item/275011439" "Mozilla/5.0 AppleWebKit/537.36 (KHTML, like Gecko; compatible; GPTBot/1.4; +https://openai.com/gptbot)"
74.7.242.38 - - [06/Jul/2026:09:47:12 -0400] "GET /buy.php?m13601020969 HTTP/1.1" 200 19785 "https://apkmodguru.com/buy.php?item/300000358" "Mozilla/5.0 AppleWebKit/537.36 (KHTML, like Gecko; compatible; GPTBot/1.4; +https://openai.com/gptbot)"
74.7.242.38 - - [06/Jul/2026:09:47:13 -0400] "GET /buy.php?item/300049208 HTTP/1.1" 200 20270 "https://apkmodguru.com/buy.php?item/300000358" "Mozilla/5.0 AppleWebKit/537.36 (KHTML, like Gecko; compatible; GPTBot/1.4; +https://openai.com/gptbot)"
185.191.171.8 - - [06/Jul/2026:09:47:14 -0400] "GET /?items%2FO42394115753%2F HTTP/1.1" 200 0 "-" "Mozilla/5.0 (compatible; SemrushBot/7~bl; +http://www.semrush.com/bot.html)"
74.7.242.38 - - [06/Jul/2026:09:47:13 -0400] "GET /buy.php?item/111017631 HTTP/1.1" 200 20689 "https://apkmodguru.com/buy.php?item/111017635" "Mozilla/5.0 AppleWebKit/537.36 (KHTML, like Gecko; compatible; GPTBot/1.4; +https://openai.com/gptbot)"
74.7.242.38 - - [06/Jul/2026:09:47:14 -0400] "GET /buy.php?item/237000715 HTTP/1.1" 200 20396 "https://apkmodguru.com/buy.php?item/237000713" "Mozilla/5.0 AppleWebKit/537.36 (KHTML, like Gecko; compatible; GPTBot/1.4; +https://openai.com/gptbot)"
74.7.242.38 - - [06/Jul/2026:09:47:15 -0400] "GET /buy.php?item/120003760 HTTP/1.1" 200 19133 "https://apkmodguru.com/buy.php?item/244000850" "Mozilla/5.0 AppleWebKit/537.36 (KHTML, like Gecko; compatible; GPTBot/1.4; +https://openai.com/gptbot)"
74.7.242.38 - - [06/Jul/2026:09:47:16 -0400] "GET /buy.php?item/175018111 HTTP/1.1" 200 19969 "https://apkmodguru.com/buy.php?item/175034291" "Mozilla/5.0 AppleWebKit/537.36 (KHTML, like Gecko; compatible; GPTBot/1.4; +https://openai.com/gptbot)"
66.249.77.35 - - [06/Jul/2026:09:47:17 -0400] "GET /?_g=290853 HTTP/1.1" 200 19852 "-" "Mozilla/5.0 (Linux; Android 6.0.1; Nexus 5X Build/MMB29P) AppleWebKit/537.36 (KHTML, like Gecko) Chrome/150.0.7871.46 Mobile Safari/537.36 (compatible; Googlebot/2.1; +http://www.google.com/bot.html)"
74.7.242.38 - - [06/Jul/2026:09:47:17 -0400] "GET /buy.php?item/174000540 HTTP/1.1" 200 19316 "https://apkmodguru.com/buy.php?item/174023528" "Mozilla/5.0 AppleWebKit/537.36 (KHTML, like Gecko; compatible; GPTBot/1.4; +https://openai.com/gptbot)"
74.7.242.38 - - [06/Jul/2026:09:47:18 -0400] "GET /buy.php?item/200043892 HTTP/1.1" 200 19464 "https://apkmodguru.com/buy.php?item/175034291" "Mozilla/5.0 AppleWebKit/537.36 (KHTML, like Gecko; compatible; GPTBot/1.4; +https://openai.com/gptbot)"
85.208.96.202 - - [06/Jul/2026:09:47:22 -0400] "GET /?items%2FG59858239314%2F HTTP/1.1" 200 0 "-" "Mozilla/5.0 (compatible; SemrushBot/7~bl; +http://www.semrush.com/bot.html)"
74.7.242.38 - - [06/Jul/2026:09:47:18 -0400] "GET /buy.php?item/174000556 HTTP/1.1" 200 19559 "https://apkmodguru.com/buy.php?item/174023528" "Mozilla/5.0 AppleWebKit/537.36 (KHTML, like Gecko; compatible; GPTBot/1.4; +https://openai.com/gptbot)"
74.7.242.38 - - [06/Jul/2026:09:47:23 -0400] "GET /buy.php?item/300049210 HTTP/1.1" 200 19694 "https://apkmodguru.com/buy.php?item/300000358" "Mozilla/5.0 AppleWebKit/537.36 (KHTML, like Gecko; compatible; GPTBot/1.4; +https://openai.com/gptbot)"
185.191.171.14 - - [06/Jul/2026:09:47:37 -0400] "GET /?items%2FO6855017198%2F HTTP/1.1" 200 0 "-" "Mozilla/5.0 (compatible; SemrushBot/7~bl; +http://www.semrush.com/bot.html)"
185.191.171.16 - - [06/Jul/2026:09:47:40 -0400] "GET /?items%2FD5548739638%2F HTTP/1.1" 200 0 "-" "Mozilla/5.0 (compatible; SemrushBot/7~bl; +http://www.semrush.com/bot.html)"
74.7.242.38 - - [06/Jul/2026:09:47:24 -0400] "GET /buy.php?item/254000208 HTTP/1.1" 200 20 "https://apkmodguru.com/buy.php?item/275034519" "Mozilla/5.0 AppleWebKit/537.36 (KHTML, like Gecko; compatible; GPTBot/1.4; +https://openai.com/gptbot)"
74.7.242.38 - - [06/Jul/2026:09:47:44 -0400] "GET /buy.php?item/040003266 HTTP/1.1" 200 19743 "https://apkmodguru.com/buy.php?m13601020969" "Mozilla/5.0 AppleWebKit/537.36 (KHTML, like Gecko; compatible; GPTBot/1.4; +https://openai.com/gptbot)"
74.7.242.38 - - [06/Jul/2026:09:47:45 -0400] "GET /buy.php?item/300044948 HTTP/1.1" 200 19473 "https://apkmodguru.com/buy.php?item/300049208" "Mozilla/5.0 AppleWebKit/537.36 (KHTML, like Gecko; compatible; GPTBot/1.4; +https://openai.com/gptbot)"
74.7.242.38 - - [06/Jul/2026:09:47:47 -0400] "GET /buy.php?item/111019329 HTTP/1.1" 200 20061 "https://apkmodguru.com/buy.php?item/111017631" "Mozilla/5.0 AppleWebKit/537.36 (KHTML, like Gecko; compatible; GPTBot/1.4; +https://openai.com/gptbot)"
74.7.242.38 - - [06/Jul/2026:09:47:47 -0400] "GET /buy.php?detail/10700005531991 HTTP/1.1" 200 20182 "https://apkmodguru.com/buy.php?item/237000715" "Mozilla/5.0 AppleWebKit/537.36 (KHTML, like Gecko; compatible; GPTBot/1.4; +https://openai.com/gptbot)"
74.7.242.38 - - [06/Jul/2026:09:47:55 -0400] "GET /buy.php?item/300044946 HTTP/1.1" 200 19517 "https://apkmodguru.com/buy.php?item/300049208" "Mozilla/5.0 AppleWebKit/537.36 (KHTML, like Gecko; compatible; GPTBot/1.4; +https://openai.com/gptbot)"
74.7.242.38 - - [06/Jul/2026:09:47:56 -0400] "GET /buy.php?item/111018003 HTTP/1.1" 200 19820 "https://apkmodguru.com/buy.php?item/111017631" "Mozilla/5.0 AppleWebKit/537.36 (KHTML, like Gecko; compatible; GPTBot/1.4; +https://openai.com/gptbot)"
74.7.242.38 - - [06/Jul/2026:09:47:57 -0400] "GET /buy.php?item/008000812 HTTP/1.1" 200 19687 "https://apkmodguru.com/buy.php?m13601020969" "Mozilla/5.0 AppleWebKit/537.36 (KHTML, like Gecko; compatible; GPTBot/1.4; +https://openai.com/gptbot)"
185.191.171.19 - - [06/Jul/2026:09:47:57 -0400] "GET /?items%2FM28274178477%2F HTTP/1.1" 200 0 "-" "Mozilla/5.0 (compatible; SemrushBot/7~bl; +http://www.semrush.com/bot.html)"
74.7.242.38 - - [06/Jul/2026:09:47:57 -0400] "GET /buy.php?item/200038654 HTTP/1.1" 200 20049 "https://apkmodguru.com/buy.php?item/200043892" "Mozilla/5.0 AppleWebKit/537.36 (KHTML, like Gecko; compatible; GPTBot/1.4; +https://openai.com/gptbot)"
74.7.242.38 - - [06/Jul/2026:09:48:06 -0400] "GET /buy.php?item/174000700 HTTP/1.1" 200 19589 "https://apkmodguru.com/buy.php?item/174000556" "Mozilla/5.0 AppleWebKit/537.36 (KHTML, like Gecko; compatible; GPTBot/1.4; +https://openai.com/gptbot)"
74.7.242.38 - - [06/Jul/2026:09:48:07 -0400] "GET /buy.php?item/300049204 HTTP/1.1" 200 19809 "https://apkmodguru.com/buy.php?item/300049210" "Mozilla/5.0 AppleWebKit/537.36 (KHTML, like Gecko; compatible; GPTBot/1.4; +https://openai.com/gptbot)"
74.7.242.38 - - [06/Jul/2026:09:48:07 -0400] "GET /buy.php?item/300049202 HTTP/1.1" 200 19730 "https://apkmodguru.com/buy.php?item/300049210" "Mozilla/5.0 AppleWebKit/537.36 (KHTML, like Gecko; compatible; GPTBot/1.4; +https://openai.com/gptbot)"
85.208.96.202 - - [06/Jul/2026:09:48:22 -0400] "GET /?items%2FF47455254178%2F HTTP/1.1" 200 0 "-" "Mozilla/5.0 (compatible; SemrushBot/7~bl; +http://www.semrush.com/bot.html)"
66.249.77.34 - - [06/Jul/2026:09:48:25 -0400] "GET /items/N814470707/ HTTP/1.1" 200 19865 "-" "Mozilla/5.0 (Linux; Android 6.0.1; Nexus 5X Build/MMB29P) AppleWebKit/537.36 (KHTML, like Gecko) Chrome/150.0.7871.46 Mobile Safari/537.36 (compatible; Googlebot/2.1; +http://www.google.com/bot.html)"
85.208.96.206 - - [06/Jul/2026:09:48:26 -0400] "GET /?items%2FO68550125262%2F HTTP/1.1" 200 0 "-" "Mozilla/5.0 (compatible; SemrushBot/7~bl; +http://www.semrush.com/bot.html)"
85.208.96.200 - - [06/Jul/2026:09:48:35 -0400] "GET /?items%2FJ98471135352%2F HTTP/1.1" 200 0 "-" "Mozilla/5.0 (compatible; SemrushBot/7~bl; +http://www.semrush.com/bot.html)"
74.7.242.38 - - [06/Jul/2026:09:48:19 -0400] "GET /buy.php?item/174000784 HTTP/1.1" 200 20 "https://apkmodguru.com/buy.php?item/174000556" "Mozilla/5.0 AppleWebKit/537.36 (KHTML, like Gecko; compatible; GPTBot/1.4; +https://openai.com/gptbot)"
74.7.242.38 - - [06/Jul/2026:09:48:39 -0400] "GET /buy.php?item/300000362 HTTP/1.1" 200 19584 "https://apkmodguru.com/buy.php?item/300044948" "Mozilla/5.0 AppleWebKit/537.36 (KHTML, like Gecko; compatible; GPTBot/1.4; +https://openai.com/gptbot)"
74.7.242.38 - - [06/Jul/2026:09:48:40 -0400] "GET /buy.php?item/111028041 HTTP/1.1" 200 20152 "https://apkmodguru.com/buy.php?item/111019329" "Mozilla/5.0 AppleWebKit/537.36 (KHTML, like Gecko; compatible; GPTBot/1.4; +https://openai.com/gptbot)"
74.7.242.38 - - [06/Jul/2026:09:48:41 -0400] "GET /buy.php?item/300049206 HTTP/1.1" 200 19316 "https://apkmodguru.com/buy.php?item/300049210" "Mozilla/5.0 AppleWebKit/537.36 (KHTML, like Gecko; compatible; GPTBot/1.4; +https://openai.com/gptbot)"
74.7.242.38 - - [06/Jul/2026:09:48:42 -0400] "GET /buy.php?item/300000368 HTTP/1.1" 200 19091 "https://apkmodguru.com/buy.php?item/300044946" "Mozilla/5.0 AppleWebKit/537.36 (KHTML, like Gecko; compatible; GPTBot/1.4; +https://openai.com/gptbot)"
74.7.242.38 - - [06/Jul/2026:09:48:43 -0400] "GET /buy.php?item/111017637 HTTP/1.1" 200 19743 "https://apkmodguru.com/buy.php?item/111018003" "Mozilla/5.0 AppleWebKit/537.36 (KHTML, like Gecko; compatible; GPTBot/1.4; +https://openai.com/gptbot)"
66.249.77.33 - - [06/Jul/2026:09:48:56 -0400] "GET /items/W733142237 HTTP/1.1" 200 19195 "-" "Mozilla/5.0 (Linux; Android 6.0.1; Nexus 5X Build/MMB29P) AppleWebKit/537.36 (KHTML, like Gecko) Chrome/150.0.7871.46 Mobile Safari/537.36 (compatible; Googlebot/2.1; +http://www.google.com/bot.html)"
192.178.6.102 - - [06/Jul/2026:09:48:56 -0400] "GET /items/I612179643/ HTTP/1.1" 200 20140 "-" "Mozilla/5.0 (Linux; Android 6.0.1; Nexus 5X Build/MMB29P) AppleWebKit/537.36 (KHTML, like Gecko) Chrome/150.0.7871.46 Mobile Safari/537.36 (compatible; Googlebot/2.1; +http://www.google.com/bot.html)"
85.208.96.198 - - [06/Jul/2026:09:48:58 -0400] "GET /?items%2FD55487105832%2F HTTP/1.1" 200 0 "-" "Mozilla/5.0 (compatible; SemrushBot/7~bl; +http://www.semrush.com/bot.html)"
74.7.242.38 - - [06/Jul/2026:09:48:44 -0400] "GET /buy.php?item/111017999 HTTP/1.1" 200 20 "https://apkmodguru.com/buy.php?item/111018003" "Mozilla/5.0 AppleWebKit/537.36 (KHTML, like Gecko; compatible; GPTBot/1.4; +https://openai.com/gptbot)"
74.7.242.38 - - [06/Jul/2026:09:49:04 -0400] "GET /buy.php?item/200006852 HTTP/1.1" 200 19347 "https://apkmodguru.com/buy.php?item/200038654" "Mozilla/5.0 AppleWebKit/537.36 (KHTML, like Gecko; compatible; GPTBot/1.4; +https://openai.com/gptbot)"
74.7.242.38 - - [06/Jul/2026:09:49:05 -0400] "GET /buy.php?item/174000782 HTTP/1.1" 200 19973 "https://apkmodguru.com/buy.php?item/174000556" "Mozilla/5.0 AppleWebKit/537.36 (KHTML, like Gecko; compatible; GPTBot/1.4; +https://openai.com/gptbot)"
74.7.242.38 - - [06/Jul/2026:09:49:06 -0400] "GET /buy.php?shopping/300049209 HTTP/1.1" 200 19585 "https://apkmodguru.com/buy.php?item/300049204" "Mozilla/5.0 AppleWebKit/537.36 (KHTML, like Gecko; compatible; GPTBot/1.4; +https://openai.com/gptbot)"
74.7.242.38 - - [06/Jul/2026:09:49:07 -0400] "GET /buy.php?item/180008724 HTTP/1.1" 200 19440 "https://apkmodguru.com/buy.php?item/300049202" "Mozilla/5.0 AppleWebKit/537.36 (KHTML, like Gecko; compatible; GPTBot/1.4; +https://openai.com/gptbot)"
74.7.242.38 - - [06/Jul/2026:09:49:07 -0400] "GET /buy.php?item/111028039 HTTP/1.1" 200 19913 "https://apkmodguru.com/buy.php?item/111019329" "Mozilla/5.0 AppleWebKit/537.36 (KHTML, like Gecko; compatible; GPTBot/1.4; +https://openai.com/gptbot)"
74.7.242.38 - - [06/Jul/2026:09:49:08 -0400] "GET /buy.php?item/111019327 HTTP/1.1" 200 20046 "https://apkmodguru.com/buy.php?item/111017631" "Mozilla/5.0 AppleWebKit/537.36 (KHTML, like Gecko; compatible; GPTBot/1.4; +https://openai.com/gptbot)"
74.7.242.38 - - [06/Jul/2026:09:49:09 -0400] "GET /buy.php?item/111043879 HTTP/1.1" 200 20031 "https://apkmodguru.com/buy.php?item/111028041" "Mozilla/5.0 AppleWebKit/537.36 (KHTML, like Gecko; compatible; GPTBot/1.4; +https://openai.com/gptbot)"
74.7.242.38 - - [06/Jul/2026:09:49:12 -0400] "GET /buy.php?item/300044944 HTTP/1.1" 200 19268 "https://apkmodguru.com/buy.php?item/300049206" "Mozilla/5.0 AppleWebKit/537.36 (KHTML, like Gecko; compatible; GPTBot/1.4; +https://openai.com/gptbot)"
185.191.171.9 - - [06/Jul/2026:09:49:13 -0400] "GET /?items%2FO6855069463%2F HTTP/1.1" 200 0 "-" "Mozilla/5.0 (compatible; SemrushBot/7~bl; +http://www.semrush.com/bot.html)"
74.7.242.38 - - [06/Jul/2026:09:49:12 -0400] "GET /buy.php?item/060009114 HTTP/1.1" 200 20176 "https://apkmodguru.com/buy.php?item/300000368" "Mozilla/5.0 AppleWebKit/537.36 (KHTML, like Gecko; compatible; GPTBot/1.4; +https://openai.com/gptbot)"
74.7.242.38 - - [06/Jul/2026:09:49:13 -0400] "GET /buy.php?item/111016059 HTTP/1.1" 200 20159 "https://apkmodguru.com/buy.php?item/111017637" "Mozilla/5.0 AppleWebKit/537.36 (KHTML, like Gecko; compatible; GPTBot/1.4; +https://openai.com/gptbot)"
74.7.242.38 - - [06/Jul/2026:09:49:15 -0400] "GET /buy.php?item/111017133 HTTP/1.1" 200 19330 "https://apkmodguru.com/buy.php?item/111017637" "Mozilla/5.0 AppleWebKit/537.36 (KHTML, like Gecko; compatible; GPTBot/1.4; +https://openai.com/gptbot)"
74.7.242.38 - - [06/Jul/2026:09:49:16 -0400] "GET /buy.php?item/200024772 HTTP/1.1" 200 19393 "https://apkmodguru.com/buy.php?item/200006852" "Mozilla/5.0 AppleWebKit/537.36 (KHTML, like Gecko; compatible; GPTBot/1.4; +https://openai.com/gptbot)"
74.7.242.38 - - [06/Jul/2026:09:49:17 -0400] "GET /buy.php?item/111017589 HTTP/1.1" 200 19249 "https://apkmodguru.com/buy.php?item/111017637" "Mozilla/5.0 AppleWebKit/537.36 (KHTML, like Gecko; compatible; GPTBot/1.4; +https://openai.com/gptbot)"
74.7.242.38 - - [06/Jul/2026:09:49:18 -0400] "GET /buy.php?item/263000985 HTTP/1.1" 200 19672 "https://apkmodguru.com/buy.php?item/300000368" "Mozilla/5.0 AppleWebKit/537.36 (KHTML, like Gecko; compatible; GPTBot/1.4; +https://openai.com/gptbot)"
74.7.242.38 - - [06/Jul/2026:09:49:19 -0400] "GET /buy.php?item/180006308 HTTP/1.1" 200 20331 "https://apkmodguru.com/buy.php?item/180008724" "Mozilla/5.0 AppleWebKit/537.36 (KHTML, like Gecko; compatible; GPTBot/1.4; +https://openai.com/gptbot)"
66.249.77.35 - - [06/Jul/2026:09:49:20 -0400] "GET /detail/19615817 HTTP/1.1" 200 20391 "-" "Mozilla/5.0 (Linux; Android 6.0.1; Nexus 5X Build/MMB29P) AppleWebKit/537.36 (KHTML, like Gecko) Chrome/150.0.7871.46 Mobile Safari/537.36 (compatible; Googlebot/2.1; +http://www.google.com/bot.html)"
74.7.242.38 - - [06/Jul/2026:09:49:19 -0400] "GET /buy.php?item/180006306 HTTP/1.1" 200 19598 "https://apkmodguru.com/buy.php?item/180008724" "Mozilla/5.0 AppleWebKit/537.36 (KHTML, like Gecko; compatible; GPTBot/1.4; +https://openai.com/gptbot)"
85.208.96.203 - - [06/Jul/2026:09:49:21 -0400] "GET /?items%2FW3010496449%2F HTTP/1.1" 200 0 "-" "Mozilla/5.0 (compatible; SemrushBot/7~bl; +http://www.semrush.com/bot.html)"
74.7.242.38 - - [06/Jul/2026:09:49:20 -0400] "GET /buy.php?item/111008711 HTTP/1.1" 200 19658 "https://apkmodguru.com/buy.php?item/111028039" "Mozilla/5.0 AppleWebKit/537.36 (KHTML, like Gecko; compatible; GPTBot/1.4; +https://openai.com/gptbot)"
74.7.242.38 - - [06/Jul/2026:09:49:22 -0400] "GET /buy.php?item/111017595 HTTP/1.1" 200 19296 "https://apkmodguru.com/buy.php?item/111043879" "Mozilla/5.0 AppleWebKit/537.36 (KHTML, like Gecko; compatible; GPTBot/1.4; +https://openai.com/gptbot)"
74.7.242.38 - - [06/Jul/2026:09:49:23 -0400] "GET /buy.php?item/111005801 HTTP/1.1" 200 19429 "https://apkmodguru.com/buy.php?item/111028039" "Mozilla/5.0 AppleWebKit/537.36 (KHTML, like Gecko; compatible; GPTBot/1.4; +https://openai.com/gptbot)"
74.7.242.38 - - [06/Jul/2026:09:49:29 -0400] "GET /buy.php?item/060003430 HTTP/1.1" 200 19511 "https://apkmodguru.com/buy.php?item/060009114" "Mozilla/5.0 AppleWebKit/537.36 (KHTML, like Gecko; compatible; GPTBot/1.4; +https://openai.com/gptbot)"
185.191.171.15 - - [06/Jul/2026:09:49:34 -0400] "GET /?items%2FO87712260116%2F HTTP/1.1" 200 0 "-" "Mozilla/5.0 (compatible; SemrushBot/7~bl; +http://www.semrush.com/bot.html)"
74.7.242.38 - - [06/Jul/2026:09:49:34 -0400] "GET /buy.php?item/111000961 HTTP/1.1" 200 19964 "https://apkmodguru.com/buy.php?item/111016059" "Mozilla/5.0 AppleWebKit/537.36 (KHTML, like Gecko; compatible; GPTBot/1.4; +https://openai.com/gptbot)"
74.7.242.38 - - [06/Jul/2026:09:49:34 -0400] "GET /buy.php?item/111017593 HTTP/1.1" 200 20633 "https://apkmodguru.com/buy.php?item/111043879" "Mozilla/5.0 AppleWebKit/537.36 (KHTML, like Gecko; compatible; GPTBot/1.4; +https://openai.com/gptbot)"
74.7.242.38 - - [06/Jul/2026:09:49:35 -0400] "GET /buy.php?item/200023136 HTTP/1.1" 200 19283 "https://apkmodguru.com/buy.php?item/200024772" "Mozilla/5.0 AppleWebKit/537.36 (KHTML, like Gecko; compatible; GPTBot/1.4; +https://openai.com/gptbot)"
74.7.242.38 - - [06/Jul/2026:09:49:38 -0400] "GET /buy.php?item/253000859 HTTP/1.1" 200 19177 "https://apkmodguru.com/buy.php?item/111017637" "Mozilla/5.0 AppleWebKit/537.36 (KHTML, like Gecko; compatible; GPTBot/1.4; +https://openai.com/gptbot)"
74.7.242.38 - - [06/Jul/2026:09:49:39 -0400] "GET /buy.php?item/263000989 HTTP/1.1" 200 20076 "https://apkmodguru.com/buy.php?item/263000985" "Mozilla/5.0 AppleWebKit/537.36 (KHTML, like Gecko; compatible; GPTBot/1.4; +https://openai.com/gptbot)"
74.7.242.38 - - [06/Jul/2026:09:49:39 -0400] "GET /buy.php?item/263000987 HTTP/1.1" 200 19511 "https://apkmodguru.com/buy.php?item/263000985" "Mozilla/5.0 AppleWebKit/537.36 (KHTML, like Gecko; compatible; GPTBot/1.4; +https://openai.com/gptbot)"
74.7.242.38 - - [06/Jul/2026:09:49:40 -0400] "GET /buy.php?item/100004860 HTTP/1.1" 200 20513 "https://apkmodguru.com/buy.php?item/180006306" "Mozilla/5.0 AppleWebKit/537.36 (KHTML, like Gecko; compatible; GPTBot/1.4; +https://openai.com/gptbot)"
74.7.242.38 - - [06/Jul/2026:09:49:43 -0400] "GET /buy.php?item/111008867 HTTP/1.1" 200 19730 "https://apkmodguru.com/buy.php?item/111008711" "Mozilla/5.0 AppleWebKit/537.36 (KHTML, like Gecko; compatible; GPTBot/1.4; +https://openai.com/gptbot)"
74.7.242.38 - - [06/Jul/2026:09:49:44 -0400] "GET /buy.php?shopping/198040931 HTTP/1.1" 200 20129 "https://apkmodguru.com/buy.php?item/111017595" "Mozilla/5.0 AppleWebKit/537.36 (KHTML, like Gecko; compatible; GPTBot/1.4; +https://openai.com/gptbot)"
74.7.242.38 - - [06/Jul/2026:09:49:44 -0400] "GET /buy.php?shopping/284030181 HTTP/1.1" 200 19634 "https://apkmodguru.com/buy.php?item/111005801" "Mozilla/5.0 AppleWebKit/537.36 (KHTML, like Gecko; compatible; GPTBot/1.4; +https://openai.com/gptbot)"
74.7.242.38 - - [06/Jul/2026:09:49:45 -0400] "GET /buy.php?item/111017599 HTTP/1.1" 200 19719 "https://apkmodguru.com/buy.php?item/111017595" "Mozilla/5.0 AppleWebKit/537.36 (KHTML, like Gecko; compatible; GPTBot/1.4; +https://openai.com/gptbot)"
74.7.242.38 - - [06/Jul/2026:09:49:46 -0400] "GET /buy.php?item/060003516 HTTP/1.1" 200 19675 "https://apkmodguru.com/buy.php?item/060003430" "Mozilla/5.0 AppleWebKit/537.36 (KHTML, like Gecko; compatible; GPTBot/1.4; +https://openai.com/gptbot)"
74.7.242.38 - - [06/Jul/2026:09:49:47 -0400] "GET /buy.php?item/111017597 HTTP/1.1" 200 19945 "https://apkmodguru.com/buy.php?item/111017595" "Mozilla/5.0 AppleWebKit/537.36 (KHTML, like Gecko; compatible; GPTBot/1.4; +https://openai.com/gptbot)"
74.7.242.38 - - [06/Jul/2026:09:49:47 -0400] "GET /buy.php?item/200004394 HTTP/1.1" 200 19439 "https://apkmodguru.com/buy.php?item/200023136" "Mozilla/5.0 AppleWebKit/537.36 (KHTML, like Gecko; compatible; GPTBot/1.4; +https://openai.com/gptbot)"
74.7.242.38 - - [06/Jul/2026:09:49:48 -0400] "GET /buy.php?item/111042623 HTTP/1.1" 200 20814 "https://apkmodguru.com/buy.php?item/111000961" "Mozilla/5.0 AppleWebKit/537.36 (KHTML, like Gecko; compatible; GPTBot/1.4; +https://openai.com/gptbot)"
74.7.242.38 - - [06/Jul/2026:09:49:49 -0400] "GET /buy.php?item/253000857 HTTP/1.1" 200 20094 "https://apkmodguru.com/buy.php?item/253000859" "Mozilla/5.0 AppleWebKit/537.36 (KHTML, like Gecko; compatible; GPTBot/1.4; +https://openai.com/gptbot)"
74.7.242.38 - - [06/Jul/2026:09:49:50 -0400] "GET /buy.php?item/263000993 HTTP/1.1" 200 20160 "https://apkmodguru.com/buy.php?item/263000989" "Mozilla/5.0 AppleWebKit/537.36 (KHTML, like Gecko; compatible; GPTBot/1.4; +https://openai.com/gptbot)"
185.191.171.19 - - [06/Jul/2026:09:49:55 -0400] "GET /?items%2FT19987126415%2F HTTP/1.1" 200 0 "-" "Mozilla/5.0 (compatible; SemrushBot/7~bl; +http://www.semrush.com/bot.html)"
74.7.242.38 - - [06/Jul/2026:09:49:54 -0400] "GET /buy.php?item/060003512 HTTP/1.1" 200 19642 "https://apkmodguru.com/buy.php?item/060003430" "Mozilla/5.0 AppleWebKit/537.36 (KHTML, like Gecko; compatible; GPTBot/1.4; +https://openai.com/gptbot)"
74.7.242.38 - - [06/Jul/2026:09:49:57 -0400] "GET /buy.php?item/111008865 HTTP/1.1" 200 19538 "https://apkmodguru.com/buy.php?item/111005801" "Mozilla/5.0 AppleWebKit/537.36 (KHTML, like Gecko; compatible; GPTBot/1.4; +https://openai.com/gptbot)"
74.7.242.38 - - [06/Jul/2026:09:49:58 -0400] "GET /buy.php?item/111044977 HTTP/1.1" 200 20352 "https://apkmodguru.com/buy.php?item/111000961" "Mozilla/5.0 AppleWebKit/537.36 (KHTML, like Gecko; compatible; GPTBot/1.4; +https://openai.com/gptbot)"
74.7.242.38 - - [06/Jul/2026:09:50:00 -0400] "GET /buy.php?item/111021459 HTTP/1.1" 200 19593 "https://apkmodguru.com/buy.php?item/111008867" "Mozilla/5.0 AppleWebKit/537.36 (KHTML, like Gecko; compatible; GPTBot/1.4; +https://openai.com/gptbot)"
74.7.242.38 - - [06/Jul/2026:09:50:04 -0400] "GET /buy.php?item/111008871 HTTP/1.1" 200 20631 "https://apkmodguru.com/buy.php?item/111017599" "Mozilla/5.0 AppleWebKit/537.36 (KHTML, like Gecko; compatible; GPTBot/1.4; +https://openai.com/gptbot)"
74.7.242.38 - - [06/Jul/2026:09:50:05 -0400] "GET /buy.php?item/060003534 HTTP/1.1" 200 20089 "https://apkmodguru.com/buy.php?item/060003516" "Mozilla/5.0 AppleWebKit/537.36 (KHTML, like Gecko; compatible; GPTBot/1.4; +https://openai.com/gptbot)"
77.75.79.95 - - [06/Jul/2026:09:50:08 -0400] "GET /items/A133744388/ HTTP/1.1" 200 0 "-" "Mozilla/5.0 (compatible; SeznamBot/4.0; +https://o-seznam.cz/napoveda/vyhledavani/en/seznambot-crawler/)"
74.7.242.38 - - [06/Jul/2026:09:50:06 -0400] "GET /buy.php?item/111015315 HTTP/1.1" 200 20882 "https://apkmodguru.com/buy.php?item/111017597" "Mozilla/5.0 AppleWebKit/537.36 (KHTML, like Gecko; compatible; GPTBot/1.4; +https://openai.com/gptbot)"
74.7.242.38 - - [06/Jul/2026:09:50:14 -0400] "GET /buy.php?item/200012490 HTTP/1.1" 200 19329 "https://apkmodguru.com/buy.php?item/200004394" "Mozilla/5.0 AppleWebKit/537.36 (KHTML, like Gecko; compatible; GPTBot/1.4; +https://openai.com/gptbot)"
74.7.242.38 - - [06/Jul/2026:09:50:15 -0400] "GET /buy.php?item/111028037 HTTP/1.1" 200 19428 "https://apkmodguru.com/buy.php?item/111042623" "Mozilla/5.0 AppleWebKit/537.36 (KHTML, like Gecko; compatible; GPTBot/1.4; +https://openai.com/gptbot)"
74.7.242.38 - - [06/Jul/2026:09:50:17 -0400] "GET /buy.php?shopping/253035314 HTTP/1.1" 200 20385 "https://apkmodguru.com/buy.php?item/253000857" "Mozilla/5.0 AppleWebKit/537.36 (KHTML, like Gecko; compatible; GPTBot/1.4; +https://openai.com/gptbot)"
74.7.242.38 - - [06/Jul/2026:09:50:18 -0400] "GET /buy.php?item/060003514 HTTP/1.1" 200 19396 "https://apkmodguru.com/buy.php?item/060003430" "Mozilla/5.0 AppleWebKit/537.36 (KHTML, like Gecko; compatible; GPTBot/1.4; +https://openai.com/gptbot)"
74.7.242.38 - - [06/Jul/2026:09:50:19 -0400] "GET /buy.php?item/300000360 HTTP/1.1" 200 19370 "https://apkmodguru.com/buy.php?shopping/300049209" "Mozilla/5.0 AppleWebKit/537.36 (KHTML, like Gecko; compatible; GPTBot/1.4; +https://openai.com/gptbot)"
74.7.242.38 - - [06/Jul/2026:09:50:22 -0400] "GET /buy.php?item/133031963 HTTP/1.1" 200 18635 "https://apkmodguru.com/buy.php?item/111000961" "Mozilla/5.0 AppleWebKit/537.36 (KHTML, like Gecko; compatible; GPTBot/1.4; +https://openai.com/gptbot)"
74.7.242.38 - - [06/Jul/2026:09:50:23 -0400] "GET /buy.php?item/174020110 HTTP/1.1" 200 19580 "https://apkmodguru.com/buy.php?item/174000540" "Mozilla/5.0 AppleWebKit/537.36 (KHTML, like Gecko; compatible; GPTBot/1.4; +https://openai.com/gptbot)"
74.7.242.38 - - [06/Jul/2026:09:50:31 -0400] "GET /buy.php?item/222027666 HTTP/1.1" 200 19087 "https://apkmodguru.com/buy.php?item/111021459" "Mozilla/5.0 AppleWebKit/537.36 (KHTML, like Gecko; compatible; GPTBot/1.4; +https://openai.com/gptbot)"
74.7.242.38 - - [06/Jul/2026:09:50:31 -0400] "GET /buy.php?item/206027766 HTTP/1.1" 200 19817 "https://apkmodguru.com/buy.php?item/111028039" "Mozilla/5.0 AppleWebKit/537.36 (KHTML, like Gecko; compatible; GPTBot/1.4; +https://openai.com/gptbot)"
74.7.242.38 - - [06/Jul/2026:09:50:32 -0400] "GET /buy.php?item/211012371 HTTP/1.1" 200 19376 "https://apkmodguru.com/buy.php?item/200023136" "Mozilla/5.0 AppleWebKit/537.36 (KHTML, like Gecko; compatible; GPTBot/1.4; +https://openai.com/gptbot)"
74.7.242.38 - - [06/Jul/2026:09:50:33 -0400] "GET /buy.php?item/111023933 HTTP/1.1" 200 19574 "https://apkmodguru.com/buy.php?item/111015315" "Mozilla/5.0 AppleWebKit/537.36 (KHTML, like Gecko; compatible; GPTBot/1.4; +https://openai.com/gptbot)"
74.7.242.38 - - [06/Jul/2026:09:50:33 -0400] "GET /buy.php?item/111027997 HTTP/1.1" 200 19356 "https://apkmodguru.com/buy.php?item/111015315" "Mozilla/5.0 AppleWebKit/537.36 (KHTML, like Gecko; compatible; GPTBot/1.4; +https://openai.com/gptbot)"
66.249.77.35 - - [06/Jul/2026:09:50:34 -0400] "GET /items/P344178653 HTTP/1.1" 200 19507 "-" "Mozilla/5.0 (Linux; Android 6.0.1; Nexus 5X Build/MMB29P) AppleWebKit/537.36 (KHTML, like Gecko) Chrome/150.0.7871.46 Mobile Safari/537.36 (compatible; Googlebot/2.1; +http://www.google.com/bot.html)"
74.7.242.38 - - [06/Jul/2026:09:50:34 -0400] "GET /buy.php?item/093022329 HTTP/1.1" 200 19369 "https://apkmodguru.com/buy.php?item/174000556" "Mozilla/5.0 AppleWebKit/537.36 (KHTML, like Gecko; compatible; GPTBot/1.4; +https://openai.com/gptbot)"
74.7.242.38 - - [06/Jul/2026:09:50:35 -0400] "GET /buy.php?item/090025970 HTTP/1.1" 200 19559 "https://apkmodguru.com/buy.php?item/111016059" "Mozilla/5.0 AppleWebKit/537.36 (KHTML, like Gecko; compatible; GPTBot/1.4; +https://openai.com/gptbot)"
74.7.242.38 - - [06/Jul/2026:09:50:36 -0400] "GET /buy.php?item/152022592 HTTP/1.1" 200 19527 "https://apkmodguru.com/buy.php?item/175034293" "Mozilla/5.0 AppleWebKit/537.36 (KHTML, like Gecko; compatible; GPTBot/1.4; +https://openai.com/gptbot)"
74.7.242.38 - - [06/Jul/2026:09:50:37 -0400] "GET /buy.php?item/105035553 HTTP/1.1" 200 19326 "https://apkmodguru.com/buy.php?item/300000360" "Mozilla/5.0 AppleWebKit/537.36 (KHTML, like Gecko; compatible; GPTBot/1.4; +https://openai.com/gptbot)"
74.7.242.38 - - [06/Jul/2026:09:50:37 -0400] "GET /buy.php?item/070036990 HTTP/1.1" 200 18956 "https://apkmodguru.com/buy.php?item/133031963" "Mozilla/5.0 AppleWebKit/537.36 (KHTML, like Gecko; compatible; GPTBot/1.4; +https://openai.com/gptbot)"
74.7.242.38 - - [06/Jul/2026:09:50:38 -0400] "GET /buy.php?item/280006864 HTTP/1.1" 200 19312 "https://apkmodguru.com/buy.php?item/174020110" "Mozilla/5.0 AppleWebKit/537.36 (KHTML, like Gecko; compatible; GPTBot/1.4; +https://openai.com/gptbot)"
74.7.242.38 - - [06/Jul/2026:09:50:39 -0400] "GET /buy.php?item/086014044 HTTP/1.1" 200 19690 "https://apkmodguru.com/buy.php?item/300000358" "Mozilla/5.0 AppleWebKit/537.36 (KHTML, like Gecko; compatible; GPTBot/1.4; +https://openai.com/gptbot)"
185.191.171.10 - - [06/Jul/2026:09:50:40 -0400] "GET /?items%2FM28274174838%2F HTTP/1.1" 200 0 "-" "Mozilla/5.0 (compatible; SemrushBot/7~bl; +http://www.semrush.com/bot.html)"
185.191.171.1 - - [06/Jul/2026:09:50:42 -0400] "GET /?items%2FJ9847182258%2F HTTP/1.1" 200 0 "-" "Mozilla/5.0 (compatible; SemrushBot/7~bl; +http://www.semrush.com/bot.html)"
85.208.96.202 - - [06/Jul/2026:09:50:56 -0400] "GET /?items%2FD55487177134%2F HTTP/1.1" 200 0 "-" "Mozilla/5.0 (compatible; SemrushBot/7~bl; +http://www.semrush.com/bot.html)"
192.178.6.103 - - [06/Jul/2026:09:50:57 -0400] "GET /items/N852725036/ HTTP/1.1" 200 20060 "-" "Mozilla/5.0 (Linux; Android 6.0.1; Nexus 5X Build/MMB29P) AppleWebKit/537.36 (KHTML, like Gecko) Chrome/150.0.7871.46 Mobile Safari/537.36 (compatible; Googlebot/2.1; +http://www.google.com/bot.html)"
74.7.242.38 - - [06/Jul/2026:09:50:40 -0400] "GET /buy.php?item/279000219 HTTP/1.1" 200 20 "https://apkmodguru.com/buy.php?item/206027766" "Mozilla/5.0 AppleWebKit/537.36 (KHTML, like Gecko; compatible; GPTBot/1.4; +https://openai.com/gptbot)"
185.191.171.15 - - [06/Jul/2026:09:51:00 -0400] "GET /?items%2FJ98471220649%2F HTTP/1.1" 200 0 "-" "Mozilla/5.0 (compatible; SemrushBot/7~bl; +http://www.semrush.com/bot.html)"
185.191.171.14 - - [06/Jul/2026:09:51:02 -0400] "GET /?items%2FO6855068774%2F HTTP/1.1" 200 0 "-" "Mozilla/5.0 (compatible; SemrushBot/7~bl; +http://www.semrush.com/bot.html)"
85.208.96.211 - - [06/Jul/2026:09:51:03 -0400] "GET /?items%2FO42394180715%2F HTTP/1.1" 200 0 "-" "Mozilla/5.0 (compatible; SemrushBot/7~bl; +http://www.semrush.com/bot.html)"
185.191.171.6 - - [06/Jul/2026:09:51:13 -0400] "GET /?items%2FO8771260312%2F HTTP/1.1" 200 0 "-" "Mozilla/5.0 (compatible; SemrushBot/7~bl; +http://www.semrush.com/bot.html)"
185.191.171.7 - - [06/Jul/2026:09:51:16 -0400] "GET /?items%2FG59858114736%2F HTTP/1.1" 200 0 "-" "Mozilla/5.0 (compatible; SemrushBot/7~bl; +http://www.semrush.com/bot.html)"
149.202.79.129 - - [06/Jul/2026:09:51:26 -0400] "GET / HTTP/1.1" 200 0 "apkmodguru.com" "Mozilla/5.0 (Linux; Android 8.1.0; moto e5 play Build/OPGS28.54-19-2) AppleWebKit/537.36 (KHTML, like Gecko) Chrome/66.0.3359.126 Mobile Safari/537.36"
74.7.242.38 - - [06/Jul/2026:09:51:00 -0400] "GET /buy.php?item/285023197 HTTP/1.1" 200 0 "https://apkmodguru.com/buy.php?item/174000556" "Mozilla/5.0 AppleWebKit/537.36 (KHTML, like Gecko; compatible; GPTBot/1.4; +https://openai.com/gptbot)"
74.7.242.38 - - [06/Jul/2026:09:51:30 -0400] "GET /buy.php?item/092013110 HTTP/1.1" 200 19378 "https://apkmodguru.com/buy.php?item/111023933" "Mozilla/5.0 AppleWebKit/537.36 (KHTML, like Gecko; compatible; GPTBot/1.4; +https://openai.com/gptbot)"
74.7.242.38 - - [06/Jul/2026:09:51:31 -0400] "GET /buy.php?item/159040873 HTTP/1.1" 200 19351 "https://apkmodguru.com/buy.php?item/175034293" "Mozilla/5.0 AppleWebKit/537.36 (KHTML, like Gecko; compatible; GPTBot/1.4; +https://openai.com/gptbot)"
74.7.242.38 - - [06/Jul/2026:09:51:39 -0400] "GET /buy.php?item/093022333 HTTP/1.1" 200 19645 "https://apkmodguru.com/buy.php?item/093022329" "Mozilla/5.0 AppleWebKit/537.36 (KHTML, like Gecko; compatible; GPTBot/1.4; +https://openai.com/gptbot)"
185.191.171.12 - - [06/Jul/2026:09:51:40 -0400] "GET /?items%2FF474552232%2F HTTP/1.1" 200 0 "-" "Mozilla/5.0 (compatible; SemrushBot/7~bl; +http://www.semrush.com/bot.html)"
74.7.242.38 - - [06/Jul/2026:09:51:41 -0400] "GET /buy.php?item/030017444 HTTP/1.1" 200 19296 "https://apkmodguru.com/buy.php?item/090025970" "Mozilla/5.0 AppleWebKit/537.36 (KHTML, like Gecko; compatible; GPTBot/1.4; +https://openai.com/gptbot)"
74.7.242.38 - - [06/Jul/2026:09:51:42 -0400] "GET /buy.php?item/207000499 HTTP/1.1" 200 19669 "https://apkmodguru.com/buy.php?item/090025970" "Mozilla/5.0 AppleWebKit/537.36 (KHTML, like Gecko; compatible; GPTBot/1.4; +https://openai.com/gptbot)"
66.249.77.34 - - [06/Jul/2026:09:51:42 -0400] "GET /detail/516613150 HTTP/1.1" 200 19452 "-" "Mozilla/5.0 (Linux; Android 6.0.1; Nexus 5X Build/MMB29P) AppleWebKit/537.36 (KHTML, like Gecko) Chrome/150.0.7871.46 Mobile Safari/537.36 (compatible; Googlebot/2.1; +http://www.google.com/bot.html)"
74.7.242.38 - - [06/Jul/2026:09:51:43 -0400] "GET /buy.php?item/090002546 HTTP/1.1" 200 20143 "https://apkmodguru.com/buy.php?item/090025970" "Mozilla/5.0 AppleWebKit/537.36 (KHTML, like Gecko; compatible; GPTBot/1.4; +https://openai.com/gptbot)"
185.191.171.12 - - [06/Jul/2026:09:51:44 -0400] "GET /?items%2FG5985885383%2F HTTP/1.1" 200 0 "-" "Mozilla/5.0 (compatible; SemrushBot/7~bl; +http://www.semrush.com/bot.html)"
74.7.242.38 - - [06/Jul/2026:09:51:44 -0400] "GET /buy.php?item/188022274 HTTP/1.1" 200 19151 "https://apkmodguru.com/buy.php?item/093022329" "Mozilla/5.0 AppleWebKit/537.36 (KHTML, like Gecko; compatible; GPTBot/1.4; +https://openai.com/gptbot)"
