192.178.6.104 - - [06/Jul/2026:09:51:45 -0400] "GET /ammika.php?sitemap730.xml HTTP/1.1" 403 1242 "-" "Mozilla/5.0 (compatible; Googlebot/2.1; +http://www.google.com/bot.html)"
74.7.242.38 - - [06/Jul/2026:09:51:45 -0400] "GET /buy.php?item/280006866 HTTP/1.1" 200 20077 "https://apkmodguru.com/buy.php?item/280006864" "Mozilla/5.0 AppleWebKit/537.36 (KHTML, like Gecko; compatible; GPTBot/1.4; +https://openai.com/gptbot)"
74.7.242.38 - - [06/Jul/2026:09:51:45 -0400] "GET /buy.php?item/086014016 HTTP/1.1" 200 20062 "https://apkmodguru.com/buy.php?item/086014044" "Mozilla/5.0 AppleWebKit/537.36 (KHTML, like Gecko; compatible; GPTBot/1.4; +https://openai.com/gptbot)"
74.7.242.38 - - [06/Jul/2026:09:51:46 -0400] "GET /buy.php?item/280006856 HTTP/1.1" 200 19398 "https://apkmodguru.com/buy.php?item/280006864" "Mozilla/5.0 AppleWebKit/537.36 (KHTML, like Gecko; compatible; GPTBot/1.4; +https://openai.com/gptbot)"
74.7.242.38 - - [06/Jul/2026:09:51:47 -0400] "GET /buy.php?item/090002548 HTTP/1.1" 200 19446 "https://apkmodguru.com/buy.php?item/090025970" "Mozilla/5.0 AppleWebKit/537.36 (KHTML, like Gecko; compatible; GPTBot/1.4; +https://openai.com/gptbot)"
74.7.242.38 - - [06/Jul/2026:09:51:47 -0400] "GET /buy.php?item/055044011 HTTP/1.1" 200 19435 "https://apkmodguru.com/buy.php?item/105035553" "Mozilla/5.0 AppleWebKit/537.36 (KHTML, like Gecko; compatible; GPTBot/1.4; +https://openai.com/gptbot)"
74.7.242.38 - - [06/Jul/2026:09:51:48 -0400] "GET /buy.php?item/159023517 HTTP/1.1" 200 19834 "https://apkmodguru.com/buy.php?item/159040873" "Mozilla/5.0 AppleWebKit/537.36 (KHTML, like Gecko; compatible; GPTBot/1.4; +https://openai.com/gptbot)"
74.7.242.38 - - [06/Jul/2026:09:51:49 -0400] "GET /buy.php?item/092039302 HTTP/1.1" 200 19691 "https://apkmodguru.com/buy.php?item/092013110" "Mozilla/5.0 AppleWebKit/537.36 (KHTML, like Gecko; compatible; GPTBot/1.4; +https://openai.com/gptbot)"
74.7.242.38 - - [06/Jul/2026:09:51:51 -0400] "GET /buy.php?item/028005290 HTTP/1.1" 200 19521 "https://apkmodguru.com/buy.php?item/093022333" "Mozilla/5.0 AppleWebKit/537.36 (KHTML, like Gecko; compatible; GPTBot/1.4; +https://openai.com/gptbot)"
74.7.242.38 - - [06/Jul/2026:09:51:52 -0400] "GET /buy.php?item/108004038 HTTP/1.1" 200 19623 "https://apkmodguru.com/buy.php?item/207000499" "Mozilla/5.0 AppleWebKit/537.36 (KHTML, like Gecko; compatible; GPTBot/1.4; +https://openai.com/gptbot)"
74.7.242.38 - - [06/Jul/2026:09:51:53 -0400] "GET /buy.php?shopping/150041191 HTTP/1.1" 200 19598 "https://apkmodguru.com/buy.php?item/090002546" "Mozilla/5.0 AppleWebKit/537.36 (KHTML, like Gecko; compatible; GPTBot/1.4; +https://openai.com/gptbot)"
74.7.242.38 - - [06/Jul/2026:09:51:54 -0400] "GET /buy.php?item/080005590 HTTP/1.1" 200 20062 "https://apkmodguru.com/buy.php?item/188022274" "Mozilla/5.0 AppleWebKit/537.36 (KHTML, like Gecko; compatible; GPTBot/1.4; +https://openai.com/gptbot)"
74.7.242.38 - - [06/Jul/2026:09:51:56 -0400] "GET /buy.php?item/188022276 HTTP/1.1" 200 19533 "https://apkmodguru.com/buy.php?item/188022274" "Mozilla/5.0 AppleWebKit/537.36 (KHTML, like Gecko; compatible; GPTBot/1.4; +https://openai.com/gptbot)"
74.7.242.38 - - [06/Jul/2026:09:51:57 -0400] "GET /buy.php?item/079000331 HTTP/1.1" 200 20296 "https://apkmodguru.com/buy.php?item/086014016" "Mozilla/5.0 AppleWebKit/537.36 (KHTML, like Gecko; compatible; GPTBot/1.4; +https://openai.com/gptbot)"
185.191.171.19 - - [06/Jul/2026:09:51:58 -0400] "GET /?items%2FM2827460112%2F HTTP/1.1" 200 0 "-" "Mozilla/5.0 (compatible; SemrushBot/7~bl; +http://www.semrush.com/bot.html)"
74.7.242.38 - - [06/Jul/2026:09:51:57 -0400] "GET /buy.php?item/035006455 HTTP/1.1" 200 19517 "https://apkmodguru.com/buy.php?item/280006866" "Mozilla/5.0 AppleWebKit/537.36 (KHTML, like Gecko; compatible; GPTBot/1.4; +https://openai.com/gptbot)"
185.191.171.6 - - [06/Jul/2026:09:52:00 -0400] "GET /?items%2FD55487124016%2F HTTP/1.1" 200 0 "-" "Mozilla/5.0 (compatible; SemrushBot/7~bl; +http://www.semrush.com/bot.html)"
74.7.242.38 - - [06/Jul/2026:09:52:00 -0400] "GET /buy.php?item/227048519 HTTP/1.1" 200 19150 "https://apkmodguru.com/buy.php?item/111042623" "Mozilla/5.0 AppleWebKit/537.36 (KHTML, like Gecko; compatible; GPTBot/1.4; +https://openai.com/gptbot)"
74.7.242.38 - - [06/Jul/2026:09:52:01 -0400] "GET /buy.php?item/174029686 HTTP/1.1" 200 20204 "https://apkmodguru.com/buy.php?item/174000782" "Mozilla/5.0 AppleWebKit/537.36 (KHTML, like Gecko; compatible; GPTBot/1.4; +https://openai.com/gptbot)"
74.7.242.38 - - [06/Jul/2026:09:52:02 -0400] "GET /buy.php?item/139042651 HTTP/1.1" 200 19492 "https://apkmodguru.com/buy.php?item/111027997" "Mozilla/5.0 AppleWebKit/537.36 (KHTML, like Gecko; compatible; GPTBot/1.4; +https://openai.com/gptbot)"
74.7.242.38 - - [06/Jul/2026:09:52:03 -0400] "GET /buy.php?item/132040976 HTTP/1.1" 200 19579 "https://apkmodguru.com/buy.php?item/040003266" "Mozilla/5.0 AppleWebKit/537.36 (KHTML, like Gecko; compatible; GPTBot/1.4; +https://openai.com/gptbot)"
74.7.242.38 - - [06/Jul/2026:09:52:09 -0400] "GET /buy.php?item/275036389 HTTP/1.1" 200 19533 "https://apkmodguru.com/buy.php?item/275034519" "Mozilla/5.0 AppleWebKit/537.36 (KHTML, like Gecko; compatible; GPTBot/1.4; +https://openai.com/gptbot)"
74.7.242.38 - - [06/Jul/2026:09:52:09 -0400] "GET /buy.php?item/128015436 HTTP/1.1" 200 20202 "https://apkmodguru.com/buy.php?item/200023136" "Mozilla/5.0 AppleWebKit/537.36 (KHTML, like Gecko; compatible; GPTBot/1.4; +https://openai.com/gptbot)"
74.7.242.38 - - [06/Jul/2026:09:52:11 -0400] "GET /buy.php?item/198043570 HTTP/1.1" 200 19642 "https://apkmodguru.com/buy.php?item/175031249" "Mozilla/5.0 AppleWebKit/537.36 (KHTML, like Gecko; compatible; GPTBot/1.4; +https://openai.com/gptbot)"
74.7.242.38 - - [06/Jul/2026:09:52:12 -0400] "GET /buy.php?item/041006669 HTTP/1.1" 200 19813 "https://apkmodguru.com/buy.php?item/080005590" "Mozilla/5.0 AppleWebKit/537.36 (KHTML, like Gecko; compatible; GPTBot/1.4; +https://openai.com/gptbot)"
74.7.242.38 - - [06/Jul/2026:09:52:13 -0400] "GET /buy.php?item/180005044 HTTP/1.1" 200 19729 "https://apkmodguru.com/buy.php?item/188022276" "Mozilla/5.0 AppleWebKit/537.36 (KHTML, like Gecko; compatible; GPTBot/1.4; +https://openai.com/gptbot)"
74.7.242.38 - - [06/Jul/2026:09:52:14 -0400] "GET /buy.php?item/296015000 HTTP/1.1" 200 19495 "https://apkmodguru.com/buy.php?item/079000331" "Mozilla/5.0 AppleWebKit/537.36 (KHTML, like Gecko; compatible; GPTBot/1.4; +https://openai.com/gptbot)"
74.7.242.38 - - [06/Jul/2026:09:52:15 -0400] "GET /buy.php?item/142044524 HTTP/1.1" 200 20625 "https://apkmodguru.com/buy.php?item/188022276" "Mozilla/5.0 AppleWebKit/537.36 (KHTML, like Gecko; compatible; GPTBot/1.4; +https://openai.com/gptbot)"
74.7.242.38 - - [06/Jul/2026:09:52:16 -0400] "GET /buy.php?item/228005040 HTTP/1.1" 200 19692 "https://apkmodguru.com/buy.php?item/080005590" "Mozilla/5.0 AppleWebKit/537.36 (KHTML, like Gecko; compatible; GPTBot/1.4; +https://openai.com/gptbot)"
74.7.242.38 - - [06/Jul/2026:09:52:18 -0400] "GET /buy.php?item/174022270 HTTP/1.1" 200 19794 "https://apkmodguru.com/buy.php?item/174029686" "Mozilla/5.0 AppleWebKit/537.36 (KHTML, like Gecko; compatible; GPTBot/1.4; +https://openai.com/gptbot)"
74.7.242.38 - - [06/Jul/2026:09:52:19 -0400] "GET /buy.php?item/247015381 HTTP/1.1" 200 19521 "https://apkmodguru.com/buy.php?item/080005590" "Mozilla/5.0 AppleWebKit/537.36 (KHTML, like Gecko; compatible; GPTBot/1.4; +https://openai.com/gptbot)"
74.7.242.38 - - [06/Jul/2026:09:52:19 -0400] "GET /buy.php?m80410054282 HTTP/1.1" 200 19312 "https://apkmodguru.com/buy.php?item/132040976" "Mozilla/5.0 AppleWebKit/537.36 (KHTML, like Gecko; compatible; GPTBot/1.4; +https://openai.com/gptbot)"
74.7.242.38 - - [06/Jul/2026:09:52:20 -0400] "GET /buy.php?item/174022358 HTTP/1.1" 200 20472 "https://apkmodguru.com/buy.php?item/174029686" "Mozilla/5.0 AppleWebKit/537.36 (KHTML, like Gecko; compatible; GPTBot/1.4; +https://openai.com/gptbot)"
74.7.242.38 - - [06/Jul/2026:09:52:21 -0400] "GET /buy.php?item/056047128 HTTP/1.1" 200 19105 "https://apkmodguru.com/buy.php?item/188022276" "Mozilla/5.0 AppleWebKit/537.36 (KHTML, like Gecko; compatible; GPTBot/1.4; +https://openai.com/gptbot)"
74.7.242.38 - - [06/Jul/2026:09:52:23 -0400] "GET /buy.php?item/156023970 HTTP/1.1" 200 19402 "https://apkmodguru.com/buy.php?item/156000284" "Mozilla/5.0 AppleWebKit/537.36 (KHTML, like Gecko; compatible; GPTBot/1.4; +https://openai.com/gptbot)"
74.7.242.38 - - [06/Jul/2026:09:52:25 -0400] "GET /buy.php?item/182043506 HTTP/1.1" 200 18973 "https://apkmodguru.com/buy.php?item/253000859" "Mozilla/5.0 AppleWebKit/537.36 (KHTML, like Gecko; compatible; GPTBot/1.4; +https://openai.com/gptbot)"
74.7.242.38 - - [06/Jul/2026:09:52:25 -0400] "GET /buy.php?item/287043919 HTTP/1.1" 200 19564 "https://apkmodguru.com/buy.php?item/287043913" "Mozilla/5.0 AppleWebKit/537.36 (KHTML, like Gecko; compatible; GPTBot/1.4; +https://openai.com/gptbot)"
74.7.242.38 - - [06/Jul/2026:09:52:27 -0400] "GET /buy.php?item/104038952 HTTP/1.1" 200 20298 "https://apkmodguru.com/buy.php?item/175034291" "Mozilla/5.0 AppleWebKit/537.36 (KHTML, like Gecko; compatible; GPTBot/1.4; +https://openai.com/gptbot)"
185.191.171.4 - - [06/Jul/2026:09:52:28 -0400] "GET /?items%2FW30104114138%2F HTTP/1.1" 200 0 "-" "Mozilla/5.0 (compatible; SemrushBot/7~bl; +http://www.semrush.com/bot.html)"
74.7.242.38 - - [06/Jul/2026:09:52:28 -0400] "GET /buy.php?item/165042731 HTTP/1.1" 200 19977 "https://apkmodguru.com/buy.php?item/111028041" "Mozilla/5.0 AppleWebKit/537.36 (KHTML, like Gecko; compatible; GPTBot/1.4; +https://openai.com/gptbot)"
74.7.242.38 - - [06/Jul/2026:09:52:29 -0400] "GET /buy.php?shopping/228009745 HTTP/1.1" 200 20559 "https://apkmodguru.com/buy.php?item/228005040" "Mozilla/5.0 AppleWebKit/537.36 (KHTML, like Gecko; compatible; GPTBot/1.4; +https://openai.com/gptbot)"
85.208.96.200 - - [06/Jul/2026:09:52:41 -0400] "GET /?items%2FD55487179052%2F HTTP/1.1" 200 0 "-" "Mozilla/5.0 (compatible; SemrushBot/7~bl; +http://www.semrush.com/bot.html)"
85.208.96.207 - - [06/Jul/2026:09:52:43 -0400] "GET /?items%2FJ98471286093%2F HTTP/1.1" 200 0 "-" "Mozilla/5.0 (compatible; SemrushBot/7~bl; +http://www.semrush.com/bot.html)"
74.7.242.38 - - [06/Jul/2026:09:52:33 -0400] "GET /buy.php?shopping/228005049 HTTP/1.1" 200 20 "https://apkmodguru.com/buy.php?item/228005040" "Mozilla/5.0 AppleWebKit/537.36 (KHTML, like Gecko; compatible; GPTBot/1.4; +https://openai.com/gptbot)"
74.7.242.38 - - [06/Jul/2026:09:52:53 -0400] "GET /buy.php?item/091003079 HTTP/1.1" 200 19644 "https://apkmodguru.com/buy.php?item/174022270" "Mozilla/5.0 AppleWebKit/537.36 (KHTML, like Gecko; compatible; GPTBot/1.4; +https://openai.com/gptbot)"
74.7.242.38 - - [06/Jul/2026:09:52:53 -0400] "GET /buy.php?item/055000547 HTTP/1.1" 200 19272 "https://apkmodguru.com/buy.php?m80410054282" "Mozilla/5.0 AppleWebKit/537.36 (KHTML, like Gecko; compatible; GPTBot/1.4; +https://openai.com/gptbot)"
74.7.242.38 - - [06/Jul/2026:09:52:54 -0400] "GET /buy.php?item/176000148 HTTP/1.1" 200 19248 "https://apkmodguru.com/buy.php?m80410054282" "Mozilla/5.0 AppleWebKit/537.36 (KHTML, like Gecko; compatible; GPTBot/1.4; +https://openai.com/gptbot)"
74.7.242.38 - - [06/Jul/2026:09:52:55 -0400] "GET /buy.php?item/056047132 HTTP/1.1" 200 19491 "https://apkmodguru.com/buy.php?item/056047128" "Mozilla/5.0 AppleWebKit/537.36 (KHTML, like Gecko; compatible; GPTBot/1.4; +https://openai.com/gptbot)"
74.7.242.38 - - [06/Jul/2026:09:52:56 -0400] "GET /buy.php?item/156000286 HTTP/1.1" 200 19551 "https://apkmodguru.com/buy.php?item/156023970" "Mozilla/5.0 AppleWebKit/537.36 (KHTML, like Gecko; compatible; GPTBot/1.4; +https://openai.com/gptbot)"
74.7.242.38 - - [06/Jul/2026:09:52:56 -0400] "GET /buy.php?item/152006438 HTTP/1.1" 200 19584 "https://apkmodguru.com/buy.php?item/263000989" "Mozilla/5.0 AppleWebKit/537.36 (KHTML, like Gecko; compatible; GPTBot/1.4; +https://openai.com/gptbot)"
74.7.242.38 - - [06/Jul/2026:09:52:57 -0400] "GET /buy.php?item/287037641 HTTP/1.1" 200 20527 "https://apkmodguru.com/buy.php?item/200043892" "Mozilla/5.0 AppleWebKit/537.36 (KHTML, like Gecko; compatible; GPTBot/1.4; +https://openai.com/gptbot)"
185.191.171.17 - - [06/Jul/2026:09:52:59 -0400] "GET /?items%2FT1998727997%2F HTTP/1.1" 200 0 "-" "Mozilla/5.0 (compatible; SemrushBot/7~bl; +http://www.semrush.com/bot.html)"
74.7.242.38 - - [06/Jul/2026:09:52:58 -0400] "GET /buy.php?item/275036391 HTTP/1.1" 200 20 "https://apkmodguru.com/buy.php?item/275034519" "Mozilla/5.0 AppleWebKit/537.36 (KHTML, like Gecko; compatible; GPTBot/1.4; +https://openai.com/gptbot)"
74.7.242.38 - - [06/Jul/2026:09:53:18 -0400] "GET /buy.php?item/263042759 HTTP/1.1" 200 19407 "https://apkmodguru.com/buy.php?item/263000987" "Mozilla/5.0 AppleWebKit/537.36 (KHTML, like Gecko; compatible; GPTBot/1.4; +https://openai.com/gptbot)"
74.7.242.38 - - [06/Jul/2026:09:53:20 -0400] "GET /buy.php?item/228005042 HTTP/1.1" 200 20991 "https://apkmodguru.com/buy.php?shopping/228009745" "Mozilla/5.0 AppleWebKit/537.36 (KHTML, like Gecko; compatible; GPTBot/1.4; +https://openai.com/gptbot)"
74.7.242.38 - - [06/Jul/2026:09:53:22 -0400] "GET /buy.php?item/287015569 HTTP/1.1" 200 19539 "https://apkmodguru.com/buy.php?item/287043919" "Mozilla/5.0 AppleWebKit/537.36 (KHTML, like Gecko; compatible; GPTBot/1.4; +https://openai.com/gptbot)"
185.191.171.10 - - [06/Jul/2026:09:53:23 -0400] "GET /?items%2FT19987274467%2F HTTP/1.1" 200 0 "-" "Mozilla/5.0 (compatible; SemrushBot/7~bl; +http://www.semrush.com/bot.html)"
74.7.242.38 - - [06/Jul/2026:09:53:23 -0400] "GET /buy.php?detail/0910349908162 HTTP/1.1" 200 19323 "https://apkmodguru.com/buy.php?item/091003079" "Mozilla/5.0 AppleWebKit/537.36 (KHTML, like Gecko; compatible; GPTBot/1.4; +https://openai.com/gptbot)"
74.7.242.38 - - [06/Jul/2026:09:53:24 -0400] "GET /buy.php?item/040001196 HTTP/1.1" 200 19892 "https://apkmodguru.com/buy.php?item/055000547" "Mozilla/5.0 AppleWebKit/537.36 (KHTML, like Gecko; compatible; GPTBot/1.4; +https://openai.com/gptbot)"
74.7.242.38 - - [06/Jul/2026:09:53:25 -0400] "GET /buy.php?item/100010252 HTTP/1.1" 200 19465 "https://apkmodguru.com/buy.php?item/091003079" "Mozilla/5.0 AppleWebKit/537.36 (KHTML, like Gecko; compatible; GPTBot/1.4; +https://openai.com/gptbot)"
185.191.171.15 - - [06/Jul/2026:09:53:26 -0400] "GET /?items%2FM282743893%2F HTTP/1.1" 200 0 "-" "Mozilla/5.0 (compatible; SemrushBot/7~bl; +http://www.semrush.com/bot.html)"
74.7.242.38 - - [06/Jul/2026:09:53:25 -0400] "GET /buy.php?item/097018265 HTTP/1.1" 200 19835 "https://apkmodguru.com/buy.php?item/091003079" "Mozilla/5.0 AppleWebKit/537.36 (KHTML, like Gecko; compatible; GPTBot/1.4; +https://openai.com/gptbot)"
74.7.242.38 - - [06/Jul/2026:09:53:31 -0400] "GET /buy.php?item/273047685 HTTP/1.1" 200 19555 "https://apkmodguru.com/buy.php?item/165042731" "Mozilla/5.0 AppleWebKit/537.36 (KHTML, like Gecko; compatible; GPTBot/1.4; +https://openai.com/gptbot)"
74.7.242.38 - - [06/Jul/2026:09:53:32 -0400] "GET /buy.php?item/245018537 HTTP/1.1" 200 20121 "https://apkmodguru.com/buy.php?item/182043506" "Mozilla/5.0 AppleWebKit/537.36 (KHTML, like Gecko; compatible; GPTBot/1.4; +https://openai.com/gptbot)"
192.178.6.102 - - [06/Jul/2026:09:53:35 -0400] "GET /index.php?items/I722044818/ HTTP/1.1" 200 19869 "-" "Mozilla/5.0 (Linux; Android 6.0.1; Nexus 5X Build/MMB29P) AppleWebKit/537.36 (KHTML, like Gecko) Chrome/150.0.7871.46 Mobile Safari/537.36 (compatible; Googlebot/2.1; +http://www.google.com/bot.html)"
74.7.242.38 - - [06/Jul/2026:09:53:33 -0400] "GET /buy.php?item/217003569 HTTP/1.1" 200 19511 "https://apkmodguru.com/buy.php?item/287037641" "Mozilla/5.0 AppleWebKit/537.36 (KHTML, like Gecko; compatible; GPTBot/1.4; +https://openai.com/gptbot)"
74.7.242.38 - - [06/Jul/2026:09:53:38 -0400] "GET /buy.php?item/287044457 HTTP/1.1" 200 19701 "https://apkmodguru.com/buy.php?item/287037641" "Mozilla/5.0 AppleWebKit/537.36 (KHTML, like Gecko; compatible; GPTBot/1.4; +https://openai.com/gptbot)"
74.7.242.38 - - [06/Jul/2026:09:53:39 -0400] "GET /buy.php?item/263000999 HTTP/1.1" 200 19521 "https://apkmodguru.com/buy.php?item/263042759" "Mozilla/5.0 AppleWebKit/537.36 (KHTML, like Gecko; compatible; GPTBot/1.4; +https://openai.com/gptbot)"
85.208.96.202 - - [06/Jul/2026:09:53:41 -0400] "GET /?items%2FT19987226756%2F HTTP/1.1" 200 0 "-" "Mozilla/5.0 (compatible; SemrushBot/7~bl; +http://www.semrush.com/bot.html)"
74.7.242.38 - - [06/Jul/2026:09:53:39 -0400] "GET /buy.php?item/263000997 HTTP/1.1" 200 20 "https://apkmodguru.com/buy.php?item/263042759" "Mozilla/5.0 AppleWebKit/537.36 (KHTML, like Gecko; compatible; GPTBot/1.4; +https://openai.com/gptbot)"
185.191.171.3 - - [06/Jul/2026:09:53:59 -0400] "GET /?items%2FW30104229044%2F HTTP/1.1" 200 0 "-" "Mozilla/5.0 (compatible; SemrushBot/7~bl; +http://www.semrush.com/bot.html)"
74.7.242.38 - - [06/Jul/2026:09:53:59 -0400] "GET /buy.php?item/287044459 HTTP/1.1" 200 20571 "https://apkmodguru.com/buy.php?item/287037641" "Mozilla/5.0 AppleWebKit/537.36 (KHTML, like Gecko; compatible; GPTBot/1.4; +https://openai.com/gptbot)"
66.249.77.34 - - [06/Jul/2026:09:54:21 -0400] "GET /items/R761142314/ HTTP/1.1" 200 19502 "-" "Mozilla/5.0 (Linux; Android 6.0.1; Nexus 5X Build/MMB29P) AppleWebKit/537.36 (KHTML, like Gecko) Chrome/150.0.7871.46 Mobile Safari/537.36 (compatible; Googlebot/2.1; +http://www.google.com/bot.html)"
74.7.242.38 - - [06/Jul/2026:09:54:03 -0400] "GET /buy.php?item/109042867 HTTP/1.1" 200 20 "https://apkmodguru.com/buy.php?item/120003760" "Mozilla/5.0 AppleWebKit/537.36 (KHTML, like Gecko; compatible; GPTBot/1.4; +https://openai.com/gptbot)"
74.7.242.38 - - [06/Jul/2026:09:54:23 -0400] "GET /buy.php?item/287015695 HTTP/1.1" 200 19848 "https://apkmodguru.com/buy.php?item/287043919" "Mozilla/5.0 AppleWebKit/537.36 (KHTML, like Gecko; compatible; GPTBot/1.4; +https://openai.com/gptbot)"
74.7.242.38 - - [06/Jul/2026:09:54:23 -0400] "GET /buy.php?item/247041365 HTTP/1.1" 200 19833 "https://apkmodguru.com/buy.php?item/247015381" "Mozilla/5.0 AppleWebKit/537.36 (KHTML, like Gecko; compatible; GPTBot/1.4; +https://openai.com/gptbot)"
192.178.6.103 - - [06/Jul/2026:09:54:24 -0400] "GET /items/L012060944/ HTTP/1.1" 200 20013 "-" "Mozilla/5.0 (Linux; Android 6.0.1; Nexus 5X Build/MMB29P) AppleWebKit/537.36 (KHTML, like Gecko) Chrome/150.0.7871.46 Mobile Safari/537.36 (compatible; Googlebot/2.1; +http://www.google.com/bot.html)"
74.7.242.38 - - [06/Jul/2026:09:54:24 -0400] "GET /buy.php?item/100010248 HTTP/1.1" 200 19585 "https://apkmodguru.com/buy.php?item/100010252" "Mozilla/5.0 AppleWebKit/537.36 (KHTML, like Gecko; compatible; GPTBot/1.4; +https://openai.com/gptbot)"
74.7.242.38 - - [06/Jul/2026:09:54:25 -0400] "GET /buy.php?item/100010250 HTTP/1.1" 200 19554 "https://apkmodguru.com/buy.php?item/100010252" "Mozilla/5.0 AppleWebKit/537.36 (KHTML, like Gecko; compatible; GPTBot/1.4; +https://openai.com/gptbot)"
74.7.242.38 - - [06/Jul/2026:09:54:26 -0400] "GET /buy.php?item/200014514 HTTP/1.1" 200 19303 "https://apkmodguru.com/buy.php?item/228005042" "Mozilla/5.0 AppleWebKit/537.36 (KHTML, like Gecko; compatible; GPTBot/1.4; +https://openai.com/gptbot)"
74.7.242.38 - - [06/Jul/2026:09:54:27 -0400] "GET /buy.php?item/040039544 HTTP/1.1" 200 19583 "https://apkmodguru.com/buy.php?item/228005042" "Mozilla/5.0 AppleWebKit/537.36 (KHTML, like Gecko; compatible; GPTBot/1.4; +https://openai.com/gptbot)"
74.7.242.38 - - [06/Jul/2026:09:54:28 -0400] "GET /buy.php?item/040017220 HTTP/1.1" 200 19255 "https://apkmodguru.com/buy.php?item/040001196" "Mozilla/5.0 AppleWebKit/537.36 (KHTML, like Gecko; compatible; GPTBot/1.4; +https://openai.com/gptbot)"
85.208.96.205 - - [06/Jul/2026:09:54:42 -0400] "GET /?items%2FO42394195417%2F HTTP/1.1" 200 0 "-" "Mozilla/5.0 (compatible; SemrushBot/7~bl; +http://www.semrush.com/bot.html)"
185.191.171.15 - - [06/Jul/2026:09:54:43 -0400] "GET /?items%2FF47455152618%2F HTTP/1.1" 200 0 "-" "Mozilla/5.0 (compatible; SemrushBot/7~bl; +http://www.semrush.com/bot.html)"
74.7.242.38 - - [06/Jul/2026:09:54:29 -0400] "GET /buy.php?item/287016793 HTTP/1.1" 200 20 "https://apkmodguru.com/buy.php?item/287044457" "Mozilla/5.0 AppleWebKit/537.36 (KHTML, like Gecko; compatible; GPTBot/1.4; +https://openai.com/gptbot)"
74.7.242.38 - - [06/Jul/2026:09:54:49 -0400] "GET /buy.php?item/201047859 HTTP/1.1" 200 20577 "https://apkmodguru.com/buy.php?item/200048930" "Mozilla/5.0 AppleWebKit/537.36 (KHTML, like Gecko; compatible; GPTBot/1.4; +https://openai.com/gptbot)"
74.7.242.38 - - [06/Jul/2026:09:54:52 -0400] "GET /buy.php?item/196003854 HTTP/1.1" 200 19218 "https://apkmodguru.com/buy.php?item/287044459" "Mozilla/5.0 AppleWebKit/537.36 (KHTML, like Gecko; compatible; GPTBot/1.4; +https://openai.com/gptbot)"
74.7.242.38 - - [06/Jul/2026:09:54:52 -0400] "GET /buy.php?item/128036724 HTTP/1.1" 200 19607 "https://apkmodguru.com/buy.php?m21148011620" "Mozilla/5.0 AppleWebKit/537.36 (KHTML, like Gecko; compatible; GPTBot/1.4; +https://openai.com/gptbot)"
74.7.242.38 - - [06/Jul/2026:09:54:53 -0400] "GET /buy.php?item/259008631 HTTP/1.1" 200 20252 "https://apkmodguru.com/buy.php?item/040004742" "Mozilla/5.0 AppleWebKit/537.36 (KHTML, like Gecko; compatible; GPTBot/1.4; +https://openai.com/gptbot)"
74.7.242.38 - - [06/Jul/2026:09:54:54 -0400] "GET /buy.php?item/273044865 HTTP/1.1" 200 19333 "https://apkmodguru.com/buy.php?item/218001410" "Mozilla/5.0 AppleWebKit/537.36 (KHTML, like Gecko; compatible; GPTBot/1.4; +https://openai.com/gptbot)"
185.191.171.12 - - [06/Jul/2026:09:54:55 -0400] "GET /?items%2FF4745589154%2F HTTP/1.1" 200 0 "-" "Mozilla/5.0 (compatible; SemrushBot/7~bl; +http://www.semrush.com/bot.html)"
74.7.242.38 - - [06/Jul/2026:09:54:54 -0400] "GET /buy.php?item/100010254 HTTP/1.1" 200 19650 "https://apkmodguru.com/buy.php?item/100010248" "Mozilla/5.0 AppleWebKit/537.36 (KHTML, like Gecko; compatible; GPTBot/1.4; +https://openai.com/gptbot)"
85.208.96.200 - - [06/Jul/2026:09:54:58 -0400] "GET /?items%2FO8771280542%2F HTTP/1.1" 200 0 "-" "Mozilla/5.0 (compatible; SemrushBot/7~bl; +http://www.semrush.com/bot.html)"
74.7.242.38 - - [06/Jul/2026:09:54:57 -0400] "GET /buy.php?item/100010246 HTTP/1.1" 200 20548 "https://apkmodguru.com/buy.php?item/100010250" "Mozilla/5.0 AppleWebKit/537.36 (KHTML, like Gecko; compatible; GPTBot/1.4; +https://openai.com/gptbot)"
74.7.242.38 - - [06/Jul/2026:09:55:02 -0400] "GET /buy.php?item/200022524 HTTP/1.1" 200 19702 "https://apkmodguru.com/buy.php?item/200014514" "Mozilla/5.0 AppleWebKit/537.36 (KHTML, like Gecko; compatible; GPTBot/1.4; +https://openai.com/gptbot)"
74.7.242.38 - - [06/Jul/2026:09:55:03 -0400] "GET /buy.php?item/100010244 HTTP/1.1" 200 19522 "https://apkmodguru.com/buy.php?item/100010250" "Mozilla/5.0 AppleWebKit/537.36 (KHTML, like Gecko; compatible; GPTBot/1.4; +https://openai.com/gptbot)"
74.7.242.38 - - [06/Jul/2026:09:55:06 -0400] "GET /buy.php?item/200023666 HTTP/1.1" 200 19874 "https://apkmodguru.com/buy.php?item/200014514" "Mozilla/5.0 AppleWebKit/537.36 (KHTML, like Gecko; compatible; GPTBot/1.4; +https://openai.com/gptbot)"
74.7.242.38 - - [06/Jul/2026:09:55:06 -0400] "GET /buy.php?item/182039426 HTTP/1.1" 200 20608 "https://apkmodguru.com/buy.php?item/182000840" "Mozilla/5.0 AppleWebKit/537.36 (KHTML, like Gecko; compatible; GPTBot/1.4; +https://openai.com/gptbot)"
66.249.77.34 - - [06/Jul/2026:09:55:08 -0400] "GET /items/U661314893 HTTP/1.1" 200 20186 "-" "Mozilla/5.0 (Linux; Android 6.0.1; Nexus 5X Build/MMB29P) AppleWebKit/537.36 (KHTML, like Gecko) Chrome/150.0.7871.46 Mobile Safari/537.36 (compatible; Googlebot/2.1; +http://www.google.com/bot.html)"
185.191.171.2 - - [06/Jul/2026:09:55:09 -0400] "GET /?items%2FO68550268338%2F HTTP/1.1" 200 0 "-" "Mozilla/5.0 (compatible; SemrushBot/7~bl; +http://www.semrush.com/bot.html)"
74.7.242.38 - - [06/Jul/2026:09:55:08 -0400] "GET /buy.php?item/215038961 HTTP/1.1" 200 19962 "https://apkmodguru.com/buy.php?item/201047859" "Mozilla/5.0 AppleWebKit/537.36 (KHTML, like Gecko; compatible; GPTBot/1.4; +https://openai.com/gptbot)"
77.75.79.95 - - [06/Jul/2026:09:55:11 -0400] "GET /items/A134615193/ HTTP/1.1" 200 0 "-" "Mozilla/5.0 (compatible; SeznamBot/4.0; +https://o-seznam.cz/napoveda/vyhledavani/en/seznambot-crawler/)"
185.191.171.11 - - [06/Jul/2026:09:55:24 -0400] "GET /?items%2FG5985836337%2F HTTP/1.1" 200 0 "-" "Mozilla/5.0 (compatible; SemrushBot/7~bl; +http://www.semrush.com/bot.html)"
185.191.171.8 - - [06/Jul/2026:09:55:27 -0400] "GET /?items%2FM2827468480%2F HTTP/1.1" 200 0 "-" "Mozilla/5.0 (compatible; SemrushBot/7~bl; +http://www.semrush.com/bot.html)"
74.7.242.38 - - [06/Jul/2026:09:55:10 -0400] "GET /buy.php?item/196003852 HTTP/1.1" 200 20 "https://apkmodguru.com/buy.php?item/196003854" "Mozilla/5.0 AppleWebKit/537.36 (KHTML, like Gecko; compatible; GPTBot/1.4; +https://openai.com/gptbot)"
185.191.171.19 - - [06/Jul/2026:09:55:32 -0400] "GET /?items%2FD55487138941%2F HTTP/1.1" 200 0 "-" "Mozilla/5.0 (compatible; SemrushBot/7~bl; +http://www.semrush.com/bot.html)"
185.191.171.2 - - [06/Jul/2026:09:55:40 -0400] "GET /?items%2FO4239474438%2F HTTP/1.1" 200 0 "-" "Mozilla/5.0 (compatible; SemrushBot/7~bl; +http://www.semrush.com/bot.html)"
74.7.242.38 - - [06/Jul/2026:09:55:30 -0400] "GET /buy.php?item/271038591 HTTP/1.1" 200 20 "https://apkmodguru.com/buy.php?item/271038561" "Mozilla/5.0 AppleWebKit/537.36 (KHTML, like Gecko; compatible; GPTBot/1.4; +https://openai.com/gptbot)"
74.7.242.38 - - [06/Jul/2026:09:55:49 -0400] "GET /buy.php?item/105036849 HTTP/1.1" 200 20327 "https://apkmodguru.com/buy.php?item/111014355" "Mozilla/5.0 AppleWebKit/537.36 (KHTML, like Gecko; compatible; GPTBot/1.4; +https://openai.com/gptbot)"
192.178.6.104 - - [06/Jul/2026:09:55:54 -0400] "GET /items/I934111237/ HTTP/1.1" 200 18703 "-" "Mozilla/5.0 (Linux; Android 6.0.1; Nexus 5X Build/MMB29P) AppleWebKit/537.36 (KHTML, like Gecko) Chrome/150.0.7871.46 Mobile Safari/537.36 (compatible; Googlebot/2.1; +http://www.google.com/bot.html)"
185.191.171.12 - - [06/Jul/2026:09:55:55 -0400] "GET /?items%2FO8771291053%2F HTTP/1.1" 200 0 "-" "Mozilla/5.0 (compatible; SemrushBot/7~bl; +http://www.semrush.com/bot.html)"
74.7.242.38 - - [06/Jul/2026:09:55:50 -0400] "GET /buy.php?item/103026947 HTTP/1.1" 200 20 "https://apkmodguru.com/buy.php?item/300005512" "Mozilla/5.0 AppleWebKit/537.36 (KHTML, like Gecko; compatible; GPTBot/1.4; +https://openai.com/gptbot)"
85.208.96.210 - - [06/Jul/2026:09:56:10 -0400] "GET /?items%2FF4745568969%2F HTTP/1.1" 200 0 "-" "Mozilla/5.0 (compatible; SemrushBot/7~bl; +http://www.semrush.com/bot.html)"
74.7.242.38 - - [06/Jul/2026:09:56:10 -0400] "GET /buy.php?item/172045086 HTTP/1.1" 200 20326 "https://apkmodguru.com/buy.php?item/222016806" "Mozilla/5.0 AppleWebKit/537.36 (KHTML, like Gecko; compatible; GPTBot/1.4; +https://openai.com/gptbot)"
74.7.242.38 - - [06/Jul/2026:09:56:11 -0400] "GET /buy.php?item/287015969 HTTP/1.1" 200 19780 "https://apkmodguru.com/buy.php?item/200034420" "Mozilla/5.0 AppleWebKit/537.36 (KHTML, like Gecko; compatible; GPTBot/1.4; +https://openai.com/gptbot)"
74.7.242.38 - - [06/Jul/2026:09:56:11 -0400] "GET /buy.php?item/200005708 HTTP/1.1" 200 19429 "https://apkmodguru.com/buy.php?item/200022524" "Mozilla/5.0 AppleWebKit/537.36 (KHTML, like Gecko; compatible; GPTBot/1.4; +https://openai.com/gptbot)"
74.7.242.38 - - [06/Jul/2026:09:56:12 -0400] "GET /buy.php?item/200005710 HTTP/1.1" 200 19343 "https://apkmodguru.com/buy.php?item/200022524" "Mozilla/5.0 AppleWebKit/537.36 (KHTML, like Gecko; compatible; GPTBot/1.4; +https://openai.com/gptbot)"
74.7.242.38 - - [06/Jul/2026:09:56:15 -0400] "GET /buy.php?item/200026680 HTTP/1.1" 200 19000 "https://apkmodguru.com/buy.php?item/200023666" "Mozilla/5.0 AppleWebKit/537.36 (KHTML, like Gecko; compatible; GPTBot/1.4; +https://openai.com/gptbot)"
74.7.242.38 - - [06/Jul/2026:09:56:15 -0400] "GET /buy.php?item/163043975 HTTP/1.1" 200 20680 "https://apkmodguru.com/buy.php?item/100028464" "Mozilla/5.0 AppleWebKit/537.36 (KHTML, like Gecko; compatible; GPTBot/1.4; +https://openai.com/gptbot)"
85.208.96.207 - - [06/Jul/2026:09:56:17 -0400] "GET /?items%2FG5985887763%2F HTTP/1.1" 200 0 "-" "Mozilla/5.0 (compatible; SemrushBot/7~bl; +http://www.semrush.com/bot.html)"
74.7.242.38 - - [06/Jul/2026:09:56:16 -0400] "GET /buy.php?item/215046373 HTTP/1.1" 200 20361 "https://apkmodguru.com/buy.php?item/215038961" "Mozilla/5.0 AppleWebKit/537.36 (KHTML, like Gecko; compatible; GPTBot/1.4; +https://openai.com/gptbot)"
74.7.242.38 - - [06/Jul/2026:09:56:18 -0400] "GET /buy.php?item/132049748 HTTP/1.1" 200 19242 "https://apkmodguru.com/buy.php?item/044037900" "Mozilla/5.0 AppleWebKit/537.36 (KHTML, like Gecko; compatible; GPTBot/1.4; +https://openai.com/gptbot)"
74.7.242.38 - - [06/Jul/2026:09:56:30 -0400] "GET /buy.php?item/245032781 HTTP/1.1" 200 19821 "https://apkmodguru.com/buy.php?item/100048132" "Mozilla/5.0 AppleWebKit/537.36 (KHTML, like Gecko; compatible; GPTBot/1.4; +https://openai.com/gptbot)"
74.7.242.38 - - [06/Jul/2026:09:56:31 -0400] "GET /buy.php?item/253048149 HTTP/1.1" 200 20490 "https://apkmodguru.com/buy.php?item/253018789" "Mozilla/5.0 AppleWebKit/537.36 (KHTML, like Gecko; compatible; GPTBot/1.4; +https://openai.com/gptbot)"
74.7.242.38 - - [06/Jul/2026:09:56:31 -0400] "GET /buy.php?item/157024873 HTTP/1.1" 200 19470 "https://apkmodguru.com/buy.php?item/300049284" "Mozilla/5.0 AppleWebKit/537.36 (KHTML, like Gecko; compatible; GPTBot/1.4; +https://openai.com/gptbot)"
74.7.242.38 - - [06/Jul/2026:09:56:32 -0400] "GET /buy.php?item/172046934 HTTP/1.1" 200 20255 "https://apkmodguru.com/buy.php?item/172045086" "Mozilla/5.0 AppleWebKit/537.36 (KHTML, like Gecko; compatible; GPTBot/1.4; +https://openai.com/gptbot)"
74.7.242.38 - - [06/Jul/2026:09:56:33 -0400] "GET /buy.php?item/156021798 HTTP/1.1" 200 19378 "https://apkmodguru.com/buy.php?item/287015969" "Mozilla/5.0 AppleWebKit/537.36 (KHTML, like Gecko; compatible; GPTBot/1.4; +https://openai.com/gptbot)"
74.7.242.38 - - [06/Jul/2026:09:56:33 -0400] "GET /buy.php?item/200042118 HTTP/1.1" 200 20019 "https://apkmodguru.com/buy.php?item/200005708" "Mozilla/5.0 AppleWebKit/537.36 (KHTML, like Gecko; compatible; GPTBot/1.4; +https://openai.com/gptbot)"
74.7.242.38 - - [06/Jul/2026:09:56:34 -0400] "GET /buy.php?item/200012184 HTTP/1.1" 200 19314 "https://apkmodguru.com/buy.php?item/200005710" "Mozilla/5.0 AppleWebKit/537.36 (KHTML, like Gecko; compatible; GPTBot/1.4; +https://openai.com/gptbot)"
74.7.242.38 - - [06/Jul/2026:09:56:35 -0400] "GET /buy.php?item/200012182 HTTP/1.1" 200 19172 "https://apkmodguru.com/buy.php?item/200005710" "Mozilla/5.0 AppleWebKit/537.36 (KHTML, like Gecko; compatible; GPTBot/1.4; +https://openai.com/gptbot)"
185.191.171.15 - - [06/Jul/2026:09:56:39 -0400] "GET /?items%2FW3010468529%2F HTTP/1.1" 200 0 "-" "Mozilla/5.0 (compatible; SemrushBot/7~bl; +http://www.semrush.com/bot.html)"
74.7.242.38 - - [06/Jul/2026:09:56:36 -0400] "GET /buy.php?shopping/110041861 HTTP/1.1" 200 19750 "https://apkmodguru.com/buy.php?item/200026680" "Mozilla/5.0 AppleWebKit/537.36 (KHTML, like Gecko; compatible; GPTBot/1.4; +https://openai.com/gptbot)"
74.7.242.38 - - [06/Jul/2026:09:56:40 -0400] "GET /buy.php?item/200012186 HTTP/1.1" 200 20408 "https://apkmodguru.com/buy.php?item/200005710" "Mozilla/5.0 AppleWebKit/537.36 (KHTML, like Gecko; compatible; GPTBot/1.4; +https://openai.com/gptbot)"
85.208.96.206 - - [06/Jul/2026:09:56:43 -0400] "GET /?items%2FO87712237106%2F HTTP/1.1" 200 0 "-" "Mozilla/5.0 (compatible; SemrushBot/7~bl; +http://www.semrush.com/bot.html)"
185.191.171.3 - - [06/Jul/2026:09:56:48 -0400] "GET /?items%2FW3010455943%2F HTTP/1.1" 200 0 "-" "Mozilla/5.0 (compatible; SemrushBot/7~bl; +http://www.semrush.com/bot.html)"
74.7.242.38 - - [06/Jul/2026:09:56:41 -0400] "GET /buy.php?item/084026004 HTTP/1.1" 200 20597 "https://apkmodguru.com/buy.php?item/163043975" "Mozilla/5.0 AppleWebKit/537.36 (KHTML, like Gecko; compatible; GPTBot/1.4; +https://openai.com/gptbot)"
74.7.242.38 - - [06/Jul/2026:09:56:53 -0400] "GET /buy.php?item/245015823 HTTP/1.1" 200 19970 "https://apkmodguru.com/buy.php?item/245032781" "Mozilla/5.0 AppleWebKit/537.36 (KHTML, like Gecko; compatible; GPTBot/1.4; +https://openai.com/gptbot)"
74.7.242.38 - - [06/Jul/2026:09:56:54 -0400] "GET /buy.php?item/245015837 HTTP/1.1" 200 20123 "https://apkmodguru.com/buy.php?item/245032781" "Mozilla/5.0 AppleWebKit/537.36 (KHTML, like Gecko; compatible; GPTBot/1.4; +https://openai.com/gptbot)"
74.7.242.38 - - [06/Jul/2026:09:56:55 -0400] "GET /buy.php?item/172046936 HTTP/1.1" 200 19362 "https://apkmodguru.com/buy.php?item/172045086" "Mozilla/5.0 AppleWebKit/537.36 (KHTML, like Gecko; compatible; GPTBot/1.4; +https://openai.com/gptbot)"
74.7.242.38 - - [06/Jul/2026:09:56:56 -0400] "GET /buy.php?item/138025864 HTTP/1.1" 200 19371 "https://apkmodguru.com/buy.php?item/300000166" "Mozilla/5.0 AppleWebKit/537.36 (KHTML, like Gecko; compatible; GPTBot/1.4; +https://openai.com/gptbot)"
74.7.242.38 - - [06/Jul/2026:09:56:57 -0400] "GET /buy.php?item/198025472 HTTP/1.1" 200 20925 "https://apkmodguru.com/buy.php?item/198023768" "Mozilla/5.0 AppleWebKit/537.36 (KHTML, like Gecko; compatible; GPTBot/1.4; +https://openai.com/gptbot)"
185.191.171.8 - - [06/Jul/2026:09:57:02 -0400] "GET /?items%2FG5985865344%2F HTTP/1.1" 200 0 "-" "Mozilla/5.0 (compatible; SemrushBot/7~bl; +http://www.semrush.com/bot.html)"
74.7.242.38 - - [06/Jul/2026:09:57:00 -0400] "GET /buy.php?item/200017028 HTTP/1.1" 200 20824 "https://apkmodguru.com/buy.php?item/200042118" "Mozilla/5.0 AppleWebKit/537.36 (KHTML, like Gecko; compatible; GPTBot/1.4; +https://openai.com/gptbot)"
74.7.242.38 - - [06/Jul/2026:09:57:03 -0400] "GET /buy.php?item/172000758 HTTP/1.1" 200 19509 "https://apkmodguru.com/buy.php?item/200042118" "Mozilla/5.0 AppleWebKit/537.36 (KHTML, like Gecko; compatible; GPTBot/1.4; +https://openai.com/gptbot)"
74.7.242.38 - - [06/Jul/2026:09:57:04 -0400] "GET /buy.php?item/200039308 HTTP/1.1" 200 19487 "https://apkmodguru.com/buy.php?item/200012182" "Mozilla/5.0 AppleWebKit/537.36 (KHTML, like Gecko; compatible; GPTBot/1.4; +https://openai.com/gptbot)"
74.7.242.38 - - [06/Jul/2026:09:57:07 -0400] "GET /buy.php?item/200015340 HTTP/1.1" 200 19485 "https://apkmodguru.com/buy.php?item/200042118" "Mozilla/5.0 AppleWebKit/537.36 (KHTML, like Gecko; compatible; GPTBot/1.4; +https://openai.com/gptbot)"
74.7.242.38 - - [06/Jul/2026:09:57:12 -0400] "GET /buy.php?item/200014074 HTTP/1.1" 200 19278 "https://apkmodguru.com/buy.php?item/200012186" "Mozilla/5.0 AppleWebKit/537.36 (KHTML, like Gecko; compatible; GPTBot/1.4; +https://openai.com/gptbot)"
74.7.242.38 - - [06/Jul/2026:09:57:13 -0400] "GET /buy.php?item/200014070 HTTP/1.1" 200 20330 "https://apkmodguru.com/buy.php?item/200012186" "Mozilla/5.0 AppleWebKit/537.36 (KHTML, like Gecko; compatible; GPTBot/1.4; +https://openai.com/gptbot)"
74.7.242.38 - - [06/Jul/2026:09:57:14 -0400] "GET /buy.php?item/100034858 HTTP/1.1" 200 19284 "https://apkmodguru.com/buy.php?item/084026004" "Mozilla/5.0 AppleWebKit/537.36 (KHTML, like Gecko; compatible; GPTBot/1.4; +https://openai.com/gptbot)"
74.7.242.38 - - [06/Jul/2026:09:57:15 -0400] "GET /buy.php?m21565393569 HTTP/1.1" 200 19601 "https://apkmodguru.com/buy.php?item/245015837" "Mozilla/5.0 AppleWebKit/537.36 (KHTML, like Gecko; compatible; GPTBot/1.4; +https://openai.com/gptbot)"
74.7.242.38 - - [06/Jul/2026:09:57:16 -0400] "GET /buy.php?item/200039244 HTTP/1.1" 200 19394 "https://apkmodguru.com/buy.php?item/200012182" "Mozilla/5.0 AppleWebKit/537.36 (KHTML, like Gecko; compatible; GPTBot/1.4; +https://openai.com/gptbot)"
85.208.96.211 - - [06/Jul/2026:09:57:26 -0400] "GET /?items%2FO87712171471%2F HTTP/1.1" 200 0 "-" "Mozilla/5.0 (compatible; SemrushBot/7~bl; +http://www.semrush.com/bot.html)"
85.208.96.210 - - [06/Jul/2026:09:57:29 -0400] "GET /?items%2FM28274161505%2F HTTP/1.1" 200 0 "-" "Mozilla/5.0 (compatible; SemrushBot/7~bl; +http://www.semrush.com/bot.html)"
74.7.242.38 - - [06/Jul/2026:09:57:17 -0400] "GET /buy.php?item/253014487 HTTP/1.1" 200 19728 "https://apkmodguru.com/buy.php?item/229022207" "Mozilla/5.0 AppleWebKit/537.36 (KHTML, like Gecko; compatible; GPTBot/1.4; +https://openai.com/gptbot)"
74.7.242.38 - - [06/Jul/2026:09:57:30 -0400] "GET /buy.php?item/134005296 HTTP/1.1" 200 19855 "https://apkmodguru.com/buy.php?item/198025472" "Mozilla/5.0 AppleWebKit/537.36 (KHTML, like Gecko; compatible; GPTBot/1.4; +https://openai.com/gptbot)"
74.7.242.38 - - [06/Jul/2026:09:57:30 -0400] "GET /buy.php?item/200023670 HTTP/1.1" 200 19441 "https://apkmodguru.com/buy.php?item/200017028" "Mozilla/5.0 AppleWebKit/537.36 (KHTML, like Gecko; compatible; GPTBot/1.4; +https://openai.com/gptbot)"
74.7.242.38 - - [06/Jul/2026:09:57:31 -0400] "GET /buy.php?item/200024122 HTTP/1.1" 200 20248 "https://apkmodguru.com/buy.php?item/200017028" "Mozilla/5.0 AppleWebKit/537.36 (KHTML, like Gecko; compatible; GPTBot/1.4; +https://openai.com/gptbot)"
74.7.242.38 - - [06/Jul/2026:09:57:32 -0400] "GET /buy.php?item/290004470 HTTP/1.1" 200 19643 "https://apkmodguru.com/buy.php?item/200039308" "Mozilla/5.0 AppleWebKit/537.36 (KHTML, like Gecko; compatible; GPTBot/1.4; +https://openai.com/gptbot)"
74.7.242.38 - - [06/Jul/2026:09:57:33 -0400] "GET /buy.php?item/200040216 HTTP/1.1" 200 19762 "https://apkmodguru.com/buy.php?item/200039308" "Mozilla/5.0 AppleWebKit/537.36 (KHTML, like Gecko; compatible; GPTBot/1.4; +https://openai.com/gptbot)"
74.7.242.38 - - [06/Jul/2026:09:57:35 -0400] "GET /buy.php?item/200038274 HTTP/1.1" 200 19976 "https://apkmodguru.com/buy.php?item/200014074" "Mozilla/5.0 AppleWebKit/537.36 (KHTML, like Gecko; compatible; GPTBot/1.4; +https://openai.com/gptbot)"
74.7.242.38 - - [06/Jul/2026:09:57:35 -0400] "GET /buy.php?item/200038272 HTTP/1.1" 200 19848 "https://apkmodguru.com/buy.php?item/200014074" "Mozilla/5.0 AppleWebKit/537.36 (KHTML, like Gecko; compatible; GPTBot/1.4; +https://openai.com/gptbot)"
192.178.6.104 - - [06/Jul/2026:09:57:38 -0400] "GET /?detail/486056664 HTTP/1.1" 200 18866 "-" "Mozilla/5.0 (Linux; Android 6.0.1; Nexus 5X Build/MMB29P) AppleWebKit/537.36 (KHTML, like Gecko) Chrome/150.0.7871.46 Mobile Safari/537.36 (compatible; Googlebot/2.1; +http://www.google.com/bot.html)"
185.191.171.15 - - [06/Jul/2026:09:57:43 -0400] "GET /?items%2FO6855027864%2F HTTP/1.1" 200 0 "-" "Mozilla/5.0 (compatible; SemrushBot/7~bl; +http://www.semrush.com/bot.html)"
74.7.242.38 - - [06/Jul/2026:09:57:36 -0400] "GET /buy.php?item/010007888 HTTP/1.1" 200 20 "https://apkmodguru.com/buy.php?item/200039308" "Mozilla/5.0 AppleWebKit/537.36 (KHTML, like Gecko; compatible; GPTBot/1.4; +https://openai.com/gptbot)"
74.7.242.38 - - [06/Jul/2026:09:57:56 -0400] "GET /buy.php?item/200042120 HTTP/1.1" 200 19682 "https://apkmodguru.com/buy.php?item/200014070" "Mozilla/5.0 AppleWebKit/537.36 (KHTML, like Gecko; compatible; GPTBot/1.4; +https://openai.com/gptbot)"
74.7.242.38 - - [06/Jul/2026:09:57:57 -0400] "GET /buy.php?item/222016240 HTTP/1.1" 200 19730 "https://apkmodguru.com/buy.php?item/200039244" "Mozilla/5.0 AppleWebKit/537.36 (KHTML, like Gecko; compatible; GPTBot/1.4; +https://openai.com/gptbot)"
74.7.242.38 - - [06/Jul/2026:09:57:57 -0400] "GET /buy.php?item/200042122 HTTP/1.1" 200 20439 "https://apkmodguru.com/buy.php?item/200039244" "Mozilla/5.0 AppleWebKit/537.36 (KHTML, like Gecko; compatible; GPTBot/1.4; +https://openai.com/gptbot)"
74.7.242.38 - - [06/Jul/2026:09:57:58 -0400] "GET /buy.php?item/200024124 HTTP/1.1" 200 20552 "https://apkmodguru.com/buy.php?item/200017028" "Mozilla/5.0 AppleWebKit/537.36 (KHTML, like Gecko; compatible; GPTBot/1.4; +https://openai.com/gptbot)"
74.7.242.38 - - [06/Jul/2026:09:57:59 -0400] "GET /buy.php?item/100033070 HTTP/1.1" 200 19433 "https://apkmodguru.com/buy.php?item/100034858" "Mozilla/5.0 AppleWebKit/537.36 (KHTML, like Gecko; compatible; GPTBot/1.4; +https://openai.com/gptbot)"
74.7.242.38 - - [06/Jul/2026:09:58:00 -0400] "GET /buy.php?item/200043052 HTTP/1.1" 200 19819 "https://apkmodguru.com/buy.php?item/200024122" "Mozilla/5.0 AppleWebKit/537.36 (KHTML, like Gecko; compatible; GPTBot/1.4; +https://openai.com/gptbot)"
74.7.242.38 - - [06/Jul/2026:09:58:02 -0400] "GET /buy.php?shopping/232005169 HTTP/1.1" 200 19475 "https://apkmodguru.com/buy.php?item/290004470" "Mozilla/5.0 AppleWebKit/537.36 (KHTML, like Gecko; compatible; GPTBot/1.4; +https://openai.com/gptbot)"
74.7.242.38 - - [06/Jul/2026:09:58:03 -0400] "GET /buy.php?item/200043050 HTTP/1.1" 200 20251 "https://apkmodguru.com/buy.php?item/200024122" "Mozilla/5.0 AppleWebKit/537.36 (KHTML, like Gecko; compatible; GPTBot/1.4; +https://openai.com/gptbot)"
74.7.242.38 - - [06/Jul/2026:09:58:04 -0400] "GET /buy.php?item/044000012 HTTP/1.1" 200 19589 "https://apkmodguru.com/buy.php?m21565393569" "Mozilla/5.0 AppleWebKit/537.36 (KHTML, like Gecko; compatible; GPTBot/1.4; +https://openai.com/gptbot)"
85.208.96.209 - - [06/Jul/2026:09:58:05 -0400] "GET /?items%2FO68550194904%2F HTTP/1.1" 200 0 "-" "Mozilla/5.0 (compatible; SemrushBot/7~bl; +http://www.semrush.com/bot.html)"
74.7.242.38 - - [06/Jul/2026:09:58:05 -0400] "GET /buy.php?item/200022516 HTTP/1.1" 200 19447 "https://apkmodguru.com/buy.php?item/200038272" "Mozilla/5.0 AppleWebKit/537.36 (KHTML, like Gecko; compatible; GPTBot/1.4; +https://openai.com/gptbot)"
74.7.242.38 - - [06/Jul/2026:09:58:05 -0400] "GET /buy.php?item/200021930 HTTP/1.1" 200 19615 "https://apkmodguru.com/buy.php?item/200038272" "Mozilla/5.0 AppleWebKit/537.36 (KHTML, like Gecko; compatible; GPTBot/1.4; +https://openai.com/gptbot)"
74.7.242.38 - - [06/Jul/2026:09:58:06 -0400] "GET /buy.php?item/200004706 HTTP/1.1" 200 19857 "https://apkmodguru.com/buy.php?item/200023670" "Mozilla/5.0 AppleWebKit/537.36 (KHTML, like Gecko; compatible; GPTBot/1.4; +https://openai.com/gptbot)"
74.7.242.38 - - [06/Jul/2026:09:58:07 -0400] "GET /buy.php?item/222035068 HTTP/1.1" 200 20014 "https://apkmodguru.com/buy.php?item/222016240" "Mozilla/5.0 AppleWebKit/537.36 (KHTML, like Gecko; compatible; GPTBot/1.4; +https://openai.com/gptbot)"
66.249.77.34 - - [06/Jul/2026:09:58:13 -0400] "GET /items/R024004770/ HTTP/1.1" 200 20436 "-" "Mozilla/5.0 (Linux; Android 6.0.1; Nexus 5X Build/MMB29P) AppleWebKit/537.36 (KHTML, like Gecko) Chrome/150.0.7871.46 Mobile Safari/537.36 (compatible; Googlebot/2.1; +http://www.google.com/bot.html)"
74.7.242.38 - - [06/Jul/2026:09:58:08 -0400] "GET /buy.php?item/200015292 HTTP/1.1" 200 20 "https://apkmodguru.com/buy.php?item/200042122" "Mozilla/5.0 AppleWebKit/537.36 (KHTML, like Gecko; compatible; GPTBot/1.4; +https://openai.com/gptbot)"
74.7.242.38 - - [06/Jul/2026:09:58:28 -0400] "GET /buy.php?item/300018888 HTTP/1.1" 200 19665 "https://apkmodguru.com/buy.php?item/200039308" "Mozilla/5.0 AppleWebKit/537.36 (KHTML, like Gecko; compatible; GPTBot/1.4; +https://openai.com/gptbot)"
74.7.242.38 - - [06/Jul/2026:09:58:29 -0400] "GET /buy.php?item/218025558 HTTP/1.1" 200 20637 "https://apkmodguru.com/buy.php?item/200038274" "Mozilla/5.0 AppleWebKit/537.36 (KHTML, like Gecko; compatible; GPTBot/1.4; +https://openai.com/gptbot)"
74.7.242.38 - - [06/Jul/2026:09:58:30 -0400] "GET /buy.php?item/200018772 HTTP/1.1" 200 19841 "https://apkmodguru.com/buy.php?item/200042120" "Mozilla/5.0 AppleWebKit/537.36 (KHTML, like Gecko; compatible; GPTBot/1.4; +https://openai.com/gptbot)"
74.7.242.38 - - [06/Jul/2026:09:58:31 -0400] "GET /buy.php?item/100046862 HTTP/1.1" 200 19225 "https://apkmodguru.com/buy.php?item/100033070" "Mozilla/5.0 AppleWebKit/537.36 (KHTML, like Gecko; compatible; GPTBot/1.4; +https://openai.com/gptbot)"
74.7.242.38 - - [06/Jul/2026:09:58:32 -0400] "GET /buy.php?item/025042595 HTTP/1.1" 200 19411 "https://apkmodguru.com/buy.php?item/200043050" "Mozilla/5.0 AppleWebKit/537.36 (KHTML, like Gecko; compatible; GPTBot/1.4; +https://openai.com/gptbot)"
74.7.242.38 - - [06/Jul/2026:09:58:33 -0400] "GET /buy.php?item/222023854 HTTP/1.1" 200 20143 "https://apkmodguru.com/buy.php?item/222016240" "Mozilla/5.0 AppleWebKit/537.36 (KHTML, like Gecko; compatible; GPTBot/1.4; +https://openai.com/gptbot)"
74.7.242.38 - - [06/Jul/2026:09:58:33 -0400] "GET /buy.php?item/200010632 HTTP/1.1" 200 19400 "https://apkmodguru.com/buy.php?item/200022516" "Mozilla/5.0 AppleWebKit/537.36 (KHTML, like Gecko; compatible; GPTBot/1.4; +https://openai.com/gptbot)"
74.7.242.38 - - [06/Jul/2026:09:58:34 -0400] "GET /buy.php?item/200022518 HTTP/1.1" 200 19662 "https://apkmodguru.com/buy.php?item/200021930" "Mozilla/5.0 AppleWebKit/537.36 (KHTML, like Gecko; compatible; GPTBot/1.4; +https://openai.com/gptbot)"
74.7.242.38 - - [06/Jul/2026:09:58:35 -0400] "GET /buy.php?item/200010630 HTTP/1.1" 200 19013 "https://apkmodguru.com/buy.php?item/200022516" "Mozilla/5.0 AppleWebKit/537.36 (KHTML, like Gecko; compatible; GPTBot/1.4; +https://openai.com/gptbot)"
192.178.6.103 - - [06/Jul/2026:09:58:37 -0400] "GET /index.php?items/J304039793 HTTP/1.1" 200 19219 "-" "Mozilla/5.0 (Linux; Android 6.0.1; Nexus 5X Build/MMB29P) AppleWebKit/537.36 (KHTML, like Gecko) Chrome/150.0.7871.46 Mobile Safari/537.36 (compatible; Googlebot/2.1; +http://www.google.com/bot.html)"
74.7.242.38 - - [06/Jul/2026:09:58:36 -0400] "GET /buy.php?item/200012180 HTTP/1.1" 200 20101 "https://apkmodguru.com/buy.php?item/200022516" "Mozilla/5.0 AppleWebKit/537.36 (KHTML, like Gecko; compatible; GPTBot/1.4; +https://openai.com/gptbot)"
74.7.242.38 - - [06/Jul/2026:09:58:39 -0400] "GET /buy.php?item/222046336 HTTP/1.1" 200 19413 "https://apkmodguru.com/buy.php?item/222016240" "Mozilla/5.0 AppleWebKit/537.36 (KHTML, like Gecko; compatible; GPTBot/1.4; +https://openai.com/gptbot)"
74.7.242.38 - - [06/Jul/2026:09:58:39 -0400] "GET /buy.php?item/300008766 HTTP/1.1" 200 19471 "https://apkmodguru.com/buy.php?item/300018888" "Mozilla/5.0 AppleWebKit/537.36 (KHTML, like Gecko; compatible; GPTBot/1.4; +https://openai.com/gptbot)"
74.7.242.38 - - [06/Jul/2026:09:58:40 -0400] "GET /buy.php?item/300008768 HTTP/1.1" 200 19970 "https://apkmodguru.com/buy.php?item/300018888" "Mozilla/5.0 AppleWebKit/537.36 (KHTML, like Gecko; compatible; GPTBot/1.4; +https://openai.com/gptbot)"
185.191.171.11 - - [06/Jul/2026:09:58:42 -0400] "GET /?items%2FJ9847164457%2F HTTP/1.1" 200 0 "-" "Mozilla/5.0 (compatible; SemrushBot/7~bl; +http://www.semrush.com/bot.html)"
85.208.96.208 - - [06/Jul/2026:09:58:43 -0400] "GET /?items%2FM2827419816%2F HTTP/1.1" 200 0 "-" "Mozilla/5.0 (compatible; SemrushBot/7~bl; +http://www.semrush.com/bot.html)"
74.7.242.38 - - [06/Jul/2026:09:58:41 -0400] "GET /buy.php?item/100043622 HTTP/1.1" 200 19467 "https://apkmodguru.com/buy.php?item/100033070" "Mozilla/5.0 AppleWebKit/537.36 (KHTML, like Gecko; compatible; GPTBot/1.4; +https://openai.com/gptbot)"
74.7.242.38 - - [06/Jul/2026:09:58:47 -0400] "GET /buy.php?item/200031624 HTTP/1.1" 200 20156 "https://apkmodguru.com/buy.php?item/200038274" "Mozilla/5.0 AppleWebKit/537.36 (KHTML, like Gecko; compatible; GPTBot/1.4; +https://openai.com/gptbot)"
74.7.242.38 - - [06/Jul/2026:09:58:53 -0400] "GET /buy.php?item/200018464 HTTP/1.1" 200 19825 "https://apkmodguru.com/buy.php?item/200042120" "Mozilla/5.0 AppleWebKit/537.36 (KHTML, like Gecko; compatible; GPTBot/1.4; +https://openai.com/gptbot)"
85.208.96.204 - - [06/Jul/2026:09:58:55 -0400] "GET /?items%2FT19987216237%2F HTTP/1.1" 200 0 "-" "Mozilla/5.0 (compatible; SemrushBot/7~bl; +http://www.semrush.com/bot.html)"
74.7.242.38 - - [06/Jul/2026:09:58:54 -0400] "GET /buy.php?item/290008976 HTTP/1.1" 200 20449 "https://apkmodguru.com/buy.php?item/290004470" "Mozilla/5.0 AppleWebKit/537.36 (KHTML, like Gecko; compatible; GPTBot/1.4; +https://openai.com/gptbot)"
74.7.242.38 - - [06/Jul/2026:09:58:56 -0400] "GET /buy.php?item/200008854 HTTP/1.1" 200 20464 "https://apkmodguru.com/buy.php?item/200010632" "Mozilla/5.0 AppleWebKit/537.36 (KHTML, like Gecko; compatible; GPTBot/1.4; +https://openai.com/gptbot)"
74.7.242.38 - - [06/Jul/2026:09:58:57 -0400] "GET /buy.php?item/200008856 HTTP/1.1" 200 19833 "https://apkmodguru.com/buy.php?item/200010632" "Mozilla/5.0 AppleWebKit/537.36 (KHTML, like Gecko; compatible; GPTBot/1.4; +https://openai.com/gptbot)"
74.7.242.38 - - [06/Jul/2026:09:58:58 -0400] "GET /buy.php?item/200043338 HTTP/1.1" 200 20030 "https://apkmodguru.com/buy.php?item/200010630" "Mozilla/5.0 AppleWebKit/537.36 (KHTML, like Gecko; compatible; GPTBot/1.4; +https://openai.com/gptbot)"
74.7.242.38 - - [06/Jul/2026:09:59:00 -0400] "GET /buy.php?item/200043340 HTTP/1.1" 200 20437 "https://apkmodguru.com/buy.php?item/200010630" "Mozilla/5.0 AppleWebKit/537.36 (KHTML, like Gecko; compatible; GPTBot/1.4; +https://openai.com/gptbot)"
85.208.96.211 - - [06/Jul/2026:09:59:08 -0400] "GET /?items%2FJ9847177006%2F HTTP/1.1" 200 0 "-" "Mozilla/5.0 (compatible; SemrushBot/7~bl; +http://www.semrush.com/bot.html)"
74.7.242.38 - - [06/Jul/2026:09:59:05 -0400] "GET /buy.php?item/200018966 HTTP/1.1" 200 19366 "https://apkmodguru.com/buy.php?item/200012180" "Mozilla/5.0 AppleWebKit/537.36 (KHTML, like Gecko; compatible; GPTBot/1.4; +https://openai.com/gptbot)"
74.7.242.38 - - [06/Jul/2026:09:59:13 -0400] "GET /buy.php?item/300008770 HTTP/1.1" 200 19809 "https://apkmodguru.com/buy.php?item/300008766" "Mozilla/5.0 AppleWebKit/537.36 (KHTML, like Gecko; compatible; GPTBot/1.4; +https://openai.com/gptbot)"
74.7.242.38 - - [06/Jul/2026:09:59:21 -0400] "GET /buy.php?item/300018884 HTTP/1.1" 200 19721 "https://apkmodguru.com/buy.php?item/300008768" "Mozilla/5.0 AppleWebKit/537.36 (KHTML, like Gecko; compatible; GPTBot/1.4; +https://openai.com/gptbot)"
74.7.242.38 - - [06/Jul/2026:09:59:22 -0400] "GET /buy.php?item/100033068 HTTP/1.1" 200 19457 "https://apkmodguru.com/buy.php?item/100043622" "Mozilla/5.0 AppleWebKit/537.36 (KHTML, like Gecko; compatible; GPTBot/1.4; +https://openai.com/gptbot)"
74.7.242.38 - - [06/Jul/2026:09:59:23 -0400] "GET /buy.php?item/100034844 HTTP/1.1" 200 19376 "https://apkmodguru.com/buy.php?item/100043622" "Mozilla/5.0 AppleWebKit/537.36 (KHTML, like Gecko; compatible; GPTBot/1.4; +https://openai.com/gptbot)"
